000
CXUS54 KHGX 012356
CF6HOU
PRELIMINARY LOCAL CLIMATOLOGICAL DATA (WS FORM: F-6)

                                          STATION:   HOUSTON/HOBBY AIRPORT
                                          MONTH:     JULY
                                          YEAR:      2019
                                          LATITUDE:   29 38 N
                                          LONGITUDE:  95 17 W

  TEMPERATURE IN F:       :PCPN:    SNOW:  WIND      :SUNSHINE: SKY     :PK WND
================================================================================
1   2   3   4   5  6A  6B    7    8   9   10  11  12  13   14  15   16   17  18
                                     12Z  AVG MX 2MIN
DY MAX MIN AVG DEP HDD CDD  WTR  SNW DPTH SPD SPD DIR MIN PSBL S-S WX    SPD DR
================================================================================

 1  93  75  84   1   0  19 0.00  0.0    0  6.5 17 160   M    M   6        25 160
 2  91  76  84   1   0  19 0.28  0.0    0  5.8 16 140   M    M   8 13     20 140
 3  88  75  82  -1   0  17    T  0.0    0  6.8 20 150   M    M   7 3      23 160
 4  91  80  86   3   0  21 0.00  0.0    0 10.0 20 170   M    M   8 38     24 170
 5  94  78  86   3   0  21 0.00  0.0    0  7.7 15 150   M    M   5        18 180
 6  95  76  86   2   0  21 0.00  0.0    0  5.1 14 160   M    M   4        16 160
 7  96  77  87   3   0  22 0.00  0.0    0  6.2 21 140   M    M   5 3      26 130
 8  96  79  88   4   0  23 0.00  0.0    0  7.3 17 190   M    M   4 3      22 200
 9  96  79  88   4   0  23 0.00  0.0    0  8.2 16 200   M    M   4        25 190
10  97  79  88   4   0  23 0.00  0.0    0  5.7 16 130   M    M   4        19 140
11  97  79  88   4   0  23 0.00  0.0    0  8.5 14  10   M    M   7 3      18 360
12  98  83  91   7   0  26 0.00  0.0    0 13.0 21  10   M    M   6 8      29  20
13  93  78  86   2   0  21 0.02  0.0    0 12.1 25 360   M    M   8 138    33 350
14  92  78  85   1   0  20 0.00  0.0    0  7.3 18 180   M    M   8 1      22 170
15  94  81  88   4   0  23    T  0.0    0 10.6 23 180   M    M   8 138    28 160
16  94  81  88   4   0  23 0.00  0.0    0  9.6 20 160   M    M   5        24 170
17  95  80  88   4   0  23    T  0.0    0 10.1 21 160   M    M   3        28 180
18  94  79  87   3   0  22    T  0.0    0  9.8 18 150   M    M   3        24 170
19  95  79  87   3   0  22 0.00  0.0    0  9.3 21 150   M    M   3        25 150
20  95  79  87   3   0  22 0.00  0.0    0  8.5 20 170   M    M   7        24 170
21  94  80  87   3   0  22    T  0.0    0  6.4 17 160   M    M   7 3      22  80
22  90  80  85   1   0  20    T  0.0    0  4.6 10 180   M    M   9 3      13 200
23  89  79  84   0   0  19 0.07  0.0    0 10.9 17  10   M    M   8 1      25  20
24  90  72  81  -3   0  16 0.00  0.0    0 10.9 18  50   M    M   1        24  20
25  91  70  81  -3   0  16 0.00  0.0    0  6.7 15  50   M    M   2        19  40
26  94  72  83  -1   0  18 0.00  0.0    0  9.0 20 120   M    M   4        24 120
27  95  79  87   3   0  22 0.00  0.0    0  8.8 22 170   M    M   5 3      27 180
28  90  78  84   0   0  19    T  0.0    0  8.6 29 210   M    M   5 3      33 190
29  95  78  87   3   0  22 0.00  0.0    0  9.0 20 220   M    M   4 3      24 230
30  98  75  87   3   0  22    T  0.0    0  8.0 35 130   M    M   8 3      43 130
31  94  77  86   2   0  21 0.01  0.0    0  5.5 20 130   M    M   4 3      23 130
================================================================================
SM 2904 2411         0 651  0.38     0.0 256.5          M      170
================================================================================
AV 93.7 77.8                               8.3 FASTST   M    M   5    MAX(MPH)
                                 MISC ---->  # 35 130               # 43  130
================================================================================
NOTES:
# LAST OF SEVERAL OCCURRENCES

COLUMN 17 PEAK WIND IN M.P.H.

PRELIMINARY LOCAL CLIMATOLOGICAL DATA (WS FORM: F-6) , PAGE 2

                                          STATION:  HOUSTON/HOBBY AIRPORT
                                          MONTH:    JULY
                                          YEAR:     2019
                                          LATITUDE:   29 38 N
                                          LONGITUDE:  95 17 W

[TEMPERATURE DATA]      [PRECIPITATION DATA]       SYMBOLS USED IN COLUMN 16

AVERAGE MONTHLY: 85.7   TOTAL FOR MONTH:   0.38    1 = FOG OR MIST
DPTR FM NORMAL:   1.9   DPTR FM NORMAL:   -4.28    2 = FOG REDUCING VISIBILITY
HIGHEST:    98 ON 30,12 GRTST 24HR  0.28 ON  2- 2      TO 1/4 MILE OR LESS
LOWEST:     70 ON 25                               3 = THUNDER
                        SNOW, ICE PELLETS, HAIL    4 = ICE PELLETS
                        TOTAL MONTH:   0.0 INCH    5 = HAIL
                        GRTST 24HR     0.0         6 = FREEZING RAIN OR DRIZZLE
                        GRTST DEPTH:   0           7 = DUSTSTORM OR SANDSTORM:
                                                       VSBY 1/2 MILE OR LESS
                                                   8 = SMOKE OR HAZE
[NO. OF DAYS WITH]      [WEATHER - DAYS WITH]      9 = BLOWING SNOW
                                                   X = TORNADO
MAX 32 OR BELOW:   0    0.01 INCH OR MORE:   4
MAX 90 OR ABOVE:  29    0.10 INCH OR MORE:   1
MIN 32 OR BELOW:   0    0.50 INCH OR MORE:   0
MIN  0 OR BELOW:   0    1.00 INCH OR MORE:   0

[HDD (BASE 65) ]
TOTAL THIS MO.     0    CLEAR  (SCALE 0-3)   3
DPTR FM NORMAL     0    PTCLDY (SCALE 4-7)  27
TOTAL FM JUL 1     0    CLOUDY (SCALE 8-10)  1
DPTR FM NORMAL     0

[CDD (BASE 65) ]
TOTAL THIS MO.   651
DPTR FM NORMAL    68    [PRESSURE DATA]
TOTAL FM JAN 1  1980    HIGHEST SLP 30.15 ON 28
DPTR FM NORMAL   233    LOWEST  SLP 29.70 ON 13

[REMARKS]
#FINAL-07-19#
