000
CXUS54 KHGX 010719
CF6HOU
PRELIMINARY LOCAL CLIMATOLOGICAL DATA (WS FORM: F-6)

                                          STATION:   HOUSTON/HOBBY AIRPORT
                                          MONTH:     MARCH
                                          YEAR:      2020
                                          LATITUDE:   29 38 N
                                          LONGITUDE:  95 17 W

  TEMPERATURE IN F:       :PCPN:    SNOW:  WIND      :SUNSHINE: SKY     :PK WND
================================================================================
1   2   3   4   5  6A  6B    7    8   9   10  11  12  13   14  15   16   17  18
                                     12Z  AVG MX 2MIN
DY MAX MIN AVG DEP HDD CDD  WTR  SNW DPTH SPD SPD DIR MIN PSBL S-S WX    SPD DR
================================================================================

 1  71  60  66   6   0   1 0.02  0.0    0 12.3 25 180   M    M   9        33 190
 2  80  64  72  12   0   7 0.00  0.0    0  9.4 20 160   M    M   9 18     24 180
 3  80  69  75  14   0  10    T  0.0    0  6.6 26 120   M    M  10 1      33 120
 4  79  59  69   8   0   4 0.03  0.0    0 10.8 29 330   M    M  10 1      34 330
 5  75  57  66   5   0   1 0.00  0.0    0 12.9 22 350   M    M   6        34  10
 6  74  52  63   2   2   0 0.00  0.0    0  9.4 23  50   M    M   4        29  50
 7  62  50  56  -6   9   0 0.00  0.0    0  9.0 18  90   M    M   7        24 100
 8  72  50  61  -1   4   0 0.00  0.0    0 13.1 23 110   M    M   5        28 110
 9  74  63  69   7   0   4 0.01  0.0    0 11.4 20 170   M    M   9        26 180
10  82  66  74  12   0   9 0.00  0.0    0  6.0 18 170   M    M   8 1      22 160
11  83  62  73  11   0   8 0.00  0.0    0  8.9 18 190   M    M   7 12     22 200
12  84  69  77  15   0  12 0.00  0.0    0 12.3 23 190   M    M   8        29 200
13  82  71  77  14   0  12    T  0.0    0 11.1 20 160   M    M   9        26 140
14  81  72  77  14   0  12    T  0.0    0 11.3 20 130   M    M   9        24 170
15  83  67  75  12   0  10    T  0.0    0  7.9 16 130   M    M   8 1      20 120
16  76  66  71   8   0   6 0.01  0.0    0  7.0 21 120   M    M  10 18     25 140
17  84  70  77  13   0  12 0.00  0.0    0 10.1 21 160   M    M   8 1      27 150
18  84  71  78  14   0  13 0.00  0.0    0 13.0 20 160   M    M   8        26 150
19  85  74  80  16   0  15 0.00  0.0    0 14.8 25 170   M    M   8        31 160
20  78  58  68   4   0   3 0.25  0.0    0 11.0 21  30   M    M  10 1      28  20
21  63  57  60  -4   5   0 0.13  0.0    0 11.4 18  40   M    M  10 1      24  40
22  80  61  71   6   0   6 0.02  0.0    0 10.3 22 180   M    M   9 18     26 180
23  86  70  78  13   0  13 0.00  0.0    0 11.4 22 180   M    M   8 1      28 160
24  89  71  80  15   0  15 0.00  0.0    0 12.9 26 220   M    M   6        33 220
25  88  71  80  15   0  15 0.00  0.0    0  8.0 16 180   M    M   6 18     21 160
26  87  69  78  13   0  13 0.00  0.0    0 11.5 22 160   M    M   6        27 150
27  88  73  81  15   0  16 0.00  0.0    0 14.9 24 180   M    M   6        32 190
28  81  64  73   7   0   8 0.01  0.0    0 11.3 22 350   M    M   9        28 350
29  83  56  70   4   0   5 0.00  0.0    0 10.0 21  90   M    M   7        27  80
30  85  70  78  12   0  13 0.00  0.0    0 12.7 24 170   M    M   9        31 180
31  77  61  69   3   0   4 0.00  0.0    0 12.4 24 350   M    M   6        29 360
================================================================================
SM 2476 1993        20 247  0.48     0.0 335.1          M      244
================================================================================
AV 79.9 64.3                              10.8 FASTST   M    M   8    MAX(MPH)
                                 MISC ---->  # 29 330               # 34  330
================================================================================
NOTES:
# LAST OF SEVERAL OCCURRENCES

COLUMN 17 PEAK WIND IN M.P.H.

PRELIMINARY LOCAL CLIMATOLOGICAL DATA (WS FORM: F-6) , PAGE 2

                                          STATION:  HOUSTON/HOBBY AIRPORT
                                          MONTH:    MARCH
                                          YEAR:     2020
                                          LATITUDE:   29 38 N
                                          LONGITUDE:  95 17 W

[TEMPERATURE DATA]      [PRECIPITATION DATA]       SYMBOLS USED IN COLUMN 16

AVERAGE MONTHLY: 72.1   TOTAL FOR MONTH:   0.48    1 = FOG OR MIST
DPTR FM NORMAL:   8.8   DPTR FM NORMAL:   -2.72    2 = FOG REDUCING VISIBILITY
HIGHEST:    89 ON 24    GRTST 24HR  0.25 ON 20-20      TO 1/4 MILE OR LESS
LOWEST:     50 ON  8, 7                            3 = THUNDER
                        SNOW, ICE PELLETS, HAIL    4 = ICE PELLETS
                        TOTAL MONTH:   0.0 INCH    5 = HAIL
                        GRTST 24HR     0.0         6 = FREEZING RAIN OR DRIZZLE
                        GRTST DEPTH:   0           7 = DUSTSTORM OR SANDSTORM:
                                                       VSBY 1/2 MILE OR LESS
                                                   8 = SMOKE OR HAZE
[NO. OF DAYS WITH]      [WEATHER - DAYS WITH]      9 = BLOWING SNOW
                                                   X = TORNADO
MAX 32 OR BELOW:   0    0.01 INCH OR MORE:   8
MAX 90 OR ABOVE:   0    0.10 INCH OR MORE:   2
MIN 32 OR BELOW:   0    0.50 INCH OR MORE:   0
MIN  0 OR BELOW:   0    1.00 INCH OR MORE:   0

[HDD (BASE 65) ]
TOTAL THIS MO.    20    CLEAR  (SCALE 0-3)   0
DPTR FM NORMAL  -101    PTCLDY (SCALE 4-7)  15
TOTAL FM JUL 1   840    CLOUDY (SCALE 8-10) 16
DPTR FM NORMAL  -351

[CDD (BASE 65) ]
TOTAL THIS MO.   247
DPTR FM NORMAL   178    [PRESSURE DATA]
TOTAL FM JAN 1   314    HIGHEST SLP 30.51 ON  6
DPTR FM NORMAL   207    LOWEST  SLP 29.68 ON  4

[REMARKS]
#FINAL-03-20#
