000
CXUS53 KIND 011426
CF6IND
PRELIMINARY LOCAL CLIMATOLOGICAL DATA (WS FORM: F-6)
STATION: INDIANAPOLIS IN
MONTH: JANUARY
YEAR: 2021
LATITUDE: 39 43 N
LONGITUDE: 86 17 W
TEMPERATURE IN F: :PCPN: SNOW: WIND :SUNSHINE: SKY :PK WND
================================================================================
1 2 3 4 5 6A 6B 7 8 9 10 11 12 13 14 15 16 17 18
12Z AVG MX 2MIN
DY MAX MIN AVG DEP HDD CDD WTR SNW DPTH SPD SPD DIR MIN PSBL S-S WX SPD DR
================================================================================
1 43 27 35 7 30 0 0.77 0.0 0 12.9 28 240 M M 10 126 36 240
2 36 32 34 6 31 0 0.03 0.2 0 7.0 23 250 M M 10 1 31 240
3 35 31 33 5 32 0 T T 0 8.4 16 250 M M 10 1 21 250
4 44 26 35 7 30 0 0.00 0.0 0 4.8 10 180 M M 5 1 13 190
5 37 30 34 6 31 0 T T 0 9.9 20 310 M M 10 16 25 300
6 39 31 35 7 30 0 0.00 0.0 0 6.1 15 60 M M 10 19 60
7 38 33 36 8 29 0 0.00 0.0 0 11.5 20 70 M M 10 27 70
8 33 28 31 3 34 0 0.00 0.0 0 11.0 20 40 M M 10 25 30
9 31 21 26 -2 39 0 0.00 0.0 0 5.1 12 20 M M 8 16 40
10 31 20 26 -2 39 0 0.00 0.0 0 5.4 12 290 M M 10 15 220
11 27 22 25 -3 40 0 0.00 0.0 0 9.3 15 230 M M 10 18 18 240
12 42 22 32 4 33 0 0.00 0.0 0 12.1 20 230 M M 5 18 28 220
13 48 26 37 9 28 0 0.00 0.0 0 11.2 20 210 M M 5 1 24 200
14 46 30 38 10 27 0 0.01 0.0 0 10.2 22 230 M M 7 28 240
15 42 29 36 8 29 0 0.03 0.4 0 11.3 23 200 M M 8 1 30 200
16 33 21 27 -1 38 0 0.09 1.8 2 10.1 18 250 M M 10 12 23 240
17 33 29 31 3 34 0 0.05 0.5 T 10.4 20 270 M M 10 1 26 240
18 34 27 31 3 34 0 T T T 9.9 18 270 M M 9 1 24 280
19 40 21 31 3 34 0 T T T 10.1 30 260 M M 6 37 260
20 35 21 28 0 37 0 0.00 0.0 0 13.5 33 280 M M 5 44 280
21 49 29 39 11 26 0 0.00 0.0 0 14.8 24 270 M M 2 34 290
22 35 17 26 -2 39 0 0.00 0.0 0 12.7 21 310 M M 3 30 300
23 33 12 23 -5 42 0 0.00 0.0 0 6.1 13 120 M M 4 17 90
24 33 27 30 2 35 0 0.04 0.3 0 7.0 17 130 M M 10 16 23 130
25 33 30 32 4 33 0 0.30 T 0 12.0 21 70 M M 10 146 28 70
26 38 31 35 7 30 0 0.03 0.0 0 12.6 24 260 M M 10 1 29 260
27 31 21 26 -2 39 0 0.06 0.5 0 11.7 18 350 M M 10 1 24 350
28 32 16 24 -4 41 0 0.00 0.0 1 6.9 16 320 M M 4 20 300
29 35 18 27 -1 38 0 0.00 0.0 T 5.9 13 130 M M 3 17 120
30 36 26 31 2 34 0 0.48 3.6 0 15.4 24 110 M M 9 14 32 110
31 35 29 32 3 33 0 0.50 0.6 2 12.9 26 120 M M 10 1 40 120
================================================================================
SM 1137 783 1049 0 2.39 7.9 308.2 M 243
================================================================================
AV 36.7 25.3 9.9 FASTST M M 8 MAX(MPH)
MISC ----> 33 280 44 280
================================================================================
NOTES:
# LAST OF SEVERAL OCCURRENCES
COLUMN 17 PEAK WIND IN M.P.H.
PRELIMINARY LOCAL CLIMATOLOGICAL DATA (WS FORM: F-6) , PAGE 2
STATION: INDIANAPOLIS IN
MONTH: JANUARY
YEAR: 2021
LATITUDE: 39 43 N
LONGITUDE: 86 17 W
[TEMPERATURE DATA] [PRECIPITATION DATA] SYMBOLS USED IN COLUMN 16
AVERAGE MONTHLY: 31.0 TOTAL FOR MONTH: 2.39 1 = FOG OR MIST
DPTR FM NORMAL: 2.9 DPTR FM NORMAL: -0.27 2 = FOG REDUCING VISIBILITY
HIGHEST: 49 ON 21 GRTST 24HR 1.03 ON 1- 1 TO 1/4 MILE OR LESS
LOWEST: 12 ON 23 3 = THUNDER
SNOW, ICE PELLETS, HAIL 4 = ICE PELLETS
TOTAL MONTH: 7.9 INCHES 5 = HAIL
GRTST 24HR 3.6 ON 30-30 6 = FREEZING RAIN OR DRIZZLE
GRTST DEPTH: 2 ON 31,16 7 = DUSTSTORM OR SANDSTORM:
VSBY 1/2 MILE OR LESS
8 = SMOKE OR HAZE
[NO. OF DAYS WITH] [WEATHER - DAYS WITH] 9 = BLOWING SNOW
X = TORNADO
MAX 32 OR BELOW: 5 0.01 INCH OR MORE: 12
MAX 90 OR ABOVE: 0 0.10 INCH OR MORE: 4
MIN 32 OR BELOW: 30 0.50 INCH OR MORE: 2
MIN 0 OR BELOW: 0 1.00 INCH OR MORE: 0
[HDD (BASE 65) ]
TOTAL THIS MO. 1049 CLEAR (SCALE 0-3) 3
DPTR FM NORMAL -96 PTCLDY (SCALE 4-7) 9
TOTAL FM JUL 1 2859 CLOUDY (SCALE 8-10) 19
DPTR FM NORMAL -362
[CDD (BASE 65) ]
TOTAL THIS MO. 0
DPTR FM NORMAL 0 [PRESSURE DATA]
TOTAL FM JAN 1 0 HIGHEST SLP 30.66 ON 28
DPTR FM NORMAL 0 LOWEST SLP 29.50 ON 15
[REMARKS]
#FINAL-01-21#