000
CDUS42 KMLB 092016
CLILEE

CLIMATE REPORT
NATIONAL WEATHER SERVICE MELBOURNE FL
416 PM EDT SUN MAY 09 2021

...................................

...THE LEESBURG CLIMATE SUMMARY FOR MAY 9 2021...
VALID TODAY AS OF 0400 PM LOCAL TIME.

CLIMATE NORMAL PERIOD 1991 TO 2020
CLIMATE RECORD PERIOD 1958 TO 2021


WEATHER ITEM   OBSERVED TIME   RECORD YEAR NORMAL DEPARTURE LAST
                VALUE   (LST)  VALUE       VALUE  FROM      YEAR
                                                  NORMAL
...................................................................
TEMPERATURE (F)
 TODAY
  MAXIMUM         89    239 PM  96    2009  87      2       86
  MINIMUM         65    525 AM  48    1992  66     -1       66
  AVERAGE         77                        77      0       76

PRECIPITATION (IN)
  TODAY            0.00          4.34 1973   0.08  -0.08     0.00
  MONTH TO DATE    0.32                      0.60  -0.28      T
  SINCE MAR 1      7.82                      5.86   1.96     3.15
  SINCE JAN 1     12.12                     10.45   1.67     5.75

SNOWFALL (IN)
  TODAY            0.0
  MONTH TO DATE    0.0
  SINCE JUL 1      0.0

DEGREE DAYS
 HEATING
  TODAY            0                         0      0        0
  MONTH TO DATE    0                         0      0        0
  SINCE MAR 1     59                        76    -17       19
  SINCE JUL 1    568                       630    -62      343

 COOLING
  TODAY           12                        12      0       11
  MONTH TO DATE  129                        99     30       84
  SINCE MAR 1    517                       443     74      702
  SINCE JAN 1    672                       541    131      911
...................................................................


WIND (MPH)
  HIGHEST WIND SPEED    15   HIGHEST WIND DIRECTION    SE (140)
  HIGHEST GUST SPEED    22   HIGHEST GUST DIRECTION    SE (140)
  AVERAGE WIND SPEED     7.6


SKY COVER
  POSSIBLE SUNSHINE  MM
  AVERAGE SKY COVER 0.0


WEATHER CONDITIONS
THE FOLLOWING WEATHER WAS RECORDED TODAY.
  NO SIGNIFICANT WEATHER WAS OBSERVED.


RELATIVE HUMIDITY (PERCENT)
 HIGHEST    78           600 AM
 LOWEST     39          1200 PM
 AVERAGE    59

..........................................................


THE LEESBURG CLIMATE NORMALS FOR TOMORROW
                         NORMAL    RECORD    YEAR
 MAXIMUM TEMPERATURE (F)   87        96      2009
 MINIMUM TEMPERATURE (F)   66        52      1966
                                             1992


SUNRISE AND SUNSET
MAY  9 2021...........SUNRISE   640 AM EDT   SUNSET   808 PM EDT
MAY 10 2021...........SUNRISE   639 AM EDT   SUNSET   809 PM EDT


-  INDICATES NEGATIVE NUMBERS.
R  INDICATES RECORD WAS SET OR TIED.
MM INDICATES DATA IS MISSING.
T  INDICATES TRACE AMOUNT.




$$
