000
CDUS42 KMLB 232018
CLILEE

CLIMATE REPORT
NATIONAL WEATHER SERVICE MELBOURNE FL
418 PM EDT MON MAY 23 2022

...................................

...THE LEESBURG CLIMATE SUMMARY FOR MAY 23 2022...
VALID TODAY AS OF 0400 PM LOCAL TIME.

CLIMATE NORMAL PERIOD 1991 TO 2020
CLIMATE RECORD PERIOD 1958 TO 2022


WEATHER ITEM   OBSERVED TIME   RECORD YEAR NORMAL DEPARTURE LAST
                VALUE   (LST)  VALUE       VALUE  FROM      YEAR
                                                  NORMAL
...................................................................
TEMPERATURE (F)
 TODAY
  MAXIMUM         90    259 PM  96    1962  89      1       89
  MINIMUM         75    441 AM  54    1994  69      6       62
  AVERAGE         83                        79      4       76

PRECIPITATION (IN)
  TODAY            0.00          2.91 1984   0.10  -0.10     0.00
  MONTH TO DATE    8.06                      1.69   6.37     0.34
  SINCE MAR 1     16.84                      6.95   9.89     7.84
  SINCE JAN 1     18.64                     11.54   7.10    12.14

SNOWFALL (IN)
  TODAY            0.0
  MONTH TO DATE    0.0
  SINCE JUL 1      0.0

DEGREE DAYS
 HEATING
  TODAY            0                         0      0        0
  MONTH TO DATE    0                         0      0        0
  SINCE MAR 1     30                        76    -46       59
  SINCE JUL 1    443                       630   -187      568

 COOLING
  TODAY           18                        14      4       11
  MONTH TO DATE  297                       282     15      281
  SINCE MAR 1    725                       626     99      669
  SINCE JAN 1    842                       724    118      824
...................................................................


WIND (MPH)
  HIGHEST WIND SPEED    14   HIGHEST WIND DIRECTION     S (160)
  HIGHEST GUST SPEED    20   HIGHEST GUST DIRECTION     S (170)
  AVERAGE WIND SPEED     7.6


SKY COVER
  POSSIBLE SUNSHINE  MM
  AVERAGE SKY COVER 0.1


WEATHER CONDITIONS
THE FOLLOWING WEATHER WAS RECORDED TODAY.
  NO SIGNIFICANT WEATHER WAS OBSERVED.


RELATIVE HUMIDITY (PERCENT)
 HIGHEST    91           400 AM
 LOWEST     50           300 PM
 AVERAGE    71

..........................................................


THE LEESBURG CLIMATE NORMALS FOR TOMORROW
                         NORMAL    RECORD    YEAR
 MAXIMUM TEMPERATURE (F)   89        95      2000
                                             2013
                                             2014
 MINIMUM TEMPERATURE (F)   69        55      1994


SUNRISE AND SUNSET
MAY 23 2022...........SUNRISE   632 AM EDT   SUNSET   816 PM EDT
MAY 24 2022...........SUNRISE   632 AM EDT   SUNSET   817 PM EDT


-  INDICATES NEGATIVE NUMBERS.
R  INDICATES RECORD WAS SET OR TIED.
MM INDICATES DATA IS MISSING.
T  INDICATES TRACE AMOUNT.




$$
