000
CDUS42 KMLB 182130
CLILEE

CLIMATE REPORT
NATIONAL WEATHER SERVICE MELBOURNE FL
530 PM EDT SUN APR 18 2021

...................................

...THE LEESBURG CLIMATE SUMMARY FOR APRIL 18 2021...
VALID TODAY AS OF 0500 PM LOCAL TIME.

CLIMATE NORMAL PERIOD 1981 TO 2010
CLIMATE RECORD PERIOD 1958 TO 2021


WEATHER ITEM   OBSERVED TIME   RECORD YEAR NORMAL DEPARTURE LAST
                VALUE   (LST)  VALUE       VALUE  FROM      YEAR
                                                  NORMAL
...................................................................
TEMPERATURE (F)
 TODAY
  MAXIMUM         80    143 PM  90    1990  82     -2       83
  MINIMUM         68    635 AM  46    1962  60      8       72
                                      2001
  AVERAGE         74                        71      3       78

PRECIPITATION (IN)
  TODAY            T             0.42 2019   0.07  -0.07     0.21
  MONTH TO DATE    3.04                      1.46   1.58     1.17
  SINCE MAR 1      4.46                      5.79  -1.33     1.40
  SINCE JAN 1      8.76                     11.41  -2.65     4.00

SNOWFALL (IN)
  TODAY            0.0
  MONTH TO DATE    0.0
  SINCE JUL 1      0.0

DEGREE DAYS
 HEATING
  TODAY            0                         0      0        0
  MONTH TO DATE   16                        15      1        0
  SINCE MAR 1     59                        87    -28       19
  SINCE JUL 1    568                       700   -132      343

 COOLING
  TODAY            9                         7      2       13
  MONTH TO DATE  105                       101      4      178
  SINCE MAR 1    282                       199     83      482
  SINCE JAN 1    437                       276    161      691
...................................................................


WIND (MPH)
  HIGHEST WIND SPEED    16   HIGHEST WIND DIRECTION     N (350)
  HIGHEST GUST SPEED    21   HIGHEST GUST DIRECTION     N (10)
  AVERAGE WIND SPEED     4.2


SKY COVER
  POSSIBLE SUNSHINE  MM
  AVERAGE SKY COVER 0.6


WEATHER CONDITIONS
THE FOLLOWING WEATHER WAS RECORDED TODAY.
  LIGHT RAIN
  FOG


RELATIVE HUMIDITY (PERCENT)
 HIGHEST    90           700 AM
 LOWEST     62           200 PM
 AVERAGE    76

..........................................................


THE LEESBURG CLIMATE NORMALS FOR TOMORROW
                         NORMAL    RECORD    YEAR
 MAXIMUM TEMPERATURE (F)   83        92      2013
                                             2020
 MINIMUM TEMPERATURE (F)   61        41      1962


SUNRISE AND SUNSET
APRIL 18 2021.........SUNRISE   658 AM EDT   SUNSET   755 PM EDT
APRIL 19 2021.........SUNRISE   657 AM EDT   SUNSET   756 PM EDT


-  INDICATES NEGATIVE NUMBERS.
R  INDICATES RECORD WAS SET OR TIED.
MM INDICATES DATA IS MISSING.
T  INDICATES TRACE AMOUNT.




$$
