000
CXUS52 KMLB 011322
CLMLEE

CLIMATE REPORT
NATIONAL WEATHER SERVICE MELBOURNE FL
922 AM EDT SAT MAY 01 2021

...................................

...THE LEESBURG CLIMATE SUMMARY FOR THE MONTH OF APRIL 2021...

CLIMATE NORMAL PERIOD 1981 TO 2010
CLIMATE RECORD PERIOD 1958 TO 2021

WEATHER         OBSERVED          NORMAL  DEPART   LAST YEAR`S
                VALUE   DATE(S)   VALUE   FROM     VALUE
                                          NORMAL
..............................................................
TEMPERATURE (F)
MONTHLY RECORD
 HOTTEST        76.7   2015
 COLDEST        65.1   1987
DAILY RECORD
 HIGH             95   04/28/2017
                       04/30/1991
                       04/23/1968
 LOW              32   04/17/1962
APRIL 2021
HIGHEST           90   04/13                          92
                       04/29
LOWEST            45   04/03                          55
AVG. MAXIMUM    81.4               81.8    -0.4     84.9
AVG. MINIMUM    61.1               60.1     1.0     65.5
MEAN            71.3               70.9     0.4     75.2
DAYS MAX >= 90     2                1.0     1.0        6
DAYS MAX <= 32     0                0.0     0.0        0
DAYS MIN <= 32     0                0.0     0.0        0
DAYS MIN <= 0      0                0.0     0.0        0

PRECIPITATION (INCHES)
MONTHLY RECORD
 MAXIMUM        9.36   1991
 MINIMUM        0.12   1981
DAILY RECORD
 MAXIMUM        4.08   04/05/1980
APRIL 2021
TOTALS          6.08               2.51    3.57     2.92
DAYS >= .01        7                                   8
DAYS >= .10        7                                   7
DAYS >= .50        3                                   3
DAYS >= 1.00       2                                   0
GREATEST
 24 HR. TOTAL   2.86   04/10 TO 04/11

SNOWFALL (INCHES)
TOTALS           0.0                 MM      MM      0.0
SINCE 7/1        0.0                 MM      MM       MM
DAYS >= TRACE      0                                   0

DEGREE DAYS
HEATING TOTAL     16                 16       0        0
 SINCE 7/1       568                700    -132       MM
COOLING TOTAL    211                195      16      314
 SINCE 1/1       543                370     173       MM
..............................................................

WIND (MPH)
AVERAGE WIND SPEED              6.7
HIGHEST WIND SPEED/DIRECTION    30/270    DATE  04/10
HIGHEST GUST SPEED/DIRECTION    44/300    DATE  04/10

SKY COVER
POSSIBLE SUNSHINE (PERCENT)   MM
AVERAGE SKY COVER           0.24
NUMBER OF DAYS FAIR           23
NUMBER OF DAYS PC              7
NUMBER OF DAYS CLOUDY          0

AVERAGE RH (PERCENT)     66

WEATHER CONDITIONS. NUMBER OF DAYS WITH
THUNDERSTORM              7     MIXED PRECIP               0
HEAVY RAIN                7     RAIN                       6
LIGHT RAIN                8     LT FREEZING RAIN           0
HAIL                      0     LIGHT SNOW                 0
SLEET                     0     FOG                       12
FOG W/VIS <= 1/4 MILE     2     HAZE                       2

-  INDICATES NEGATIVE NUMBERS.
R  INDICATES RECORD WAS SET OR TIED.
MM INDICATES DATA IS MISSING.
T  INDICATES TRACE AMOUNT.

$$
