000
CXUS52 KMLB 011627
CLMLEE

CLIMATE REPORT
NATIONAL WEATHER SERVICE MELBOURNE FL
1227 PM EDT WED JUL 01 2020

...................................

...THE LEESBURG CLIMATE SUMMARY FOR THE MONTH OF JUNE 2020...

CLIMATE NORMAL PERIOD 1981 TO 2010
CLIMATE RECORD PERIOD 1958 TO 2020

WEATHER         OBSERVED          NORMAL  DEPART   LAST YEAR`S
                VALUE   DATE(S)   VALUE   FROM     VALUE
                                          NORMAL
..............................................................
TEMPERATURE (F)
MONTHLY RECORD
 HOTTEST        85.8   1998
 COOLEST        77.8   1966
DAILY RECORD
 HIGH            100   06/14/2010
                       06/22/2009
                       06/22/1998
 LOW              53   06/01/1984
JUNE 2020
HIGHEST           99   06/26                          98
LOWEST            64   06/16                          71
AVG. MAXIMUM    91.4               90.7     0.7     90.5
AVG. MINIMUM    72.0               72.7    -0.7     74.0
MEAN            81.7               81.7     0.0     82.2
DAYS MAX >= 90    23               18.0     5.0       20
DAYS MAX <= 32     0                0.0     0.0        0
DAYS MIN <= 32     0                0.0     0.0        0
DAYS MIN <= 0      0                0.0     0.0        0

PRECIPITATION (INCHES)
MONTHLY RECORD
 MAXIMUM       14.63   2017
 MINIMUM        0.43   1998
DAILY RECORD
 MAXIMUM        4.64   06/18/1982
JUNE 2020
TOTALS          6.12               8.06   -1.94     6.24
DAYS >= .01       14                                  16
DAYS >= .10        8                                  11
DAYS >= .50        3                                   5
DAYS >= 1.00       2                                   1
GREATEST
 24 HR. TOTAL   3.01   06/18 TO 06/19

SNOWFALL (INCHES)
TOTALS           0.0                                 0.0
SINCE 7/1        0.0
DAYS >= TRACE      0                                   0

DEGREE DAYS
HEATING TOTAL      0                  0       0        0
 SINCE 7/1       343                702    -359      551
COOLING TOTAL    508                501       7      524
 SINCE 1/1      1765               1253     512     1502
..............................................................

WIND (MPH)
AVERAGE WIND SPEED              5.4
HIGHEST WIND SPEED/DIRECTION    26/190    DATE  06/06
HIGHEST GUST SPEED/DIRECTION    36/190    DATE  06/06

SKY COVER
POSSIBLE SUNSHINE (PERCENT)   MM
AVERAGE SKY COVER           0.24
NUMBER OF DAYS FAIR           24
NUMBER OF DAYS PC              5
NUMBER OF DAYS CLOUDY          1

AVERAGE RH (PERCENT)     75

WEATHER CONDITIONS. NUMBER OF DAYS WITH
THUNDERSTORM             15     MIXED PRECIP               0
HEAVY RAIN                7     RAIN                       9
LIGHT RAIN               12     LT FREEZING RAIN           0
HAIL                      0     LIGHT SNOW                 0
SLEET                     0     FOG                       11
FOG W/VIS <= 1/4 MILE     1     HAZE                       3

-  INDICATES NEGATIVE NUMBERS.
R  INDICATES RECORD WAS SET OR TIED.
MM INDICATES DATA IS MISSING.
T  INDICATES TRACE AMOUNT.

$$
