631
CXUS52 KMLB 021838
CLMLEE

CLIMATE REPORT
NATIONAL WEATHER SERVICE MELBOURNE FL
238 PM EDT FRI APR 02 2021

...................................

...THE LEESBURG CLIMATE SUMMARY FOR THE MONTH OF MARCH 2021...

CLIMATE NORMAL PERIOD 1981 TO 2010
CLIMATE RECORD PERIOD 1958 TO 2021

WEATHER         OBSERVED          NORMAL  DEPART   LAST YEAR`S
                VALUE   DATE(S)   VALUE   FROM     VALUE
                                          NORMAL
..............................................................
TEMPERATURE (F)
MONTHLY RECORD
 HOTTEST        74.0   2020
 COLDEST        58.4   1969
DAILY RECORD
 HIGH             92   03/30/2020
                       03/28/2020
 LOW              25   03/04/1980
                       03/03/1980
MARCH 2021
HIGHEST           89   03/26                          92
                       03/27
                       03/30
LOWEST            44   03/08                          43
AVG. MAXIMUM    79.3               76.4     2.9     84.8
AVG. MINIMUM    58.9               55.3     3.6     63.1
MEAN            69.1               65.9     3.2     74.0
DAYS MAX >= 90     0                0.0     0.0        5
DAYS MAX <= 32     0                0.0     0.0        0
DAYS MIN <= 32     0                0.0     0.0        0
DAYS MIN <= 0      0                0.0     0.0        0

PRECIPITATION (INCHES)
MONTHLY RECORD
 MAXIMUM       10.54   1960
 MINIMUM        0.04   2006
DAILY RECORD
 MAXIMUM        4.45   03/11/2010
MARCH 2021
TOTALS          1.42               4.33   -2.91     0.23
DAYS >= .01        8                                   1
DAYS >= .10        4                                   1
DAYS >= .50        1                                   0
DAYS >= 1.00       0                                   0
GREATEST
 24 HR. TOTAL   0.68   03/30 TO 03/30

SNOWFALL (INCHES)
TOTALS           0.0                0.0     0.0      0.0
SINCE 7/1        0.0                0.0     0.0      0.0
DAYS >= TRACE      0                                   0

DEGREE DAYS
HEATING TOTAL     43                 72     -29       19
 SINCE 7/1       552                685    -133       MM
COOLING TOTAL    177                 98      79      304
 SINCE 1/1       332                175     157       MM
..............................................................

WIND (MPH)
AVERAGE WIND SPEED              7.0
HIGHEST WIND SPEED/DIRECTION    23/040    DATE  03/07
                                23/200          03/18
HIGHEST GUST SPEED/DIRECTION    35/200    DATE  03/18

SKY COVER
POSSIBLE SUNSHINE (PERCENT)   MM
AVERAGE SKY COVER           0.32
NUMBER OF DAYS FAIR           19
NUMBER OF DAYS PC              8
NUMBER OF DAYS CLOUDY          4

AVERAGE RH (PERCENT)     69

WEATHER CONDITIONS. NUMBER OF DAYS WITH
THUNDERSTORM              3     MIXED PRECIP               0
HEAVY RAIN                3     RAIN                       3
LIGHT RAIN               10     LT FREEZING RAIN           0
HAIL                      0     LIGHT SNOW                 0
SLEET                     0     FOG                       16
FOG W/VIS <= 1/4 MILE     1     HAZE                       3

-  INDICATES NEGATIVE NUMBERS.
R  INDICATES RECORD WAS SET OR TIED.
MM INDICATES DATA IS MISSING.
T  INDICATES TRACE AMOUNT.

$$
