000
CXUS52 KMLB 011813 RRA
CLAMCO

MLBCLMMCO 000
TTAA00 KMLB 011743


CLIMATE REPORT
NATIONAL WEATHER SERVICE MELBOURNE FL
113 PM EST WED JAN 1 2020

...................................

...THE ORLANDO INTERNATIONAL CLIMATE SUMMARY FOR THE YEAR OF 2019...

CLIMATE NORMAL PERIOD 1981 TO 2010
CLIMATE RECORD PERIOD 1892 TO 2019

WEATHER         OBSERVED          NORMAL  DEPART  LAST YEAR`S
                 VALUE   DATE(S)  VALUE   FROM    VALUE
                                          NORMAL
.............................................................
TEMPERATURE (F)
YEARLY RECORDS
 WARMEST         75.6   2015
 COOLEST         70.1   1901
DAILY RECORDS
 HIGH             103   09/08/1921
 LOW               18   12/28/1894
2019 DATA
HIGHEST            98   06/25                         95
LOWEST             38   01/21                         27
AVG. MAXIMUM     84.8              82.8     2.0     83.6
AVG. MINIMUM     65.6              62.8     2.8     64.3
MEAN             75.2              72.8     2.4     73.9
DAYS MAX >= 90    138              96.7    41.3      113
DAYS MAX <= 32      0               0.0     0.0        0
DAYS MIN <= 32      0               2.3    -2.3        3
DAYS MIN <= 0       0               0.0     0.0        0

PRECIPITATION (INCHES)
YEARLY RECORD
 MAXIMUM        74.79   1905
 MINIMUM        30.38   2000
DAILY RECORD
 MAXIMUM         8.43   09/16/1945
2019 DATA
TOTALS          47.99             50.73   -2.74    51.55
DAILY AVG.       0.13              0.14   -0.01
DAYS >= .01       125             117.1     7.9      136
DAYS >= .10        82              75.9     6.1       82
DAYS >= .50        34              33.7     0.3       34
DAYS >= 1.00       10              15.0    -5.0       13
GREATEST
 24 HR. TOTAL    3.17   10/19 TO 10/19

SNOWFALL (INCHES)
TOTALS            0.0               0.0     0.0      0.0
SINCE 7/1         0.0               0.0     0.0      0.0
DAYS >= TRACE       0               0.0     0.0        0

DEGREE_DAYS
HEATING TOTAL     307               571    -264      509
 SINCE 7/1         84               191    -107      167
COOLING TOTAL    4118              3424     694     3865
 SINCE 1/1       4118              3424     694     3865
..............................................................

WIND (MPH)
AVERAGE WIND SPEED              7.8
HIGHEST WIND SPEED/DIRECTION    43/220    DATE  06/12
HIGHEST GUST SPEED/DIRECTION    67/220    DATE  06/12

SKY COVER
POSSIBLE SUNSHINE (PERCENT)   MM
AVERAGE SKY COVER           0.50
NUMBER OF DAYS FAIR           70
NUMBER OF DAYS PC            237
NUMBER OF DAYS CLOUDY         58

AVERAGE RH (PERCENT)     71

WEATHER CONDITIONS. NUMBER OF DAYS WITH
THUNDERSTORM             99     MIXED PRECIP                0
HEAVY RAIN               56     RAIN                       55
LIGHT RAIN              169     FREEZING RAIN               0
LT FREEZING RAIN          0     HAIL                        0
HEAVY SNOW                0     SNOW                        0
LIGHT SNOW                0     SLEET                       0
FOG                     158     FOG W/VIS <= 1/4 MILE       7
HAZE                     31


-  INDICATES NEGATIVE NUMBERS.
R  INDICATES RECORD WAS SET OR TIED.
MM INDICATES DATA IS MISSING.
T  INDICATES TRACE AMOUNT.

$$
