000
CXUS52 KMLB 011703
CLAMCO

CLIMATE REPORT
NATIONAL WEATHER SERVICE MELBOURNE FL
1203 PM EST FRI JAN 01 2021

...................................

...THE ORLANDO INTL CLIMATE SUMMARY FOR THE YEAR OF 2020...

CLIMATE NORMAL PERIOD 1981 TO 2010
CLIMATE RECORD PERIOD 1892 TO 2020

WEATHER         OBSERVED          NORMAL  DEPART   LAST YEAR`S
                VALUE   DATE(S)   VALUE   FROM     VALUE
                                          NORMAL
..............................................................
TEMPERATURE (F)
YEARLY RECORD
 WARMEST        75.6   2015
 COOLEST        70.1   1901
DAILY RECORD
 HIGH            103   09/08/1921
 LOW              18   12/28/1894
2020 DATA
HIGHEST           97   04/13                          MM
                       06/25
                       06/29
LOWEST            35   12/26                          MM
AVG. MAXIMUM    84.8               82.8     2.0       MM
AVG. MINIMUM    66.0               62.8     3.2       MM
MEAN            75.4               72.8     2.6       MM
DAYS MAX >= 90   135               97.0    38.0       MM
DAYS MAX <= 32     0                0.0     0.0       MM
DAYS MIN <= 32     0                2.3    -2.3       MM
DAYS MIN <= 0      0                0.0     0.0       MM

PRECIPITATION (INCHES)
YEARLY RECORD
 MAXIMUM       74.79   1905
 MINIMUM       30.38   2000
DAILY RECORD
 MAXIMUM        8.43   09/16/1945
2020 DATA
TOTALS         53.25              50.73    2.52       MM
DAYS >= .01      131              117.1    13.9       MM
DAYS >= .10       93               75.9    17.1       MM
DAYS >= .50       31               33.7    -2.7       MM
DAYS >= 1.00      14               15.0    -1.0       MM
GREATEST
 24 HR. TOTAL   4.05   09/09 TO 09/09

SNOWFALL (INCHES)
TOTALS           0.0                0.0     0.0       MM
SINCE 7/1        0.0                0.0     0.0       MM
DAYS >= TRACE      0                                  MM

DEGREE DAYS
HEATING TOTAL    361                571    -210       MM
 SINCE 7/1       194                192       2       MM
COOLING TOTAL   4261               3424     837       MM
 SINCE 1/1      4261               3424     837       MM
..............................................................

WIND (MPH)
AVERAGE WIND SPEED              7.8
HIGHEST WIND SPEED/DIRECTION    46/220    DATE  08/06
HIGHEST GUST SPEED/DIRECTION    64/220    DATE  08/06

SKY COVER
POSSIBLE SUNSHINE (PERCENT)   MM
AVERAGE SKY COVER           0.56
NUMBER OF DAYS FAIR           67
NUMBER OF DAYS PC            200
NUMBER OF DAYS CLOUDY         68

AVERAGE RH (PERCENT)     71

WEATHER CONDITIONS. NUMBER OF DAYS WITH
THUNDERSTORM             98     MIXED PRECIP               0
HEAVY RAIN               73     RAIN                      70
LIGHT RAIN              183     LT FREEZING RAIN           0
HAIL                      0     LIGHT SNOW                 0
SLEET                     0     FOG                      156
FOG W/VIS <= 1/4 MILE     8     HAZE                      33

-  INDICATES NEGATIVE NUMBERS.
R  INDICATES RECORD WAS SET OR TIED.
MM INDICATES DATA IS MISSING.
T  INDICATES TRACE AMOUNT.

$$
