000
CDUS42 KMLB 092016
CLIMCO

CLIMATE REPORT
NATIONAL WEATHER SERVICE MELBOURNE FL
416 PM EDT SUN MAY 09 2021

...................................

...THE ORLANDO INTL CLIMATE SUMMARY FOR MAY 9 2021...
VALID TODAY AS OF 0400 PM LOCAL TIME.

CLIMATE NORMAL PERIOD 1991 TO 2020
CLIMATE RECORD PERIOD 1892 TO 2021


WEATHER ITEM   OBSERVED TIME   RECORD YEAR NORMAL DEPARTURE LAST
                VALUE   (LST)  VALUE       VALUE  FROM      YEAR
                                                  NORMAL
...................................................................
TEMPERATURE (F)
 TODAY
  MAXIMUM         90    252 PM  98    1915  88      2       87
  MINIMUM         65    554 AM  50    1928  65      0       67
  AVERAGE         78                        76      2       77

PRECIPITATION (IN)
  TODAY            0.00          3.14 1980   0.11  -0.11     0.00
  MONTH TO DATE    0.13                      0.85  -0.72     0.00
  SINCE MAR 1      8.50                      6.46   2.04     2.54
  SINCE JAN 1     11.37                     10.98   0.39     4.73

SNOWFALL (IN)
  TODAY            0.0
  MONTH TO DATE    0.0
  SINCE JUL 1      0.0

DEGREE DAYS
 HEATING
  TODAY            0                         0      0        0
  MONTH TO DATE    0                         0      0        0
  SINCE MAR 1     44                        64    -20       16
  SINCE JUL 1    487                       525    -38      256

 COOLING
  TODAY           13                        11      2       12
  MONTH TO DATE  137                        95     42       84
  SINCE MAR 1    535                       446     89      712
  SINCE JAN 1    713                       559    154      972
...................................................................


WIND (MPH)
  HIGHEST WIND SPEED    18   HIGHEST WIND DIRECTION    SE (140)
  HIGHEST GUST SPEED    27   HIGHEST GUST DIRECTION    SE (140)
  AVERAGE WIND SPEED     7.7


SKY COVER
  AVERAGE SKY COVER 0.2


WEATHER CONDITIONS
THE FOLLOWING WEATHER WAS RECORDED TODAY.
  NO SIGNIFICANT WEATHER WAS OBSERVED.


RELATIVE HUMIDITY (PERCENT)
 HIGHEST    90           600 AM
 LOWEST     38           200 PM
 AVERAGE    64

..........................................................


THE ORLANDO INTL CLIMATE NORMALS FOR TOMORROW
                         NORMAL    RECORD    YEAR
 MAXIMUM TEMPERATURE (F)   88        98      1916
 MINIMUM TEMPERATURE (F)   65        48      1923


SUNRISE AND SUNSET
MAY  9 2021...........SUNRISE   638 AM EDT   SUNSET   805 PM EDT
MAY 10 2021...........SUNRISE   638 AM EDT   SUNSET   806 PM EDT


-  INDICATES NEGATIVE NUMBERS.
R  INDICATES RECORD WAS SET OR TIED.
MM INDICATES DATA IS MISSING.
T  INDICATES TRACE AMOUNT.




$$
