000
CDUS42 KMLB 050625
CLIMCO

CLIMATE REPORT
NATIONAL WEATHER SERVICE MELBOURNE FL
225 AM EDT TUE JUL 05 2022

...................................

...THE ORLANDO INTL CLIMATE SUMMARY FOR JULY 4 2022...

CLIMATE NORMAL PERIOD 1991 TO 2020
CLIMATE RECORD PERIOD 1892 TO 2022


WEATHER ITEM   OBSERVED TIME   RECORD YEAR NORMAL DEPARTURE LAST
                VALUE   (LST)  VALUE       VALUE  FROM      YEAR
                                                  NORMAL
...................................................................
TEMPERATURE (F)
 YESTERDAY
  MAXIMUM         95    236 PM  98    1927  92      3       91
                                      1936
  MINIMUM         74    540 AM  65    1975  73      1       73
  AVERAGE         85                        82      3       82

PRECIPITATION (IN)
  YESTERDAY        0.00          1.38 1996   0.23  -0.23     0.00
  MONTH TO DATE    0.11                      0.94  -0.83     0.78
  SINCE JUN 1      4.72                      8.99  -4.27     7.84
  SINCE JAN 1     19.46                     23.14  -3.68    19.25

SNOWFALL (IN)
  YESTERDAY        0.0
  MONTH TO DATE    0.0
  SINCE JUL 1      0.0

DEGREE DAYS
 HEATING
  YESTERDAY        0                         0      0        0
  MONTH TO DATE    0                         0      0        0
  SINCE JUN 1      0                         0      0        0
  SINCE JUL 1      0                         0      0        0

 COOLING
  YESTERDAY       20                        17      3       17
  MONTH TO DATE   76                        68      8       57
  SINCE JUN 1    637                       554     83      569
  SINCE JAN 1   1819                      1401    418     1569
...................................................................


WIND (MPH)
  HIGHEST WIND SPEED    16   HIGHEST WIND DIRECTION     E (100)
  HIGHEST GUST SPEED    20   HIGHEST GUST DIRECTION    SE (120)
  AVERAGE WIND SPEED     5.0


SKY COVER
  AVERAGE SKY COVER 0.3


WEATHER CONDITIONS
THE FOLLOWING WEATHER WAS RECORDED YESTERDAY.
  FOG


RELATIVE HUMIDITY (PERCENT)
 HIGHEST    96           600 AM
 LOWEST     46           200 PM
 AVERAGE    71

..........................................................


THE ORLANDO INTL CLIMATE NORMALS FOR TODAY
                         NORMAL    RECORD    YEAR
 MAXIMUM TEMPERATURE (F)   92        99      1927
 MINIMUM TEMPERATURE (F)   73        66      1936


SUNRISE AND SUNSET
JULY  5 2022..........SUNRISE   633 AM EDT   SUNSET   827 PM EDT
JULY  6 2022..........SUNRISE   634 AM EDT   SUNSET   826 PM EDT


-  INDICATES NEGATIVE NUMBERS.
R  INDICATES RECORD WAS SET OR TIED.
MM INDICATES DATA IS MISSING.
T  INDICATES TRACE AMOUNT.




$$
