000
CDUS42 KMLB 022125
CLIMCO

CLIMATE REPORT
NATIONAL WEATHER SERVICE MELBOURNE FL
425 PM EST SAT MAR 02 2024

...................................

...THE ORLANDO INTL CLIMATE SUMMARY FOR MARCH 2 2024...
VALID TODAY AS OF 0400 PM LOCAL TIME.

CLIMATE NORMAL PERIOD 1991 TO 2020
CLIMATE RECORD PERIOD 1892 TO 2024


WEATHER ITEM   OBSERVED TIME   RECORD YEAR NORMAL DEPARTURE LAST
                VALUE   (LST)  VALUE       VALUE  FROM      YEAR
                                                  NORMAL
...................................................................
TEMPERATURE (F)
 TODAY
  MAXIMUM         82    253 PM  90    1918  77      5       87
  MINIMUM         65    526 AM  28    1920  54     11       58
  AVERAGE         74                        66      8       73

PRECIPITATION (IN)
  TODAY            0.00          1.89 1958   0.08  -0.08     0.00
  MONTH TO DATE    0.00                      0.16  -0.16     0.00
  SINCE MAR 1      0.00                      0.16  -0.16     0.00
  SINCE JAN 1      4.00                      4.68  -0.68     1.56

SNOWFALL (IN)
  TODAY            0.0
  MONTH TO DATE    0.0
  SINCE JUL 1      0.0

DEGREE DAYS
 HEATING
  TODAY            0                         3     -3        0
  MONTH TO DATE    0                         6     -6        0
  SINCE MAR 1      0                         6     -6        0
  SINCE JUL 1    322                       467   -145      261

 COOLING
  TODAY            9                         3      6        8
  MONTH TO DATE   18                         6     12       18
  SINCE MAR 1     18                         6     12       18
  SINCE JAN 1    120                       119      1      272
...................................................................


WIND (MPH)
  HIGHEST WIND SPEED    15   HIGHEST WIND DIRECTION    SW (210)
  HIGHEST GUST SPEED    20   HIGHEST GUST DIRECTION     S (180)
  AVERAGE WIND SPEED     6.9


SKY COVER
  AVERAGE SKY COVER 1.0


WEATHER CONDITIONS
THE FOLLOWING WEATHER WAS RECORDED TODAY.
  FOG


RELATIVE HUMIDITY (PERCENT)
 HIGHEST    97           400 AM
 LOWEST     55           300 PM
 AVERAGE    76

..........................................................


THE ORLANDO INTL CLIMATE NORMALS FOR TOMORROW
                         NORMAL    RECORD    YEAR
 MAXIMUM TEMPERATURE (F)   77        90      1916
                                             2012
 MINIMUM TEMPERATURE (F)   54        25      1980


SUNRISE AND SUNSET
MARCH  2 2024.........SUNRISE   648 AM EST   SUNSET   626 PM EST
MARCH  3 2024.........SUNRISE   647 AM EST   SUNSET   627 PM EST


-  INDICATES NEGATIVE NUMBERS.
R  INDICATES RECORD WAS SET OR TIED.
MM INDICATES DATA IS MISSING.
T  INDICATES TRACE AMOUNT.




$$
