951
CDUS42 KMLB 172036
CLIMCO

CLIMATE REPORT
NATIONAL WEATHER SERVICE MELBOURNE FL
436 PM EDT SAT APR 17 2021

...................................

...THE ORLANDO INTL CLIMATE SUMMARY FOR APRIL 17 2021...
VALID TODAY AS OF 0400 PM LOCAL TIME.

CLIMATE NORMAL PERIOD 1981 TO 2010
CLIMATE RECORD PERIOD 1892 TO 2021


WEATHER ITEM   OBSERVED TIME   RECORD YEAR NORMAL DEPARTURE LAST
                VALUE   (LST)  VALUE       VALUE  FROM      YEAR
                                                  NORMAL
...................................................................
TEMPERATURE (F)
 TODAY
  MAXIMUM         87    259 PM  95    1922  83      4       83
  MINIMUM         69    328 AM  44    1949  60      9       64
  AVERAGE         78                        71      7       74

PRECIPITATION (IN)
  TODAY            0.00          2.27 1920   0.09  -0.09     0.00
  MONTH TO DATE    1.70                      1.65   0.05     0.46
  SINCE MAR 1      3.73                      5.42  -1.69     0.80
  SINCE JAN 1      6.60                     10.15  -3.55     2.99

SNOWFALL (IN)
  TODAY            0.0
  MONTH TO DATE    0.0
  SINCE JUL 1      0.0

DEGREE DAYS
 HEATING
  TODAY            0                         0      0        0
  MONTH TO DATE   15                        11      4        0
  SINCE MAR 1     44                        70    -26       16
  SINCE JUL 1    487                       569    -82      256

 COOLING
  TODAY           13                         7      6        9
  MONTH TO DATE   97                        97      0      179
  SINCE MAR 1    270                       215     55      481
  SINCE JAN 1    448                       319    129      741
...................................................................


WIND (MPH)
  HIGHEST WIND SPEED    20   HIGHEST WIND DIRECTION    SW (220)
  HIGHEST GUST SPEED    24   HIGHEST GUST DIRECTION    SW (220)
  AVERAGE WIND SPEED     9.4


SKY COVER
  AVERAGE SKY COVER 0.9


WEATHER CONDITIONS
THE FOLLOWING WEATHER WAS RECORDED TODAY.
  FOG
  HAZE


RELATIVE HUMIDITY (PERCENT)
 HIGHEST    96           200 AM
 LOWEST     51           200 PM
 AVERAGE    74

..........................................................


THE ORLANDO INTL CLIMATE NORMALS FOR TOMORROW
                         NORMAL    RECORD    YEAR
 MAXIMUM TEMPERATURE (F)   83        93      1922
 MINIMUM TEMPERATURE (F)   60        45      1905


SUNRISE AND SUNSET
APRIL 17 2021.........SUNRISE   658 AM EDT   SUNSET   752 PM EDT
APRIL 18 2021.........SUNRISE   657 AM EDT   SUNSET   753 PM EDT


-  INDICATES NEGATIVE NUMBERS.
R  INDICATES RECORD WAS SET OR TIED.
MM INDICATES DATA IS MISSING.
T  INDICATES TRACE AMOUNT.




$$
