000
CDUS42 KMLB 280624
CLIMCO

CLIMATE REPORT
NATIONAL WEATHER SERVICE MELBOURNE FL
224 AM EDT SAT MAY 28 2022

...................................

...THE ORLANDO INTL CLIMATE SUMMARY FOR MAY 27 2022...

CLIMATE NORMAL PERIOD 1991 TO 2020
CLIMATE RECORD PERIOD 1892 TO 2022


WEATHER ITEM   OBSERVED TIME   RECORD YEAR NORMAL DEPARTURE LAST
                VALUE   (LST)  VALUE       VALUE  FROM      YEAR
                                                  NORMAL
...................................................................
TEMPERATURE (F)
 YESTERDAY
  MAXIMUM         91    158 PM 100    1962  90      1       92
  MINIMUM         73   1159 PM  53    1979  69      4       68
  AVERAGE         82                        79      3       80

PRECIPITATION (IN)
  YESTERDAY        0.00          2.20 1938   0.18  -0.18     0.00
  MONTH TO DATE    2.15                      3.24  -1.09     0.17
  SINCE MAR 1     13.11                      8.85   4.26     8.54
  SINCE JAN 1     14.74                     13.37   1.37    11.41

SNOWFALL (IN)
  YESTERDAY        0.0
  MONTH TO DATE    0.0
  SINCE JUL 1      0.0

DEGREE DAYS
 HEATING
  YESTERDAY        0                         0      0        0
  MONTH TO DATE    0                         0      0        0
  SINCE MAR 1     15                        64    -49       44
  SINCE JUL 1    278                       525   -247      487

 COOLING
  YESTERDAY       17                        14      3       15
  MONTH TO DATE  404                       326     78      358
  SINCE MAR 1    956                       677    279      756
  SINCE JAN 1   1117                       790    327      934
...................................................................


WIND (MPH)
  HIGHEST WIND SPEED    20   HIGHEST WIND DIRECTION     W (260)
  HIGHEST GUST SPEED    24   HIGHEST GUST DIRECTION     W (270)
  AVERAGE WIND SPEED     9.1


SKY COVER
  AVERAGE SKY COVER 0.7


WEATHER CONDITIONS
THE FOLLOWING WEATHER WAS RECORDED YESTERDAY.
  NO SIGNIFICANT WEATHER WAS OBSERVED.


RELATIVE HUMIDITY (PERCENT)
 HIGHEST    88           300 AM
 LOWEST     42           300 PM
 AVERAGE    65

..........................................................


THE ORLANDO INTL CLIMATE NORMALS FOR TODAY
                         NORMAL    RECORD    YEAR
 MAXIMUM TEMPERATURE (F)   90        99      1908
                                             1924
                                             2000
 MINIMUM TEMPERATURE (F)   69        58      1901


SUNRISE AND SUNSET
MAY 28 2022...........SUNRISE   629 AM EDT   SUNSET   816 PM EDT
MAY 29 2022...........SUNRISE   629 AM EDT   SUNSET   817 PM EDT


-  INDICATES NEGATIVE NUMBERS.
R  INDICATES RECORD WAS SET OR TIED.
MM INDICATES DATA IS MISSING.
T  INDICATES TRACE AMOUNT.




$$
