000
CDUS42 KMLB 202017
CLIMCO


CLIMATE REPORT
NATIONAL WEATHER SERVICE MELBOURNE FL
417 PM EDT SUN MAY 20 2018


...................................

...THE ORLANDO  CLIMATE SUMMARY FOR MAY 20 2018...
VALID TODAY AS OF 0400 PM LOCAL TIME.

CLIMATE NORMAL PERIOD 1981 TO 2010
CLIMATE RECORD PERIOD 1892 TO 2018


WEATHER ITEM   OBSERVED TIME   RECORD YEAR NORMAL DEPARTURE LAST
                VALUE   (LST)  VALUE       VALUE  FROM      YEAR
                                                  NORMAL
..................................................................
TEMPERATURE (F)
 TODAY
  MAXIMUM         78    228 PM  96    1935  89    -11       93
  MINIMUM         69    303 AM  51    1894  67      2       71
  AVERAGE         74                        78     -4       82

PRECIPITATION (IN)
  TODAY            0.27          2.11 2009   0.12   0.15     0.00
  MONTH TO DATE    5.47                      1.71   3.76     0.32
  SINCE MAR 1      8.44                      8.16   0.28     0.42
  SINCE JAN 1     10.90                     12.89  -1.99     3.35

SNOWFALL (IN)
  TODAY            0.0
  MONTH TO DATE    0.0
  SINCE MAR 1      0.0
  SINCE JUL 1      0.0

DEGREE DAYS
 HEATING
  TODAY            0                         0      0        0
  MONTH TO DATE    0                         0      0        0
  SINCE MAR 1     83                        71     12       40
  SINCE JUL 1    467                       570   -103      209

 COOLING
  TODAY            9                        13     -4       17
  MONTH TO DATE  229                       224      5      230
  SINCE MAR 1    570                       541     29      683
  SINCE JAN 1    817                       645    172      884
..................................................................


WIND (MPH)
  HIGHEST WIND SPEED    21   HIGHEST WIND DIRECTION    SE (130)
  HIGHEST GUST SPEED    33   HIGHEST GUST DIRECTION    SE (150)
  AVERAGE WIND SPEED     6.9


SKY COVER
  AVERAGE SKY COVER 0.9


WEATHER CONDITIONS
 THE FOLLOWING WEATHER WAS RECORDED TODAY.
  RAIN
  LIGHT RAIN
  FOG


RELATIVE HUMIDITY (PERCENT)
 HIGHEST   100           100 AM
 LOWEST     88           300 PM
 AVERAGE    94

..........................................................


THE ORLANDO  CLIMATE NORMALS FOR TOMORROW
                         NORMAL    RECORD    YEAR
 MAXIMUM TEMPERATURE (F)   89        98      1908
 MINIMUM TEMPERATURE (F)   68        54      1893


SUNRISE AND SUNSET
MAY 20 2018...........SUNRISE   632 AM EDT   SUNSET   812 PM EDT
MAY 21 2018...........SUNRISE   632 AM EDT   SUNSET   812 PM EDT


-  INDICATES NEGATIVE NUMBERS.
R  INDICATES RECORD WAS SET OR TIED.
MM INDICATES DATA IS MISSING.
T  INDICATES TRACE AMOUNT.




$$
