000
CDUS42 KMLB 202019
CLIMCO


CLIMATE REPORT
NATIONAL WEATHER SERVICE MELBOURNE FL
419 PM EDT WED MAR 20 2019


...................................

...THE ORLANDO  CLIMATE SUMMARY FOR MARCH 20 2019...
VALID TODAY AS OF 0400 PM LOCAL TIME.

CLIMATE NORMAL PERIOD 1981 TO 2010
CLIMATE RECORD PERIOD 1892 TO 2019


WEATHER ITEM   OBSERVED TIME   RECORD YEAR NORMAL DEPARTURE LAST
                VALUE   (LST)  VALUE       VALUE  FROM      YEAR
                                                  NORMAL
..................................................................
TEMPERATURE (F)
 TODAY
  MAXIMUM         74   1228 PM  96    1921  79     -5       83
  MINIMUM         58    713 AM  37    1892  56      2       62
  AVERAGE         66                        67     -1       73

PRECIPITATION (IN)
  TODAY            0.04          1.41 1900   0.13  -0.09     0.37
  MONTH TO DATE    0.33                      2.33  -2.00     0.79
  SINCE MAR 1      0.33                      2.33  -2.00     0.79
  SINCE JAN 1      5.59                      7.06  -1.47     3.25

SNOWFALL (IN)
  TODAY            0.0
  MONTH TO DATE    0.0
  SINCE MAR 1      0.0
  SINCE JUL 1      0.0

DEGREE DAYS
 HEATING
  TODAY            0                         2     -2        0
  MONTH TO DATE   33                        48    -15       68
  SINCE MAR 1     33                        48    -15       68
  SINCE JUL 1    389                       547   -158      452

 COOLING
  TODAY            1                         4     -3        8
  MONTH TO DATE  100                        71     29       50
  SINCE MAR 1    100                        71     29       50
  SINCE JAN 1    306                       175    131      297
..................................................................


WIND (MPH)
  HIGHEST WIND SPEED    21   HIGHEST WIND DIRECTION    NE (30)
  HIGHEST GUST SPEED    25   HIGHEST GUST DIRECTION    NE (40)
  AVERAGE WIND SPEED    15.0


SKY COVER
  AVERAGE SKY COVER 0.9


WEATHER CONDITIONS
 THE FOLLOWING WEATHER WAS RECORDED TODAY.
  LIGHT RAIN
  FOG


RELATIVE HUMIDITY (PERCENT)
 HIGHEST   100           400 AM
 LOWEST     47           300 PM
 AVERAGE    74

..........................................................


THE ORLANDO  CLIMATE NORMALS FOR TOMORROW
                         NORMAL    RECORD    YEAR
 MAXIMUM TEMPERATURE (F)   79        95      1907
 MINIMUM TEMPERATURE (F)   56        35      1981


SUNRISE AND SUNSET
MARCH 20 2019.........SUNRISE   729 AM EDT   SUNSET   737 PM EDT
MARCH 21 2019.........SUNRISE   728 AM EDT   SUNSET   737 PM EDT


-  INDICATES NEGATIVE NUMBERS.
R  INDICATES RECORD WAS SET OR TIED.
MM INDICATES DATA IS MISSING.
T  INDICATES TRACE AMOUNT.




$$
