000
CDUS42 KMLB 240621
CLIMLB

CLIMATE REPORT
NATIONAL WEATHER SERVICE MELBOURNE FL
221 AM EDT TUE MAY 24 2022

...................................

...THE MELBOURNE CLIMATE SUMMARY FOR MAY 23 2022...

CLIMATE NORMAL PERIOD 1991 TO 2020
CLIMATE RECORD PERIOD 1939 TO 2022


WEATHER ITEM   OBSERVED TIME   RECORD YEAR NORMAL DEPARTURE LAST
                VALUE   (LST)  VALUE       VALUE  FROM      YEAR
                                                  NORMAL
...................................................................
TEMPERATURE (F)
 YESTERDAY
  MAXIMUM         87   1252 PM  95    1961  88     -1       82
                                      2017
  MINIMUM         75    611 AM  57    1994  71      4       73
  AVERAGE         81                        79      2       78

PRECIPITATION (IN)
  YESTERDAY        0.00          5.00 1984   0.14  -0.14     0.00
  MONTH TO DATE    0.48                      2.26  -1.78     1.33
  SINCE MAR 1     11.39                      7.24   4.15     4.96
  SINCE JAN 1     13.62                     11.85   1.77     7.61

SNOWFALL (IN)
  YESTERDAY        0.0
  MONTH TO DATE    0.0
  SINCE JUL 1      0.0

DEGREE DAYS
 HEATING
  YESTERDAY        0                         0      0        0
  MONTH TO DATE    0                         0      0        0
  SINCE MAR 1     21                        54    -33       24
  SINCE JUL 1    303                       391    -88      410

 COOLING
  YESTERDAY       16                        14      2       13
  MONTH TO DATE  302                       290     12      320
  SINCE MAR 1    801                       699    102      724
  SINCE JAN 1    950                       875     75      938
...................................................................


WIND (MPH)
  HIGHEST WIND SPEED    21   HIGHEST WIND DIRECTION     E (110)
  HIGHEST GUST SPEED    25   HIGHEST GUST DIRECTION    SE (130)
  AVERAGE WIND SPEED    11.7


SKY COVER
  AVERAGE SKY COVER 0.2


WEATHER CONDITIONS
THE FOLLOWING WEATHER WAS RECORDED YESTERDAY.
  NO SIGNIFICANT WEATHER WAS OBSERVED.


RELATIVE HUMIDITY (PERCENT)
 HIGHEST    91           300 AM
 LOWEST     61          1100 AM
 AVERAGE    76

..........................................................


THE MELBOURNE CLIMATE NORMALS FOR TODAY
                         NORMAL    RECORD    YEAR
 MAXIMUM TEMPERATURE (F)   88        96      2017
 MINIMUM TEMPERATURE (F)   71        57      1994


SUNRISE AND SUNSET
MAY 24 2022...........SUNRISE   628 AM EDT   SUNSET   811 PM EDT
MAY 25 2022...........SUNRISE   628 AM EDT   SUNSET   811 PM EDT


-  INDICATES NEGATIVE NUMBERS.
R  INDICATES RECORD WAS SET OR TIED.
MM INDICATES DATA IS MISSING.
T  INDICATES TRACE AMOUNT.




$$
