000
CDUS42 KMLB 092016
CLIMLB

CLIMATE REPORT
NATIONAL WEATHER SERVICE MELBOURNE FL
416 PM EDT SUN MAY 09 2021

...................................

...THE MELBOURNE CLIMATE SUMMARY FOR MAY 9 2021...
VALID TODAY AS OF 0400 PM LOCAL TIME.

CLIMATE NORMAL PERIOD 1991 TO 2020
CLIMATE RECORD PERIOD 1939 TO 2021


WEATHER ITEM   OBSERVED TIME   RECORD YEAR NORMAL DEPARTURE LAST
                VALUE   (LST)  VALUE       VALUE  FROM      YEAR
                                                  NORMAL
...................................................................
TEMPERATURE (F)
 TODAY
  MAXIMUM         84    256 PM  94    1962  86     -2       82
                                      1975
                                      1978
  MINIMUM         65    546 AM  48    1992  68     -3       61
  AVERAGE         75                        77     -2       72

PRECIPITATION (IN)
  TODAY            0.00          2.29 1999   0.09  -0.09      T
  MONTH TO DATE    0.91                      0.75   0.16      T
  SINCE MAR 1      4.54                      5.73  -1.19     4.06
  SINCE JAN 1      7.19                     10.34  -3.15     7.34

SNOWFALL (IN)
  TODAY            0.0
  MONTH TO DATE    0.0
  SINCE JUL 1      0.0

DEGREE DAYS
 HEATING
  TODAY            0                         0      0        0
  MONTH TO DATE    0                         0      0        0
  SINCE MAR 1     24                        54    -30       23
  SINCE JUL 1    410                       391     19      300

 COOLING
  TODAY           10                        12     -2        7
  MONTH TO DATE  130                       104     26       60
  SINCE MAR 1    534                       513     21      567
  SINCE JAN 1    748                       689     59      804
...................................................................


WIND (MPH)
  HIGHEST WIND SPEED    22   HIGHEST WIND DIRECTION    SE (140)
  HIGHEST GUST SPEED    31   HIGHEST GUST DIRECTION    SE (150)
  AVERAGE WIND SPEED     9.4


SKY COVER
  AVERAGE SKY COVER 0.1


WEATHER CONDITIONS
THE FOLLOWING WEATHER WAS RECORDED TODAY.
  NO SIGNIFICANT WEATHER WAS OBSERVED.


RELATIVE HUMIDITY (PERCENT)
 HIGHEST    81           600 AM
 LOWEST     53          1000 AM
 AVERAGE    67

..........................................................


THE MELBOURNE CLIMATE NORMALS FOR TOMORROW
                         NORMAL    RECORD    YEAR
 MAXIMUM TEMPERATURE (F)   86        95      1978
 MINIMUM TEMPERATURE (F)   69        52      1992


SUNRISE AND SUNSET
MAY  9 2021...........SUNRISE   636 AM EDT   SUNSET   802 PM EDT
MAY 10 2021...........SUNRISE   636 AM EDT   SUNSET   803 PM EDT


-  INDICATES NEGATIVE NUMBERS.
R  INDICATES RECORD WAS SET OR TIED.
MM INDICATES DATA IS MISSING.
T  INDICATES TRACE AMOUNT.




$$
