000
CDUS42 KMLB 260641
CLIMLB


CLIMATE REPORT
NATIONAL WEATHER SERVICE MELBOURNE FL
230 AM EDT THU APR 26 2018


...................................

...THE MELBOURNE CLIMATE SUMMARY FOR APRIL 25 2018...

CLIMATE NORMAL PERIOD 1981 TO 2010
CLIMATE RECORD PERIOD 1939 TO 2018


WEATHER ITEM   OBSERVED TIME   RECORD YEAR NORMAL DEPARTURE LAST
                VALUE   (LST)  VALUE       VALUE  FROM      YEAR
                                                  NORMAL
..................................................................
TEMPERATURE (F)
 YESTERDAY
  MAXIMUM         85    404 PM  97    1967  82      3       84
  MINIMUM         61    553 AM  40    1968  62     -1       61
  AVERAGE         73                        72      1       73

PRECIPITATION (IN)
  YESTERDAY        0.00          1.42 1991   0.06  -0.06     0.00
  MONTH TO DATE    2.95                      1.80   1.15     0.22
  SINCE MAR 1      3.40                      5.08  -1.68     0.63
  SINCE JAN 1      6.57                      9.88  -3.31     5.52

SNOWFALL (IN)
  YESTERDAY        0.0
  MONTH TO DATE    0.0
  SINCE JUL 1      0.0

DEGREE DAYS
 HEATING
  YESTERDAY        0                         0      0        0
  MONTH TO DATE    2                        15    -13        3
  SINCE MAR 1     89                        86      3       42
  SINCE JUL 1    342                       575   -233      220

 COOLING
  YESTERDAY        8                         7      1        8
  MONTH TO DATE  238                       138    100      264
  SINCE MAR 1    366                       237    129      449
  SINCE JAN 1    699                       335    364      627
..................................................................


WIND (MPH)
  HIGHEST WIND SPEED    17   HIGHEST WIND DIRECTION     W (260)
  HIGHEST GUST SPEED    25   HIGHEST GUST DIRECTION     W (270)
  AVERAGE WIND SPEED     9.2


SKY COVER
  AVERAGE SKY COVER 0.2


WEATHER CONDITIONS
 THE FOLLOWING WEATHER WAS RECORDED YESTERDAY.
  NO SIGNIFICANT WEATHER WAS OBSERVED.


RELATIVE HUMIDITY (PERCENT)
 HIGHEST    97           600 AM
 LOWEST     40           300 PM
 AVERAGE    69

..........................................................


THE MELBOURNE CLIMATE NORMALS FOR TODAY
                         NORMAL    RECORD    YEAR
 MAXIMUM TEMPERATURE (F)   82        93      2015
 MINIMUM TEMPERATURE (F)   62        47      1983
                                             1968


SUNRISE AND SUNSET
APRIL 26 2018.........SUNRISE   647 AM EDT   SUNSET   754 PM EDT
APRIL 27 2018.........SUNRISE   646 AM EDT   SUNSET   755 PM EDT


-  INDICATES NEGATIVE NUMBERS.
R  INDICATES RECORD WAS SET OR TIED.
MM INDICATES DATA IS MISSING.
T  INDICATES TRACE AMOUNT.




$$
