000
CDUS42 KMLB 100623
CLIMLB

CLIMATE REPORT
NATIONAL WEATHER SERVICE MELBOURNE FL
223 AM EDT FRI JUL 10 2020

...................................

...THE MELBOURNE CLIMATE SUMMARY FOR JULY 9 2020...

CLIMATE NORMAL PERIOD 1981 TO 2010
CLIMATE RECORD PERIOD 1939 TO 2020


WEATHER ITEM   OBSERVED TIME   RECORD YEAR NORMAL DEPARTURE LAST
                VALUE   (LST)  VALUE       VALUE  FROM      YEAR
                                                  NORMAL
...................................................................
TEMPERATURE (F)
 YESTERDAY
  MAXIMUM         94    350 PM  95    1975  90      4       91
                                      1995
                                      1998
  MINIMUM         76    609 AM  66    1974  72      4       77
  AVERAGE         85                        81      4       84

PRECIPITATION (IN)
  YESTERDAY        0.00          2.73 1962   0.19  -0.19     0.12
  MONTH TO DATE    6.36                      1.75   4.61     1.82
  SINCE JUN 1     12.01                      8.46   3.55     8.34
  SINCE JAN 1     24.55                     21.96   2.59    27.11

SNOWFALL (IN)
  YESTERDAY        0.0
  MONTH TO DATE    0.0
  SINCE JUL 1      0.0

DEGREE DAYS
 HEATING
  YESTERDAY        0                         0      0        0
  MONTH TO DATE    0                         0      0        0
  SINCE JUN 1      0                         0      0        0
  SINCE JUL 1      0                         0      0        0

 COOLING
  YESTERDAY       20                        16      4       19
  MONTH TO DATE  164                       144     20      179
  SINCE JUN 1    630                       606     24      730
  SINCE JAN 1   1726                      1332    394     1842
...................................................................


WIND (MPH)
  HIGHEST WIND SPEED    15   HIGHEST WIND DIRECTION     W (280)
  HIGHEST GUST SPEED    21   HIGHEST GUST DIRECTION     W (270)
  AVERAGE WIND SPEED     9.3


SKY COVER
  AVERAGE SKY COVER 0.2


WEATHER CONDITIONS
THE FOLLOWING WEATHER WAS RECORDED YESTERDAY.
  NO SIGNIFICANT WEATHER WAS OBSERVED.


RELATIVE HUMIDITY (PERCENT)
 HIGHEST   100           500 AM
 LOWEST     54           400 PM
 AVERAGE    77

..........................................................


THE MELBOURNE CLIMATE NORMALS FOR TODAY
                         NORMAL    RECORD    YEAR
 MAXIMUM TEMPERATURE (F)   91        98      1964
 MINIMUM TEMPERATURE (F)   72        64      1979


SUNRISE AND SUNSET
JULY 10 2020..........SUNRISE   634 AM EDT   SUNSET   822 PM EDT
JULY 11 2020..........SUNRISE   634 AM EDT   SUNSET   822 PM EDT


-  INDICATES NEGATIVE NUMBERS.
R  INDICATES RECORD WAS SET OR TIED.
MM INDICATES DATA IS MISSING.
T  INDICATES TRACE AMOUNT.




$$
