000
CDUS42 KMLB 190640
CLIMLB

CLIMATE REPORT
NATIONAL WEATHER SERVICE MELBOURNE FL
240 AM EDT MON APR 19 2021

...................................

...THE MELBOURNE CLIMATE SUMMARY FOR APRIL 18 2021...

CLIMATE NORMAL PERIOD 1981 TO 2010
CLIMATE RECORD PERIOD 1939 TO 2021


WEATHER ITEM   OBSERVED TIME   RECORD YEAR NORMAL DEPARTURE LAST
                VALUE   (LST)  VALUE       VALUE  FROM      YEAR
                                                  NORMAL
...................................................................
TEMPERATURE (F)
 YESTERDAY
  MAXIMUM         89    126 PM  91    2015  81      8       78
  MINIMUM         72   1159 PM  45    1983  60     12       69
  AVERAGE         81                        71     10       74

PRECIPITATION (IN)
  YESTERDAY        0.00          1.23 2014   0.07  -0.07     0.34
  MONTH TO DATE    1.61                      1.35   0.26     1.86
  SINCE MAR 1      2.48                      4.63  -2.15     1.96
  SINCE JAN 1      5.13                      9.43  -4.30     5.24

SNOWFALL (IN)
  YESTERDAY        0.0
  MONTH TO DATE    0.0
  SINCE JUL 1      0.0

DEGREE DAYS
 HEATING
  YESTERDAY        0                         0      0        0
  MONTH TO DATE   12                        15     -3        1
  SINCE MAR 1     24                        86    -62       23
  SINCE JUL 1    410                       575   -165      300

 COOLING
  YESTERDAY       16                         6     10        9
  MONTH TO DATE  109                        91     18      174
  SINCE MAR 1    275                       190     85      398
  SINCE JAN 1    489                       288    201      635
...................................................................


WIND (MPH)
  HIGHEST WIND SPEED    22   HIGHEST WIND DIRECTION     N (20)
  HIGHEST GUST SPEED    27   HIGHEST GUST DIRECTION     N (20)
  AVERAGE WIND SPEED     8.5


SKY COVER
  AVERAGE SKY COVER 0.5


WEATHER CONDITIONS
THE FOLLOWING WEATHER WAS RECORDED YESTERDAY.
  NO SIGNIFICANT WEATHER WAS OBSERVED.


RELATIVE HUMIDITY (PERCENT)
 HIGHEST    91           900 PM
 LOWEST     48           100 PM
 AVERAGE    70

..........................................................


THE MELBOURNE CLIMATE NORMALS FOR TODAY
                         NORMAL    RECORD    YEAR
 MAXIMUM TEMPERATURE (F)   81        93      2015
 MINIMUM TEMPERATURE (F)   61        41      1997


SUNRISE AND SUNSET
APRIL 19 2021.........SUNRISE   653 AM EDT   SUNSET   750 PM EDT
APRIL 20 2021.........SUNRISE   652 AM EDT   SUNSET   751 PM EDT


-  INDICATES NEGATIVE NUMBERS.
R  INDICATES RECORD WAS SET OR TIED.
MM INDICATES DATA IS MISSING.
T  INDICATES TRACE AMOUNT.




$$
