000
CDUS42 KMLB 220632
CLIMLB


CLIMATE REPORT
NATIONAL WEATHER SERVICE MELBOURNE FL
231 AM EDT SUN APR 22 2018


...................................

...THE MELBOURNE CLIMATE SUMMARY FOR APRIL 21 2018...

CLIMATE NORMAL PERIOD 1981 TO 2010
CLIMATE RECORD PERIOD 1939 TO 2018


WEATHER ITEM   OBSERVED TIME   RECORD YEAR NORMAL DEPARTURE LAST
                VALUE   (LST)  VALUE       VALUE  FROM      YEAR
                                                  NORMAL
..................................................................
TEMPERATURE (F)
 YESTERDAY
  MAXIMUM         82    150 PM  92    1944  82      0       84
  MINIMUM         72    818 PM  49    1953  61     11       73
  AVERAGE         77                        71      6       79

PRECIPITATION (IN)
  YESTERDAY        0.29          1.30 1992   0.06   0.23      T
  MONTH TO DATE    1.58                      1.54   0.04     0.19
  SINCE MAR 1      2.03                      4.82  -2.79     0.60
  SINCE JAN 1      5.20                      9.62  -4.42     5.49

SNOWFALL (IN)
  YESTERDAY        0.0
  MONTH TO DATE    0.0
  SINCE JUL 1      0.0

DEGREE DAYS
 HEATING
  YESTERDAY        0                         0      0        0
  MONTH TO DATE    2                        15    -13        3
  SINCE MAR 1     89                        86      3       42
  SINCE JUL 1    342                       575   -233      220

 COOLING
  YESTERDAY       12                         7      5       14
  MONTH TO DATE  191                       110     81      218
  SINCE MAR 1    319                       209    110      403
  SINCE JAN 1    652                       307    345      581
..................................................................


WIND (MPH)
  HIGHEST WIND SPEED    28   HIGHEST WIND DIRECTION     E (100)
  HIGHEST GUST SPEED    32   HIGHEST GUST DIRECTION     E (100)
  AVERAGE WIND SPEED    17.1


SKY COVER
  AVERAGE SKY COVER 0.8


WEATHER CONDITIONS
 THE FOLLOWING WEATHER WAS RECORDED YESTERDAY.
  HEAVY RAIN
  RAIN
  LIGHT RAIN
  FOG


RELATIVE HUMIDITY (PERCENT)
 HIGHEST    90          1200 AM
 LOWEST     62           200 PM
 AVERAGE    76

..........................................................


THE MELBOURNE CLIMATE NORMALS FOR TODAY
                         NORMAL    RECORD    YEAR
 MAXIMUM TEMPERATURE (F)   82        93      1972
                                             1963
 MINIMUM TEMPERATURE (F)   61        49      1993
                                             1968


SUNRISE AND SUNSET
APRIL 22 2018.........SUNRISE   651 AM EDT   SUNSET   752 PM EDT
APRIL 23 2018.........SUNRISE   650 AM EDT   SUNSET   753 PM EDT


-  INDICATES NEGATIVE NUMBERS.
R  INDICATES RECORD WAS SET OR TIED.
MM INDICATES DATA IS MISSING.
T  INDICATES TRACE AMOUNT.




$$
