000
CXUS52 KMLB 011320
CLMMLB

CLIMATE REPORT
NATIONAL WEATHER SERVICE MELBOURNE FL
920 AM EDT SUN MAY 01 2022

...................................

...THE MELBOURNE CLIMATE SUMMARY FOR THE MONTH OF APRIL 2022...

CLIMATE NORMAL PERIOD 1991 TO 2020
CLIMATE RECORD PERIOD 1939 TO 2022

WEATHER         OBSERVED          NORMAL  DEPART   LAST YEAR`S
                VALUE   DATE(S)   VALUE   FROM     VALUE
                                          NORMAL
..............................................................
TEMPERATURE (F)
MONTHLY RECORD
 WARMEST        77.1   2015
 COOLEST        65.7   1987
DAILY RECORD
 HIGH             97   04/15/1999
                       04/25/1967
 LOW              35   04/08/1971
APRIL 2022
HIGHEST           90   04/06                          91
LOWEST            46   04/10                          50
AVG. MAXIMUM    80.5               82.3    -1.8     81.3
AVG. MINIMUM    66.0               63.9     2.1     63.4
MEAN            73.3               73.1     0.2     72.3
DAYS MAX >= 90     1                1.5    -0.5        1
DAYS MAX <= 32     0                0.0     0.0        0
DAYS MIN <= 32     0                0.0     0.0        0
DAYS MIN <= 0      0                0.0     0.0        0

PRECIPITATION (INCHES)
MONTHLY RECORD
 MAXIMUM        8.15   1951
 MINIMUM        0.01   1987
DAILY RECORD
 MAXIMUM        4.46   04/01/2022
APRIL 2022
TOTALS          5.82               2.29    3.53     2.76
DAYS >= .01        5                6.4    -1.4        4
DAYS >= .10        3                3.8    -0.8        3
DAYS >= .50        2                1.6     0.4        2
DAYS >= 1.00       2                0.4     1.6        1
GREATEST
 24 HR. TOTAL   4.62   04/01 TO 04/02

SNOWFALL (INCHES)
TOTALS           0.0                 MM      MM      0.0
SINCE 7/1        0.0                 MM      MM       MM
DAYS >= TRACE      0                                   0

DEGREE DAYS
HEATING TOTAL      9                  9       0       12
 SINCE 7/1       303                385     -82       MM
COOLING TOTAL    266                252      14      238
 SINCE 1/1       648                585      63       MM
..............................................................

WIND (MPH)
AVERAGE WIND SPEED              10.6
HIGHEST WIND SPEED/DIRECTION    31/310    DATE  04/02
HIGHEST GUST SPEED/DIRECTION    40/300    DATE  04/07

SKY COVER
POSSIBLE SUNSHINE (PERCENT)   MM
AVERAGE SKY COVER           0.31
NUMBER OF DAYS FAIR           17
NUMBER OF DAYS PC             13
NUMBER OF DAYS CLOUDY          0

AVERAGE RH (PERCENT)     71

WEATHER CONDITIONS. NUMBER OF DAYS WITH
THUNDERSTORM              5     MIXED PRECIP               0
HEAVY RAIN                2     RAIN                       3
LIGHT RAIN                5     LT FREEZING RAIN           0
HAIL                      0     LIGHT SNOW                 0
SLEET                     0     FOG                        3
FOG W/VIS <= 1/4 MILE     2     HAZE                       0

-  INDICATES NEGATIVE NUMBERS.
R  INDICATES RECORD WAS SET OR TIED.
MM INDICATES DATA IS MISSING.
T  INDICATES TRACE AMOUNT.

$$
