000
CXUS52 KMLB 011322
CLMMLB

CLIMATE REPORT
NATIONAL WEATHER SERVICE MELBOURNE FL
922 AM EDT SAT MAY 01 2021

...................................

...THE MELBOURNE CLIMATE SUMMARY FOR THE MONTH OF APRIL 2021...

CLIMATE NORMAL PERIOD 1981 TO 2010
CLIMATE RECORD PERIOD 1939 TO 2021

WEATHER         OBSERVED          NORMAL  DEPART   LAST YEAR`S
                VALUE   DATE(S)   VALUE   FROM     VALUE
                                          NORMAL
..............................................................
TEMPERATURE (F)
MONTHLY RECORD
 HOTTEST        77.1   2015
 COLDEST        65.7   1987
DAILY RECORD
 HIGH             97   04/15/1999
                       04/25/1967
 LOW              35   04/08/1971
APRIL 2021
HIGHEST           91   04/30                          96
LOWEST            50   04/02                          53
                       04/03
AVG. MAXIMUM    81.3               80.8     0.5     82.5
AVG. MINIMUM    63.4               60.0     3.4     65.7
MEAN            72.3               70.4     1.9     74.1
DAYS MAX >= 90     1                1.0     0.0        5
DAYS MAX <= 32     0                0.0     0.0        0
DAYS MIN <= 32     0                0.0     0.0        0
DAYS MIN <= 0      0                0.0     0.0        0

PRECIPITATION (INCHES)
MONTHLY RECORD
 MAXIMUM        8.15   1951
 MINIMUM        0.01   1987
DAILY RECORD
 MAXIMUM        4.29   04/04/1973
APRIL 2021
TOTALS          2.76               2.13    0.63     3.96
DAYS >= .01        4                5.8    -1.8       10
DAYS >= .10        3                3.5    -0.5        5
DAYS >= .50        2                1.8     0.2        2
DAYS >= 1.00       1                0.5     0.5        1
GREATEST
 24 HR. TOTAL   1.61   04/11 TO 04/11

SNOWFALL (INCHES)
TOTALS           0.0                0.0     0.0      0.0
SINCE 7/1        0.0                0.0     0.0       MM
DAYS >= TRACE      0                                   0

DEGREE DAYS
HEATING TOTAL     12                 16      -4        1
 SINCE 7/1       410                575    -165       MM
COOLING TOTAL    238                178      60      283
 SINCE 1/1       618                375     243       MM
..............................................................

WIND (MPH)
AVERAGE WIND SPEED              9.8
HIGHEST WIND SPEED/DIRECTION    38/340    DATE  04/11
HIGHEST GUST SPEED/DIRECTION    48/350    DATE  04/11

SKY COVER
POSSIBLE SUNSHINE (PERCENT)   MM
AVERAGE SKY COVER           0.28
NUMBER OF DAYS FAIR           21
NUMBER OF DAYS PC              8
NUMBER OF DAYS CLOUDY          1

AVERAGE RH (PERCENT)     68

WEATHER CONDITIONS. NUMBER OF DAYS WITH
THUNDERSTORM              5     MIXED PRECIP               0
HEAVY RAIN                4     RAIN                       3
LIGHT RAIN                7     LT FREEZING RAIN           0
HAIL                      0     LIGHT SNOW                 0
SLEET                     0     FOG                        7
FOG W/VIS <= 1/4 MILE     1     HAZE                       4

-  INDICATES NEGATIVE NUMBERS.
R  INDICATES RECORD WAS SET OR TIED.
MM INDICATES DATA IS MISSING.
T  INDICATES TRACE AMOUNT.

$$
