000
CXUS52 KMLB 011627
CLMMLB

CLIMATE REPORT
NATIONAL WEATHER SERVICE MELBOURNE FL
1227 PM EDT WED JUL 01 2020

...................................

...THE MELBOURNE CLIMATE SUMMARY FOR THE MONTH OF JUNE 2020...

CLIMATE NORMAL PERIOD 1981 TO 2010
CLIMATE RECORD PERIOD 1939 TO 2020

WEATHER         OBSERVED          NORMAL  DEPART   LAST YEAR`S
                VALUE   DATE(S)   VALUE   FROM     VALUE
                                          NORMAL
..............................................................
TEMPERATURE (F)
MONTHLY RECORD
 HOTTEST        85.0   1998
 COOLEST        77.0   1966
DAILY RECORD
 HIGH            101   06/14/1998
                       06/06/1998
 LOW              55   06/02/1984
JUNE 2020
HIGHEST           96   06/30                          96
LOWEST            67   06/16                          71
AVG. MAXIMUM    87.3               89.1    -1.8     91.0
AVG. MINIMUM    73.3               71.7     1.6     75.1
MEAN            80.3               80.4    -0.1     83.1
DAYS MAX >= 90     8               11.8    -3.8       22
DAYS MAX <= 32     0                0.0     0.0        0
DAYS MIN <= 32     0                0.0     0.0        0
DAYS MIN <= 0      0                0.0     0.0        0

PRECIPITATION (INCHES)
MONTHLY RECORD
 MAXIMUM       15.98   1966
 MINIMUM        0.16   1998
DAILY RECORD
 MAXIMUM        5.28   06/02/2007
JUNE 2020
TOTALS          5.65               6.71   -1.06     6.52
DAYS >= .01       12               12.9    -0.9       13
DAYS >= .10        7                9.2    -2.2        9
DAYS >= .50        4                4.6    -0.6        6
DAYS >= 1.00       2                2.1    -0.1        2
GREATEST
 24 HR. TOTAL   1.65   06/02 TO 06/02

SNOWFALL (INCHES)
TOTALS           0.0                0.0     0.0      0.0
SINCE 7/1        0.0                0.0     0.0
DAYS >= TRACE      0                                   0

DEGREE DAYS
HEATING TOTAL      0                  0       0        0
 SINCE 7/1       300                577    -277      332
COOLING TOTAL    451                462     -11      551
 SINCE 1/1      1562               1188     374     1663
..............................................................

WIND (MPH)
AVERAGE WIND SPEED              7.6
HIGHEST WIND SPEED/DIRECTION    37/020    DATE  06/23
HIGHEST GUST SPEED/DIRECTION    58/030    DATE  06/23

SKY COVER
POSSIBLE SUNSHINE (PERCENT)   MM
AVERAGE SKY COVER           0.28
NUMBER OF DAYS FAIR           24
NUMBER OF DAYS PC              3
NUMBER OF DAYS CLOUDY          2

AVERAGE RH (PERCENT)     82

WEATHER CONDITIONS. NUMBER OF DAYS WITH
THUNDERSTORM              9     MIXED PRECIP               0
HEAVY RAIN                7     RAIN                       7
LIGHT RAIN               18     LT FREEZING RAIN           0
HAIL                      0     LIGHT SNOW                 0
SLEET                     0     FOG                       11
FOG W/VIS <= 1/4 MILE     0     HAZE                       3

-  INDICATES NEGATIVE NUMBERS.
R  INDICATES RECORD WAS SET OR TIED.
MM INDICATES DATA IS MISSING.
T  INDICATES TRACE AMOUNT.

$$
