000
CXUS52 KMLB 021838
CLMMLB

CLIMATE REPORT
NATIONAL WEATHER SERVICE MELBOURNE FL
238 PM EDT FRI APR 02 2021

...................................

...THE MELBOURNE CLIMATE SUMMARY FOR THE MONTH OF MARCH 2021...

CLIMATE NORMAL PERIOD 1981 TO 2010
CLIMATE RECORD PERIOD 1939 TO 2021

WEATHER         OBSERVED          NORMAL  DEPART   LAST YEAR`S
                VALUE   DATE(S)   VALUE   FROM     VALUE
                                          NORMAL
..............................................................
TEMPERATURE (F)
MONTHLY RECORD
 HOTTEST        72.7   1948
 COLDEST        60.2   1969
DAILY RECORD
 HIGH             93   03/28/1994
 LOW              25   03/03/1980
MARCH 2021
HIGHEST           91   03/18                          90
                       03/28
LOWEST            47   03/05                          40
AVG. MAXIMUM    79.4               76.7     2.7     80.5
AVG. MINIMUM    60.1               55.1     5.0     61.9
MEAN            69.7               65.9     3.8     71.2
DAYS MAX >= 90     2                0.2     1.8        2
DAYS MAX <= 32     0                0.0     0.0        0
DAYS MIN <= 32     0                0.0     0.0        0
DAYS MIN <= 0      0                0.0     0.0        0

PRECIPITATION (INCHES)
MONTHLY RECORD
 MAXIMUM       11.58   1996
 MINIMUM        0.03   1956
DAILY RECORD
 MAXIMUM        5.24   03/11/2021
TOTALS          0.87               3.28   -2.41     0.10
DAYS >= .01        5                7.3    -2.3        2
DAYS >= .10        2                4.5    -2.5        0
DAYS >= .50        1                2.0    -1.0        0
DAYS >= 1.00       0                1.0    -1.0        0
GREATEST
 24 HR. TOTAL   0.58   03/31 TO 03/31

SNOWFALL (INCHES)
TOTALS           0.0                0.0     0.0      0.0
SINCE 7/1        0.0                0.0     0.0      0.0
DAYS >= TRACE      0                                   0

DEGREE DAYS
HEATING TOTAL     12                 71     -59       22
 SINCE 7/1       398                559    -161       MM
COOLING TOTAL    166                 99      67      224
 SINCE 1/1       380                197     183       MM
..............................................................

WIND (MPH)
AVERAGE WIND SPEED              9.7
HIGHEST WIND SPEED/DIRECTION    29/360    DATE  03/07
HIGHEST GUST SPEED/DIRECTION    37/350    DATE  03/07

SKY COVER
POSSIBLE SUNSHINE (PERCENT)   MM
AVERAGE SKY COVER           0.29
NUMBER OF DAYS FAIR           22
NUMBER OF DAYS PC              8
NUMBER OF DAYS CLOUDY          1

AVERAGE RH (PERCENT)     72

WEATHER CONDITIONS. NUMBER OF DAYS WITH
THUNDERSTORM              2     MIXED PRECIP               0
HEAVY RAIN                2     RAIN                       3
LIGHT RAIN                7     LT FREEZING RAIN           0
HAIL                      0     LIGHT SNOW                 0
SLEET                     0     FOG                       12
FOG W/VIS <= 1/4 MILE     5     HAZE                       1

-  INDICATES NEGATIVE NUMBERS.
R  INDICATES RECORD WAS SET OR TIED.
MM INDICATES DATA IS MISSING.
T  INDICATES TRACE AMOUNT.

$$
