000
CDUS42 KMLB 092016
CLISFB

CLIMATE REPORT
NATIONAL WEATHER SERVICE MELBOURNE FL
416 PM EDT SUN MAY 09 2021

...................................

...THE SANFORD CLIMATE SUMMARY FOR MAY 9 2021...
VALID TODAY AS OF 0400 PM LOCAL TIME.

CLIMATE NORMAL PERIOD 1991 TO 2020
CLIMATE RECORD PERIOD 1948 TO 2021


WEATHER ITEM   OBSERVED TIME   RECORD YEAR NORMAL DEPARTURE LAST
                VALUE   (LST)  VALUE       VALUE  FROM      YEAR
                                                  NORMAL
...................................................................
TEMPERATURE (F)
 TODAY
  MAXIMUM         88    259 PM  97    2009  88      0       83
  MINIMUM         64    603 AM  48    1992  66     -2       66
  AVERAGE         76                        77     -1       75

PRECIPITATION (IN)
  TODAY            0.00          1.93 1979   0.09  -0.09     0.00
  MONTH TO DATE    1.38                      0.70   0.68      T
  SINCE MAR 1      5.55                      5.90  -0.35     2.30
  SINCE JAN 1      9.26                     10.51  -1.25     5.07

SNOWFALL (IN)
  TODAY            0.0
  MONTH TO DATE    0.0
  SINCE JUL 1      0.0

DEGREE DAYS
 HEATING
  TODAY            0                         0      0        0
  MONTH TO DATE    0                         0      0        0
  SINCE MAR 1     44                        68    -24       20
  SINCE JUL 1    480                       557    -77      345

 COOLING
  TODAY           11                        12     -1       10
  MONTH TO DATE  128                        97     31       81
  SINCE MAR 1    514                       449     65      667
  SINCE JAN 1    698                       559    139      884
...................................................................


WIND (MPH)
  HIGHEST WIND SPEED    17   HIGHEST WIND DIRECTION    SE (140)
  HIGHEST GUST SPEED    23   HIGHEST GUST DIRECTION    SE (150)
  AVERAGE WIND SPEED     5.5


SKY COVER
  AVERAGE SKY COVER 0.0


WEATHER CONDITIONS
THE FOLLOWING WEATHER WAS RECORDED TODAY.
  NO SIGNIFICANT WEATHER WAS OBSERVED.


RELATIVE HUMIDITY (PERCENT)
 HIGHEST    81           700 AM
 LOWEST     43           200 PM
 AVERAGE    62

..........................................................


THE SANFORD CLIMATE NORMALS FOR TOMORROW
                         NORMAL    RECORD    YEAR
 MAXIMUM TEMPERATURE (F)   88        98      2009
 MINIMUM TEMPERATURE (F)   66        52      1984


SUNRISE AND SUNSET
MAY  9 2021...........SUNRISE   638 AM EDT   SUNSET   806 PM EDT
MAY 10 2021...........SUNRISE   637 AM EDT   SUNSET   806 PM EDT


-  INDICATES NEGATIVE NUMBERS.
R  INDICATES RECORD WAS SET OR TIED.
MM INDICATES DATA IS MISSING.
T  INDICATES TRACE AMOUNT.




$$
