000
CDUS42 KMLB 050625
CLISFB

CLIMATE REPORT
NATIONAL WEATHER SERVICE MELBOURNE FL
225 AM EDT TUE JUL 05 2022

...................................

...THE SANFORD CLIMATE SUMMARY FOR JULY 4 2022...

CLIMATE NORMAL PERIOD 1991 TO 2020
CLIMATE RECORD PERIOD 1948 TO 2022


WEATHER ITEM   OBSERVED TIME   RECORD YEAR NORMAL DEPARTURE LAST
                VALUE   (LST)  VALUE       VALUE  FROM      YEAR
                                                  NORMAL
...................................................................
TEMPERATURE (F)
 YESTERDAY
  MAXIMUM         93    254 PM  98    1997  92      1       89
  MINIMUM         73    450 AM  64    1975  74     -1       75
  AVERAGE         83                        83      0       82

PRECIPITATION (IN)
  YESTERDAY        0.00          1.95 1951   0.23  -0.23     0.15
  MONTH TO DATE    0.79                      1.00  -0.21     0.77
  SINCE JUN 1      4.99                      9.19  -4.20     7.65
  SINCE JAN 1     21.22                     22.31  -1.09    16.91

SNOWFALL (IN)
  YESTERDAY        0.0
  MONTH TO DATE    0.0
  SINCE JUL 1      0.0

DEGREE DAYS
 HEATING
  YESTERDAY        0                         0      0        0
  MONTH TO DATE    0                         0      0        0
  SINCE JUN 1      0                         0      0        0
  SINCE JUL 1      0                         0      0        0

 COOLING
  YESTERDAY       18                        18      0       17
  MONTH TO DATE   70                        72     -2       64
  SINCE JUN 1    606                       578     28      585
  SINCE JAN 1   1611                      1436    175     1560
...................................................................


WIND (MPH)
  RESULTANT WIND SPEED   4   RESULTANT WIND DIRECTION   E (110)
  HIGHEST WIND SPEED    16   HIGHEST WIND DIRECTION     E (100)
  HIGHEST GUST SPEED    20   HIGHEST GUST DIRECTION     E (100)
  AVERAGE WIND SPEED     5.0


SKY COVER
  POSSIBLE SUNSHINE  MM
  AVERAGE SKY COVER 0.1


WEATHER CONDITIONS
THE FOLLOWING WEATHER WAS RECORDED YESTERDAY.
  FOG


RELATIVE HUMIDITY (PERCENT)
 HIGHEST   100           600 AM
 LOWEST     46           200 PM
 AVERAGE    73

..........................................................


THE SANFORD CLIMATE NORMALS FOR TODAY
                         NORMAL    RECORD    YEAR
 MAXIMUM TEMPERATURE (F)   92        97      1953
 MINIMUM TEMPERATURE (F)   74        66      1983


SUNRISE AND SUNSET
JULY  5 2022..........SUNRISE   632 AM EDT   SUNSET   827 PM EDT
JULY  6 2022..........SUNRISE   632 AM EDT   SUNSET   827 PM EDT


-  INDICATES NEGATIVE NUMBERS.
R  INDICATES RECORD WAS SET OR TIED.
MM INDICATES DATA IS MISSING.
T  INDICATES TRACE AMOUNT.




$$
