000
CDUS42 KMLB 190640
CLISFB

CLIMATE REPORT
NATIONAL WEATHER SERVICE MELBOURNE FL
240 AM EDT MON APR 19 2021

...................................

...THE SANFORD CLIMATE SUMMARY FOR APRIL 18 2021...

CLIMATE NORMAL PERIOD 1981 TO 2010
CLIMATE RECORD PERIOD 1948 TO 2021


WEATHER ITEM   OBSERVED TIME   RECORD YEAR NORMAL DEPARTURE LAST
                VALUE   (LST)  VALUE       VALUE  FROM      YEAR
                                                  NORMAL
...................................................................
TEMPERATURE (F)
 YESTERDAY
  MAXIMUM         82    349 PM  94    1967  83     -1       83
  MINIMUM         66    545 AM  45    1952  61      5       71
  AVERAGE         74                        72      2       77

PRECIPITATION (IN)
  YESTERDAY        0.25          0.29 2014   0.07   0.18     0.23
  MONTH TO DATE    2.25                      1.63   0.62     0.74
  SINCE MAR 1      2.89                      5.74  -2.85     1.16
  SINCE JAN 1      6.60                     10.91  -4.31     3.93

SNOWFALL (IN)
  YESTERDAY        0.0
  MONTH TO DATE    0.0
  SINCE JUL 1      0.0

DEGREE DAYS
 HEATING
  YESTERDAY        0                         0      0        0
  MONTH TO DATE   12                        15     -3        0
  SINCE MAR 1     44                        73    -29       20
  SINCE JUL 1    480                       598   -118      345

 COOLING
  YESTERDAY        9                         7      2       12
  MONTH TO DATE  108                       110     -2      168
  SINCE MAR 1    291                       218     73      461
  SINCE JAN 1    475                       314    161      678
...................................................................


WIND (MPH)
  RESULTANT WIND SPEED   2   RESULTANT WIND DIRECTION  NE (50)
  HIGHEST WIND SPEED    17   HIGHEST WIND DIRECTION    NW (320)
  HIGHEST GUST SPEED    23   HIGHEST GUST DIRECTION     N (360)
  AVERAGE WIND SPEED     6.0


SKY COVER
  POSSIBLE SUNSHINE  MM
  AVERAGE SKY COVER 0.6


WEATHER CONDITIONS
THE FOLLOWING WEATHER WAS RECORDED YESTERDAY.
  THUNDERSTORM
  HEAVY RAIN
  RAIN
  LIGHT RAIN
  FOG


RELATIVE HUMIDITY (PERCENT)
 HIGHEST    97           300 AM
 LOWEST     60           300 PM
 AVERAGE    79

..........................................................


THE SANFORD CLIMATE NORMALS FOR TODAY
                         NORMAL    RECORD    YEAR
 MAXIMUM TEMPERATURE (F)   83        94      2020
 MINIMUM TEMPERATURE (F)   61        43      1997


SUNRISE AND SUNSET
APRIL 19 2021.........SUNRISE   655 AM EDT   SUNSET   754 PM EDT
APRIL 20 2021.........SUNRISE   654 AM EDT   SUNSET   754 PM EDT


-  INDICATES NEGATIVE NUMBERS.
R  INDICATES RECORD WAS SET OR TIED.
MM INDICATES DATA IS MISSING.
T  INDICATES TRACE AMOUNT.




$$
