000
CDUS42 KMLB 100623
CLISFB

CLIMATE REPORT
NATIONAL WEATHER SERVICE MELBOURNE FL
223 AM EDT FRI JUL 10 2020

...................................

...THE SANFORD CLIMATE SUMMARY FOR JULY 9 2020...

CLIMATE NORMAL PERIOD 1981 TO 2010
CLIMATE RECORD PERIOD 1948 TO 2020


WEATHER ITEM   OBSERVED TIME   RECORD YEAR NORMAL DEPARTURE LAST
                VALUE   (LST)  VALUE       VALUE  FROM      YEAR
                                                  NORMAL
...................................................................
TEMPERATURE (F)
 YESTERDAY
  MAXIMUM         95    356 PM 100    2016  92      3       92
  MINIMUM         78    544 AM  67    1977  74      4       77
  AVERAGE         87                        83      4       85

PRECIPITATION (IN)
  YESTERDAY        0.02          1.43 1974   0.25  -0.23     0.66
  MONTH TO DATE    2.88                      2.47   0.41     4.13
  SINCE JUN 1      8.31                      9.68  -1.37    14.38
  SINCE JAN 1     17.74                     24.58  -6.84    25.64

SNOWFALL (IN)
  YESTERDAY        0.0
  MONTH TO DATE    0.0
  SINCE JUL 1      0.0

DEGREE DAYS
 HEATING
  YESTERDAY        0                         0      0        0
  MONTH TO DATE    0                         0      0        0
  SINCE JUN 1      0                         0      0        0
  SINCE JUL 1      0                         0      0        0

 COOLING
  YESTERDAY       22                        18      4       20
  MONTH TO DATE  173                       162     11      184
  SINCE JUN 1    709                       657     52      744
  SINCE JAN 1   1914                      1449    465     1795
...................................................................


WIND (MPH)
  RESULTANT WIND SPEED   9   RESULTANT WIND DIRECTION   W (270)
  HIGHEST WIND SPEED    26   HIGHEST WIND DIRECTION     W (290)
  HIGHEST GUST SPEED    32   HIGHEST GUST DIRECTION     W (290)
  AVERAGE WIND SPEED     9.7


SKY COVER
  POSSIBLE SUNSHINE  MM
  AVERAGE SKY COVER 0.2


WEATHER CONDITIONS
THE FOLLOWING WEATHER WAS RECORDED YESTERDAY.
  THUNDERSTORM
  LIGHT RAIN
  HAZE


RELATIVE HUMIDITY (PERCENT)
 HIGHEST    90           500 AM
 LOWEST     48           400 PM
 AVERAGE    69

..........................................................


THE SANFORD CLIMATE NORMALS FOR TODAY
                         NORMAL    RECORD    YEAR
 MAXIMUM TEMPERATURE (F)   92        97      1969
                                             1995
                                             2007
 MINIMUM TEMPERATURE (F)   74        65      1966


SUNRISE AND SUNSET
JULY 10 2020..........SUNRISE   635 AM EDT   SUNSET   826 PM EDT
JULY 11 2020..........SUNRISE   635 AM EDT   SUNSET   826 PM EDT


-  INDICATES NEGATIVE NUMBERS.
R  INDICATES RECORD WAS SET OR TIED.
MM INDICATES DATA IS MISSING.
T  INDICATES TRACE AMOUNT.




$$
