758
CDUS44 KCRP 160828
CLIVCT

CLIMATE REPORT
NATIONAL WEATHER SERVICE CORPUS CHRISTI TX
228 AM CST MON DEC 16 2019


...................................

...THE VICTORIA CLIMATE SUMMARY FOR DECEMBER 15 2019...

CLIMATE NORMAL PERIOD 1981 TO 2010
CLIMATE RECORD PERIOD 1893 TO 2019


WEATHER ITEM   OBSERVED TIME   RECORD YEAR NORMAL DEPARTURE LAST
                VALUE   (LST)  VALUE       VALUE  FROM      YEAR
                                                  NORMAL
..................................................................
TEMPERATURE (F)
 YESTERDAY
  MAXIMUM         82    314 PM  83    2012  66     16       67
                                      1933
  MINIMUM         61   1224 AM  25    1916  44     17       40
  AVERAGE         72                        55     17       54

PRECIPITATION (IN)
  YESTERDAY        0.00          1.23 1996   0.07  -0.07     0.00
  MONTH TO DATE    0.18                      1.14  -0.96     4.50
  SINCE DEC 1      0.18                      1.14  -0.96     4.50
  SINCE JAN 1     24.68                     40.05 -15.37    37.10

SNOWFALL (IN)
  YESTERDAY        0.0           0.0  2001   0.0    0.0      0.0
  MONTH TO DATE    0.0                       0.0    0.0      0.0
  SINCE DEC 1      0.0                       0.0    0.0      0.0
  SINCE JUL 1      0.0                       0.0    0.0       T
  SNOW DEPTH       0

DEGREE DAYS
 HEATING
  YESTERDAY        0                        11    -11       11
  MONTH TO DATE   75                       145    -70      131
  SINCE DEC 1     75                       145    -70      131
  SINCE JUL 1    298                       308    -10      397

 COOLING
  YESTERDAY        7                         1      6        0
  MONTH TO DATE   22                        15      7        4
  SINCE DEC 1     22                        15      7        4
  SINCE JAN 1   3660                      3138    522     3518
..................................................................


WIND (MPH)
  HIGHEST WIND SPEED    30   HIGHEST WIND DIRECTION     S (180)
  HIGHEST GUST SPEED    41   HIGHEST GUST DIRECTION     S (190)
  AVERAGE WIND SPEED    18.5


SKY COVER
  POSSIBLE SUNSHINE  MM
  AVERAGE SKY COVER 0.8


WEATHER CONDITIONS
 THE FOLLOWING WEATHER WAS RECORDED YESTERDAY.
  FOG
  HAZE


RELATIVE HUMIDITY (PERCENT)
 HIGHEST    93           100 AM
 LOWEST     62          1200 PM
 AVERAGE    78

..........................................................


THE VICTORIA CLIMATE NORMALS FOR TODAY
                         NORMAL    RECORD    YEAR
 MAXIMUM TEMPERATURE (F)   66        85      1933
 MINIMUM TEMPERATURE (F)   44        20      1989


SUNRISE AND SUNSET
DECEMBER 16 2019......SUNRISE   714 AM CST   SUNSET   533 PM CST
DECEMBER 17 2019......SUNRISE   714 AM CST   SUNSET   533 PM CST


-  INDICATES NEGATIVE NUMBERS.
R  INDICATES RECORD WAS SET OR TIED.
MM INDICATES DATA IS MISSING.
T  INDICATES TRACE AMOUNT.




$$
