000
CDUS44 KCRP 110041
CLIVCT

CLIMATE REPORT
NATIONAL WEATHER SERVICE CORPUS CHRISTI TX
738 PM CDT MON AUG 10 2020


...................................

...THE VICTORIA CLIMATE SUMMARY FOR AUGUST 10 2020...
VALID TODAY AS OF 700 PM LOCAL TIME.

CLIMATE NORMAL PERIOD 1981 TO 2010
CLIMATE RECORD PERIOD 1893 TO 2020


WEATHER ITEM   OBSERVED TIME   RECORD YEAR NORMAL DEPARTURE LAST
                VALUE   (LST)  VALUE       VALUE  FROM      YEAR
                                                  NORMAL
..................................................................
TEMPERATURE (F)
 TODAY
  MAXIMUM         96    220 PM 103    1962  96      0      100
                                      1937
                                      1911
  MINIMUM         76    623 AM  63    1989  74      2       77
  AVERAGE         86                        85      1       89

PRECIPITATION (IN)
  TODAY            0.00          2.51 1980   0.08  -0.08     0.00
  MONTH TO DATE    1.14                      0.80   0.34     0.10
  SINCE JUN 1      8.20                      9.44  -1.24     4.69
  SINCE JAN 1     19.04                     24.82  -5.78    14.74

SNOWFALL (IN)
  TODAY            0.0           0.0  2002   0.0    0.0      0.0
                                      2001
  MONTH TO DATE    0.0                       0.0    0.0      0.0
  SINCE JUN 1      0.0                       0.0    0.0      0.0
  SINCE JUL 1      0.0                       0.0    0.0      0.0
  SNOW DEPTH       0

DEGREE DAYS
 HEATING
  TODAY            0                         0      0        0
  MONTH TO DATE    0                         0      0        0
  SINCE JUN 1      0                         0      0        0
  SINCE JUL 1      0                         0      0        0

 COOLING
  TODAY           21                        20      1       24
  MONTH TO DATE  205                       200      5      221
  SINCE JUN 1   1455                      1294    161     1406
  SINCE JAN 1   2500                      1953    547     2174
..................................................................


WIND (MPH)
  HIGHEST WIND SPEED    20   HIGHEST WIND DIRECTION     S (160)
  HIGHEST GUST SPEED    26   HIGHEST GUST DIRECTION    SE (150)


SKY COVER
  POSSIBLE SUNSHINE  MM
  AVERAGE SKY COVER 0.1


WEATHER CONDITIONS
 THE FOLLOWING WEATHER WAS RECORDED TODAY.
  FOG


RELATIVE HUMIDITY (PERCENT)
 HIGHEST    94           600 AM
 LOWEST     43           200 PM
 AVERAGE    69

..........................................................


THE VICTORIA CLIMATE NORMALS FOR TOMORROW
                         NORMAL    RECORD    YEAR
 MAXIMUM TEMPERATURE (F)   96       104      2015
 MINIMUM TEMPERATURE (F)   74        65      1989


SUNRISE AND SUNSET
AUGUST 10 2020........SUNRISE   654 AM CDT   SUNSET   811 PM CDT
AUGUST 11 2020........SUNRISE   655 AM CDT   SUNSET   810 PM CDT


-  INDICATES NEGATIVE NUMBERS.
R  INDICATES RECORD WAS SET OR TIED.
MM INDICATES DATA IS MISSING.
T  INDICATES TRACE AMOUNT.




$$
