000
CDUS44 KCRP 250036
CLIVCT

CLIMATE REPORT
NATIONAL WEATHER SERVICE CORPUS CHRISTI TX
636 PM CST WED FEB 24 2021

...................................

...THE VICTORIA CLIMATE SUMMARY FOR FEBRUARY 24 2021...
VALID TODAY AS OF 0600 PM LOCAL TIME.

CLIMATE NORMAL PERIOD 1981 TO 2010
CLIMATE RECORD PERIOD 1893 TO 2021


WEATHER ITEM   OBSERVED TIME   RECORD YEAR NORMAL DEPARTURE LAST
                VALUE   (LST)  VALUE       VALUE  FROM      YEAR
                                                  NORMAL
...................................................................
TEMPERATURE (F)
 TODAY
  MAXIMUM         80    253 PM  93    1917  70     10       75
  MINIMUM         60   1223 AM  27    1914  48     12       56
                                      1965
  AVERAGE         70                        59     11       66

PRECIPITATION (IN)
  TODAY            0.00          1.84 2005   0.07  -0.07     0.13
  MONTH TO DATE    0.75                      1.76  -1.01     0.35
  SINCE DEC 1      4.49                      6.59  -2.10     3.84
  SINCE JAN 1      1.91                      4.28  -2.37     3.13

SNOWFALL (IN)
  TODAY            0.0           0.0  2002   0.0    0.0      0.0
  MONTH TO DATE    T                         0.0    0.0      0.0
  SINCE DEC 1      T                         0.1   -0.1      0.0
  SINCE JUL 1      T                         0.1   -0.1      0.0
  SNOW DEPTH      MM

DEGREE DAYS
 HEATING
  TODAY            0                         7     -7        0
  MONTH TO DATE  407                       214    193      167
  SINCE DEC 1   1005                       903    102      600
  SINCE JUL 1   1111                      1066     45      823

 COOLING
  TODAY            5                         1      4        1
  MONTH TO DATE   17                        24     -7       36
  SINCE DEC 1     49                        65    -16      125
  SINCE JAN 1     41                        38      3       89
...................................................................


WIND (MPH)
  HIGHEST WIND SPEED    20   HIGHEST WIND DIRECTION     S (180)
  HIGHEST GUST SPEED    26   HIGHEST GUST DIRECTION     S (200)


SKY COVER
  POSSIBLE SUNSHINE  MM
  AVERAGE SKY COVER 1.0


WEATHER CONDITIONS
THE FOLLOWING WEATHER WAS RECORDED TODAY.
  NO SIGNIFICANT WEATHER WAS OBSERVED.


RELATIVE HUMIDITY (PERCENT)
 HIGHEST    97          1200 AM
 LOWEST     60           100 PM
 AVERAGE    79

..........................................................


THE VICTORIA CLIMATE NORMALS FOR TOMORROW
                         NORMAL    RECORD    YEAR
 MAXIMUM TEMPERATURE (F)   70        93      1918
                                             1926
 MINIMUM TEMPERATURE (F)   49        24      1960


SUNRISE AND SUNSET
FEBRUARY 24 2021......SUNRISE   658 AM CST   SUNSET   624 PM CST
FEBRUARY 25 2021......SUNRISE   657 AM CST   SUNSET   625 PM CST


-  INDICATES NEGATIVE NUMBERS.
R  INDICATES RECORD WAS SET OR TIED.
MM INDICATES DATA IS MISSING.
T  INDICATES TRACE AMOUNT.




$$
