000
CDUS44 KCRP 220005
CLIVCT

CLIMATE REPORT
NATIONAL WEATHER SERVICE CORPUS CHRISTI TX
659 PM CDT WED AUG 21 2019

...................................

...THE VICTORIA CLIMATE SUMMARY FOR AUGUST 21 2019...
VALID AS OF 651 PM LOCAL TIME.

CLIMATE NORMAL PERIOD 1981 TO 2010
CLIMATE RECORD PERIOD 1893 TO 2019


WEATHER ITEM   OBSERVED TIME   RECORD YEAR NORMAL DEPARTURE LAST
                VALUE   (LST)  VALUE       VALUE  FROM      YEAR
                                                  NORMAL
..................................................................
TEMPERATURE (F)
 TODAY
  MAXIMUM         93   1052 AM 104    1930  95     -2      101
  MINIMUM         74    445 AM  65    1940  74      0       78
  AVERAGE         84                        84      0       90

PRECIPITATION (IN)
  TODAY            0.65          1.45 1963   0.09   0.56     0.00
  MONTH TO DATE    0.75                      1.70  -0.95     0.22
  SINCE JUN 1      5.34                     10.34  -5.00    11.51
  SINCE JAN 1     15.39                     25.72 -10.33    17.50

SNOWFALL (IN)
  TODAY            0.0           0.0  2002   0.0    0.0      0.0
                                      2001
  MONTH TO DATE    0.0                       0.0    0.0      0.0
  SINCE JUN 1      0.0                       0.0    0.0      0.0
  SINCE JUL 1      0.0                       0.0    0.0      0.0
  SNOW DEPTH       0

DEGREE DAYS
 HEATING
  TODAY            0                         0      0        0
  MONTH TO DATE    0                         0      0        0
  SINCE JUN 1      0                         0      0        0
  SINCE JUL 1      0                         0      0        0

 COOLING
  TODAY           19                        19      0       25
  MONTH TO DATE  463                       417     46      438
  SINCE JUN 1   1648                      1511    137     1643
  SINCE JAN 1   2416                      2170    246     2480
..................................................................


WIND (MPH)
  HIGHEST WIND SPEED    23   HIGHEST WIND DIRECTION    SE (150)
  HIGHEST GUST SPEED    28   HIGHEST GUST DIRECTION    SE (150)


SKY COVER
  POSSIBLE SUNSHINE  MM
  AVERAGE SKY COVER 0.3


WEATHER CONDITIONS
 THE FOLLOWING WEATHER WAS RECORDED TODAY.
  THUNDERSTORM
  RAIN
  LIGHT RAIN
  FOG


RELATIVE HUMIDITY (PERCENT)
 HIGHEST    94           500 AM
 LOWEST     49          1100 AM
 AVERAGE    72

..........................................................


THE VICTORIA CLIMATE NORMALS FOR TOMORROW
                         NORMAL    RECORD    YEAR
 MAXIMUM TEMPERATURE (F)   95       103      2011
                                             1930
                                             1917
 MINIMUM TEMPERATURE (F)   74        65      1940


SUNRISE AND SUNSET
AUGUST 21 2019........SUNRISE   700 AM CDT   SUNSET   801 PM CDT
AUGUST 22 2019........SUNRISE   700 AM CDT   SUNSET   800 PM CDT


-  INDICATES NEGATIVE NUMBERS.
R  INDICATES RECORD WAS SET OR TIED.
MM INDICATES DATA IS MISSING.
T  INDICATES TRACE AMOUNT.




$$
