000
CDUS44 KCRP 202142
CLIVCT

CLIMATE REPORT
NATIONAL WEATHER SERVICE CORPUS CHRISTI TX
439 PM CDT SUN MAY 20 2018


...................................

...THE VICTORIA CLIMATE SUMMARY FOR MAY 20 2018...
VALID AS OF 400 PM LOCAL TIME.

CLIMATE NORMAL PERIOD 1981 TO 2010
CLIMATE RECORD PERIOD 1893 TO 2018


WEATHER ITEM   OBSERVED TIME   RECORD YEAR NORMAL DEPARTURE LAST
                VALUE   (LST)  VALUE       VALUE  FROM      YEAR
                                                  NORMAL
..................................................................
TEMPERATURE (F)
 TODAY
  MAXIMUM         93    234 PM  96    2003  87      6       93
  MINIMUM         74    355 AM  53    2002  68      6       75
  AVERAGE         84                        78      6       84

PRECIPITATION (IN)
  TODAY            0.12          1.67 1967   0.18  -0.06     0.00
  MONTH TO DATE    0.14                      3.31  -3.17     0.26
  SINCE MAR 1      3.48                      8.90  -5.42     8.18
  SINCE JAN 1      5.66                     13.50  -7.84    16.78

SNOWFALL (IN)
  TODAY            0.0
  MONTH TO DATE    0.0
  SINCE MAR 1      0.0
  SINCE JUL 1      2.0
  SNOW DEPTH       0

DEGREE DAYS
 HEATING
  TODAY            0                         0      0        0
  MONTH TO DATE    0                         0      0        0
  SINCE MAR 1     86                       155    -69       36
  SINCE JUL 1   1133                      1248   -115      567

 COOLING
  TODAY           19                        13      6       19
  MONTH TO DATE  278                       216     62      223
  SINCE MAR 1    559                       467     92      642
  SINCE JAN 1    649                       505    144      849
..................................................................


WIND (MPH)
  HIGHEST WIND SPEED    24   HIGHEST WIND DIRECTION     S (160)
  HIGHEST GUST SPEED    33   HIGHEST GUST DIRECTION    SE (150)


SKY COVER
  POSSIBLE SUNSHINE  MM
  AVERAGE SKY COVER 0.6


WEATHER CONDITIONS
 THE FOLLOWING WEATHER WAS RECORDED TODAY.
  THUNDERSTORM
  HEAVY RAIN
  RAIN
  LIGHT RAIN
  FOG


RELATIVE HUMIDITY (PERCENT)
 HIGHEST    94           600 AM
 LOWEST     41           300 PM
 AVERAGE    68

..........................................................


THE VICTORIA CLIMATE NORMALS FOR TOMORROW
                         NORMAL    RECORD    YEAR
 MAXIMUM TEMPERATURE (F)   88        96      1939
 MINIMUM TEMPERATURE (F)   69        56      2009
                                             2002
                                             1926


SUNRISE AND SUNSET
MAY 20 2018...........SUNRISE   634 AM CDT   SUNSET   815 PM CDT
MAY 21 2018...........SUNRISE   633 AM CDT   SUNSET   816 PM CDT


-  INDICATES NEGATIVE NUMBERS.
R  INDICATES RECORD WAS SET OR TIED.
MM INDICATES DATA IS MISSING.
T  INDICATES TRACE AMOUNT.




$$
