000
CXUS52 KMLB 180634
CF6VRB
PRELIMINARY LOCAL CLIMATOLOGICAL DATA (WS FORM: F-6)

                                          STATION:   VERO BEACH
                                          MONTH:     MAY
                                          YEAR:      2022
                                          LATITUDE:   27 39 N
                                          LONGITUDE:  80 25 W

  TEMPERATURE IN F:       :PCPN:    SNOW:  WIND      :SUNSHINE: SKY     :PK WND
================================================================================
1   2   3   4   5  6A  6B    7    8   9   10  11  12  13   14  15   16   17  18
                                     12Z  AVG MX 2MIN
DY MAX MIN AVG DEP HDD CDD  WTR  SNW DPTH SPD SPD DIR MIN PSBL S-S WX    SPD DR
================================================================================

 1  83  71  77   3   0  12 0.00  0.0    0  9.9 17 100   M    M   2 38     22 110
 2  85  63  74  -1   0   9 0.00  0.0    0  9.2 22 120   M    M   2        28 110
 3  85  74  80   5   0  15 0.00  0.0    0 10.5 17 110   M    M   4        23 110
 4  85  66  76   1   0  11    T  0.0    0  6.0 14 140   M    M   2 123    19 120
 5  91  62  77   2   0  12 0.00  0.0    0  7.1 15 130   M    M   1 12     19 130
 6  95  71  83   8   0  18 0.00  0.0    0  9.9 21 250   M    M   1 1      28 250
 7  83  69  76   1   0  11 0.01  0.0    0 11.9 25 260   M    M   2 13     32 270
 8  90  69  80   4   0  15 0.00  0.0    0  9.0 16 260   M    M   1        22 280
 9  82  65  74  -2   0   9 0.00  0.0    0 11.7 21  30   M    M   3        27  30
10  81  65  73  -3   0   8 0.00  0.0    0 14.6 26  20   M    M   5        35  30
11  81  61  71  -5   0   6 0.14  0.0    0 13.7 28 360   M    M   5 1      39  20
12  80  62  71  -5   0   6 0.01  0.0    0  8.7 21  20   M    M   3 1      26  40
13  81  60  71  -5   0   6 0.14  0.0    0  4.9 17 110   M    M   2 13     23 130
14  87  61  74  -2   0   9 0.00  0.0    0  5.9 17  70   M    M   1 1      22  70
15  88  67  78   1   0  13 0.09  0.0    0  9.2 22 120   M    M   3 13     25 120
16  93  69  81   4   0  16 0.03  0.0    0  8.0 17 260   M    M   1 13     23 270
17  87  67  77   0   0  12 0.00  0.0    0  8.5 16 110   M    M   1        18 130
================================================================================
SM 1457 1122         0 188  0.42  0.0    158.7          M       39
================================================================================
AV 85.7 66.0                               9.3 FASTST   M    M   2    MAX(MPH)
                                 MISC ---->    28 360                 39  20
================================================================================
NOTES:
# LAST OF SEVERAL OCCURRENCES

COLUMN 17 PEAK WIND IN M.P.H.

PRELIMINARY LOCAL CLIMATOLOGICAL DATA (WS FORM: F-6) , PAGE 2

                                          STATION:   VERO BEACH
                                          MONTH:     MAY
                                          YEAR:      2022
                                          LATITUDE:   27 39 N
                                          LONGITUDE:  80 25 W

[TEMPERATURE DATA]      [PRECIPITATION DATA]       SYMBOLS USED IN COLUMN 16

AVERAGE MONTHLY: 75.9   TOTAL FOR MONTH:   0.42    1 = FOG OR MIST
DPTR FM NORMAL:   0.1   DPTR FM NORMAL:   -1.51    2 = FOG REDUCING VISIBILITY
HIGHEST:    95 ON  6    GRTST 24HR  0.14 ON 11-11      TO 1/4 MILE OR LESS
LOWEST:     60 ON 13                               3 = THUNDER
                        SNOW, ICE PELLETS, HAIL    4 = ICE PELLETS
                        TOTAL MONTH:   0.0 INCH    5 = HAIL
                        GRTST 24HR  0.0            6 = FREEZING RAIN OR DRIZZLE
                        GRTST DEPTH:  0            7 = DUSTSTORM OR SANDSTORM:
                                                       VSBY 1/2 MILE OR LESS
                                                   8 = SMOKE OR HAZE
[NO. OF DAYS WITH]      [WEATHER - DAYS WITH]      9 = BLOWING SNOW
                                                   X = TORNADO
MAX 32 OR BELOW:   0    0.01 INCH OR MORE:   6
MAX 90 OR ABOVE:   4    0.10 INCH OR MORE:   2
MIN 32 OR BELOW:   0    0.50 INCH OR MORE:   0
MIN  0 OR BELOW:   0    1.00 INCH OR MORE:   0

[HDD (BASE 65) ]
TOTAL THIS MO.     0    CLEAR  (SCALE 0-3)  12
DPTR FM NORMAL     0    PTCLDY (SCALE 4-7)   5
TOTAL FM JUL 1   237    CLOUDY (SCALE 8-10)  0
DPTR FM NORMAL  -162

[CDD (BASE 65) ]
TOTAL THIS MO.   188
DPTR FM NORMAL     4    [PRESSURE DATA]
TOTAL FM JAN 1   838    HIGHEST SLP M ON M
DPTR FM NORMAL   132    LOWEST  SLP 29.76 ON  7

[REMARKS]
