000
CXUS52 KMLB 190644
CF6VRB
PRELIMINARY LOCAL CLIMATOLOGICAL DATA (WS FORM: F-6)

                                          STATION:   VERO BEACH
                                          MONTH:     APRIL
                                          YEAR:      2021
                                          LATITUDE:   27 39 N
                                          LONGITUDE:  80 25 W

  TEMPERATURE IN F:       :PCPN:    SNOW:  WIND      :SUNSHINE: SKY     :PK WND
================================================================================
1   2   3   4   5  6A  6B    7    8   9   10  11  12  13   14  15   16   17  18
                                     12Z  AVG MX 2MIN
DY MAX MIN AVG DEP HDD CDD  WTR  SNW DPTH SPD SPD DIR MIN PSBL S-S WX    SPD DR
================================================================================

 1  83  62  73   4   0   8 0.10  0.0    0 12.7 25  10   M    M   7 1      34  20
 2  71  50  61  -8   4   0 0.00  0.0    0 16.3 30 360   M    M   5        40  20
 3  73  61  67  -2   0   2 0.00  0.0    0 12.5 22  30   M    M   9        27  40
 4  75  54  65  -4   0   0    T  0.0    0  9.4 17  30   M    M   5        23  40
 5  76  49  63  -6   2   0 0.00  0.0    0  4.8 16  30   M    M   1        22  50
 6  79  50  65  -5   0   0 0.00  0.0    0  5.6 14  70   M    M   1        22  90
 7  81  53  67  -3   0   2 0.00  0.0    0  6.5 15 120   M    M   0        23 110
 8  83  54  69  -1   0   4 0.00  0.0    0  8.0 20 140   M    M   0        24 130
 9  82  54  68  -2   0   3 0.00  0.0    0  7.9 20 130   M    M   1 1      26 130
10  86  58  72   2   0   7 0.13  0.0    0 11.6 26 320   M    M   2 13     31 210
11  87  61  74   4   0   9 1.10  0.0    0  8.4 39 330   M    M   4 123    51 320
12  81  57  69  -1   0   4 0.00  0.0    0  7.0 15  30   M    M   3        21  40
13  87  55  71   1   0   6 0.00  0.0    0  7.3 20  10   M    M   0 1      23  20
14  82  63  73   3   0   8 0.00  0.0    0  9.4 18 120   M    M   0        25 120
15  88  61  75   4   0  10 0.00  0.0    0  8.1 18 280   M    M   1        25 280
16  84  65  75   4   0  10 0.00  0.0    0  7.7 16 140   M    M   4 12     19 140
17  91  65  78   7   0  13 0.00  0.0    0  9.6 21 250   M    M   2 18     26 260
18  91  66  79   8   0  14 0.00  0.0    0  8.4 20 250   M    M   3 18     25 260
================================================================================
SM 1480 1038         6 100  1.33  0.0    161.2          M       48
================================================================================
AV 82.2 57.7                               9.0 FASTST   M    M   3    MAX(MPH)
                                 MISC ---->    39 330                 51 320
================================================================================
NOTES:
# LAST OF SEVERAL OCCURRENCES

COLUMN 17 PEAK WIND IN M.P.H.

PRELIMINARY LOCAL CLIMATOLOGICAL DATA (WS FORM: F-6) , PAGE 2

                                          STATION:   VERO BEACH
                                          MONTH:     APRIL
                                          YEAR:      2021
                                          LATITUDE:   27 39 N
                                          LONGITUDE:  80 25 W

[TEMPERATURE DATA]      [PRECIPITATION DATA]       SYMBOLS USED IN COLUMN 16

AVERAGE MONTHLY: 69.9   TOTAL FOR MONTH:   1.33    1 = FOG OR MIST
DPTR FM NORMAL:   0.0   DPTR FM NORMAL:   -0.37    2 = FOG REDUCING VISIBILITY
HIGHEST:    91 ON 18,17  GRTST 24HR  1.19 ON 10-11      TO 1/4 MILE OR LESS
LOWEST:     49 ON  5                               3 = THUNDER
                        SNOW, ICE PELLETS, HAIL    4 = ICE PELLETS
                        TOTAL MONTH:   0.0 INCH    5 = HAIL
                        GRTST 24HR  0.0            6 = FREEZING RAIN OR DRIZZLE
                        GRTST DEPTH:  0            7 = DUSTSTORM OR SANDSTORM:
                                                       VSBY 1/2 MILE OR LESS
                                                   8 = SMOKE OR HAZE
[NO. OF DAYS WITH]      [WEATHER - DAYS WITH]      9 = BLOWING SNOW
                                                   X = TORNADO
MAX 32 OR BELOW:   0    0.01 INCH OR MORE:   3
MAX 90 OR ABOVE:   2    0.10 INCH OR MORE:   3
MIN 32 OR BELOW:   0    0.50 INCH OR MORE:   1
MIN  0 OR BELOW:   0    1.00 INCH OR MORE:   1

[HDD (BASE 65) ]
TOTAL THIS MO.     6    CLEAR  (SCALE 0-3)  11
DPTR FM NORMAL    -7    PTCLDY (SCALE 4-7)   6
TOTAL FM JUL 1   359    CLOUDY (SCALE 8-10)  1
DPTR FM NORMAL   -94

[CDD (BASE 65) ]
TOTAL THIS MO.   100
DPTR FM NORMAL    -1    [PRESSURE DATA]
TOTAL FM JAN 1   493    HIGHEST SLP M ON M
DPTR FM NORMAL   124    LOWEST  SLP 29.70 ON 11

[REMARKS]
