000
CDUS42 KMLB 092016
CLIVRB

CLIMATE REPORT
NATIONAL WEATHER SERVICE MELBOURNE FL
416 PM EDT SUN MAY 09 2021

...................................

...THE VERO BEACH CLIMATE SUMMARY FOR MAY 9 2021...
VALID TODAY AS OF 0400 PM LOCAL TIME.

CLIMATE NORMAL PERIOD 1991 TO 2020
CLIMATE RECORD PERIOD 1942 TO 2021


WEATHER ITEM   OBSERVED TIME   RECORD YEAR NORMAL DEPARTURE LAST
                VALUE   (LST)  VALUE       VALUE  FROM      YEAR
                                                  NORMAL
...................................................................
TEMPERATURE (F)
 TODAY
  MAXIMUM         86    112 PM  93    1967  85      1       85
                                      1975
                                      1977
  MINIMUM         62    603 AM  52    1992  67     -5       63
  AVERAGE         74                        76     -2       74

PRECIPITATION (IN)
  TODAY            0.00          5.50 1979   0.11  -0.11     0.00
  MONTH TO DATE    0.45                      0.97  -0.52     0.00
  SINCE MAR 1      4.39                      7.47  -3.08     3.24
  SINCE JAN 1     10.60                     12.41  -1.81     6.15

SNOWFALL (IN)
  TODAY            0.0
  MONTH TO DATE    0.0
  SINCE JUL 1      0.0

DEGREE DAYS
 HEATING
  TODAY            0                         0      0        0
  MONTH TO DATE    0                         0      0        0
  SINCE MAR 1     15                        58    -43       15
  SINCE JUL 1    359                       399    -40      226

 COOLING
  TODAY            9                        11     -2        9
  MONTH TO DATE  117                        92     25       72
  SINCE MAR 1    520                       460     60      644
  SINCE JAN 1    737                       614    123      918
...................................................................


WIND (MPH)
  HIGHEST WIND SPEED    23   HIGHEST WIND DIRECTION    SE (130)
  HIGHEST GUST SPEED    29   HIGHEST GUST DIRECTION    SE (140)
  AVERAGE WIND SPEED    10.4


SKY COVER
  AVERAGE SKY COVER 0.1


WEATHER CONDITIONS
THE FOLLOWING WEATHER WAS RECORDED TODAY.
  NO SIGNIFICANT WEATHER WAS OBSERVED.


RELATIVE HUMIDITY (PERCENT)
 HIGHEST    93           500 AM
 LOWEST     55           300 PM
 AVERAGE    74

..........................................................


THE VERO BEACH CLIMATE NORMALS FOR TOMORROW
                         NORMAL    RECORD    YEAR
 MAXIMUM TEMPERATURE (F)   85        95      1976
 MINIMUM TEMPERATURE (F)   67        54      1960


SUNRISE AND SUNSET
MAY  9 2021...........SUNRISE   636 AM EDT   SUNSET   800 PM EDT
MAY 10 2021...........SUNRISE   635 AM EDT   SUNSET   801 PM EDT


-  INDICATES NEGATIVE NUMBERS.
R  INDICATES RECORD WAS SET OR TIED.
MM INDICATES DATA IS MISSING.
T  INDICATES TRACE AMOUNT.




$$
