000
CDUS42 KMLB 232018
CLIVRB

CLIMATE REPORT
NATIONAL WEATHER SERVICE MELBOURNE FL
418 PM EDT MON MAY 23 2022

...................................

...THE VERO BEACH CLIMATE SUMMARY FOR MAY 23 2022...
VALID TODAY AS OF 0400 PM LOCAL TIME.

CLIMATE NORMAL PERIOD 1991 TO 2020
CLIMATE RECORD PERIOD 1942 TO 2022


WEATHER ITEM   OBSERVED TIME   RECORD YEAR NORMAL DEPARTURE LAST
                VALUE   (LST)  VALUE       VALUE  FROM      YEAR
                                                  NORMAL
...................................................................
TEMPERATURE (F)
 TODAY
  MAXIMUM         89    149 PM  95    2017  87      2       82
  MINIMUM         74    353 AM  57    1994  69      5       61
  AVERAGE         82                        78      4       72

PRECIPITATION (IN)
  TODAY            0.00          1.57 1976   0.15  -0.15     0.00
  MONTH TO DATE    0.58                      2.77  -2.19     1.69
  SINCE MAR 1      5.53                      9.27  -3.74     5.63
  SINCE JAN 1      7.65                     14.21  -6.56    11.84

SNOWFALL (IN)
  TODAY            0.0
  MONTH TO DATE    0.0
  SINCE JUL 1      0.0

DEGREE DAYS
 HEATING
  TODAY            0                         0      0        0
  MONTH TO DATE    0                         0      0        0
  SINCE MAR 1     16                        58    -42       15
  SINCE JUL 1    237                       399   -162      359

 COOLING
  TODAY           17                        13      4        7
  MONTH TO DATE  285                       258     27      289
  SINCE MAR 1    784                       626    158      692
  SINCE JAN 1    935                       780    155      909
...................................................................


WIND (MPH)
  HIGHEST WIND SPEED    22   HIGHEST WIND DIRECTION     E (110)
  HIGHEST GUST SPEED    26   HIGHEST GUST DIRECTION     E (110)
  AVERAGE WIND SPEED    12.2


SKY COVER
  AVERAGE SKY COVER 0.2


WEATHER CONDITIONS
THE FOLLOWING WEATHER WAS RECORDED TODAY.
  NO SIGNIFICANT WEATHER WAS OBSERVED.


RELATIVE HUMIDITY (PERCENT)
 HIGHEST    91           200 AM
 LOWEST     61          1200 PM
 AVERAGE    76

..........................................................


THE VERO BEACH CLIMATE NORMALS FOR TOMORROW
                         NORMAL    RECORD    YEAR
 MAXIMUM TEMPERATURE (F)   87        95      2017
 MINIMUM TEMPERATURE (F)   69        59      2021


SUNRISE AND SUNSET
MAY 23 2022...........SUNRISE   629 AM EDT   SUNSET   808 PM EDT
MAY 24 2022...........SUNRISE   628 AM EDT   SUNSET   809 PM EDT


-  INDICATES NEGATIVE NUMBERS.
R  INDICATES RECORD WAS SET OR TIED.
MM INDICATES DATA IS MISSING.
T  INDICATES TRACE AMOUNT.




$$
