000
CDUS42 KMLB 032019
CLIVRB

CLIMATE REPORT
NATIONAL WEATHER SERVICE MELBOURNE FL
419 PM EDT FRI JUL 03 2020

...................................

...THE VERO BEACH CLIMATE SUMMARY FOR JULY 3 2020...
VALID TODAY AS OF 0400 PM LOCAL TIME.

CLIMATE NORMAL PERIOD 1981 TO 2010
CLIMATE RECORD PERIOD 1942 TO 2020


WEATHER ITEM   OBSERVED TIME   RECORD YEAR NORMAL DEPARTURE LAST
                VALUE   (LST)  VALUE       VALUE  FROM      YEAR
                                                  NORMAL
...................................................................
TEMPERATURE (F)
 TODAY
  MAXIMUM         93    152 PM  95    1992  90      3       92
  MINIMUM         76    551 AM  66    1976  73      3       75
  AVERAGE         85                        81      4       84

PRECIPITATION (IN)
  TODAY            0.58          1.10 1957   0.20   0.38     0.00
  MONTH TO DATE    1.01                      0.60   0.41      T
  SINCE JUN 1      9.37                      7.27   2.10     3.41
  SINCE JAN 1     22.05                     22.64  -0.59    17.64

SNOWFALL (IN)
  TODAY            0.0
  MONTH TO DATE    0.0
  SINCE JUL 1      0.0

DEGREE DAYS
 HEATING
  TODAY            0                         0      0        0
  MONTH TO DATE    0                         0      0        0
  SINCE JUN 1      0                         0      0        0
  SINCE JUL 1      0                         0      0        0

 COOLING
  TODAY           20                        16      4       19
  MONTH TO DATE   59                        48     11       56
  SINCE JUN 1    542                       504     38      581
  SINCE JAN 1   1767                      1310    457     1616
...................................................................


WIND (MPH)
  HIGHEST WIND SPEED    20   HIGHEST WIND DIRECTION     W (280)
  HIGHEST GUST SPEED    23   HIGHEST GUST DIRECTION     W (290)
  AVERAGE WIND SPEED     6.8


SKY COVER
  AVERAGE SKY COVER 0.2


WEATHER CONDITIONS
THE FOLLOWING WEATHER WAS RECORDED TODAY.
  THUNDERSTORM
  HEAVY RAIN
  LIGHT RAIN
  FOG
  HAZE


RELATIVE HUMIDITY (PERCENT)
 HIGHEST    90           300 PM
 LOWEST     51          1200 PM
 AVERAGE    71

..........................................................


THE VERO BEACH CLIMATE NORMALS FOR TOMORROW
                         NORMAL    RECORD    YEAR
 MAXIMUM TEMPERATURE (F)   90        95      1979
 MINIMUM TEMPERATURE (F)   73        66      1975


SUNRISE AND SUNSET
JULY  3 2020..........SUNRISE   631 AM EDT   SUNSET   821 PM EDT
JULY  4 2020..........SUNRISE   631 AM EDT   SUNSET   821 PM EDT


-  INDICATES NEGATIVE NUMBERS.
R  INDICATES RECORD WAS SET OR TIED.
MM INDICATES DATA IS MISSING.
T  INDICATES TRACE AMOUNT.




$$
