000
CDUS42 KMLB 070728
CLIVRB

CLIMATE REPORT
NATIONAL WEATHER SERVICE MELBOURNE FL
228 AM EST SUN MAR 07 2021

...................................

...THE VERO BEACH CLIMATE SUMMARY FOR MARCH 6 2021...

CLIMATE NORMAL PERIOD 1981 TO 2010
CLIMATE RECORD PERIOD 1942 TO 2021


WEATHER ITEM   OBSERVED TIME   RECORD YEAR NORMAL DEPARTURE LAST
                VALUE   (LST)  VALUE       VALUE  FROM      YEAR
                                                  NORMAL
...................................................................
TEMPERATURE (F)
 YESTERDAY
  MAXIMUM         76   1123 AM  90    1945  76      0       76
                                      2003
  MINIMUM         54    212 AM  38    1962  57     -3       54
  AVERAGE         65                        66     -1       65

PRECIPITATION (IN)
  YESTERDAY        0.13          4.15 1982   0.12   0.01     0.00
  MONTH TO DATE    0.13                      0.67  -0.54     0.00
  SINCE MAR 1      0.13                      0.67  -0.54     0.00
  SINCE JAN 1      6.34                      5.84   0.50     2.91

SNOWFALL (IN)
  YESTERDAY        0.0
  MONTH TO DATE    0.0
  SINCE JUL 1      0.0

DEGREE DAYS
 HEATING
  YESTERDAY        0                         2     -2        0
  MONTH TO DATE    5                        17    -12       10
  SINCE MAR 1      5                        17    -12       10
  SINCE JUL 1    349                       402    -53      221

 COOLING
  YESTERDAY        0                         4     -4        0
  MONTH TO DATE   32                        24      8       37
  SINCE MAR 1     32                        24      8       37
  SINCE JAN 1    249                       163     86      311
...................................................................


WIND (MPH)
  HIGHEST WIND SPEED    17   HIGHEST WIND DIRECTION    SE (140)
  HIGHEST GUST SPEED    21   HIGHEST GUST DIRECTION     N (10)
  AVERAGE WIND SPEED     5.0


SKY COVER
  AVERAGE SKY COVER 0.4


WEATHER CONDITIONS
THE FOLLOWING WEATHER WAS RECORDED YESTERDAY.
  RAIN
  LIGHT RAIN
  FOG
  FOG W/VISIBILITY <= 1/4 MILE


RELATIVE HUMIDITY (PERCENT)
 HIGHEST    97           500 AM
 LOWEST     48          1100 AM
 AVERAGE    73

..........................................................


THE VERO BEACH CLIMATE NORMALS FOR TODAY
                         NORMAL    RECORD    YEAR
 MAXIMUM TEMPERATURE (F)   76        90      2003
 MINIMUM TEMPERATURE (F)   57        38      1962
                                             2001


SUNRISE AND SUNSET
MARCH  7 2021.........SUNRISE   640 AM EST   SUNSET   626 PM EST
MARCH  8 2021.........SUNRISE   638 AM EST   SUNSET   627 PM EST


-  INDICATES NEGATIVE NUMBERS.
R  INDICATES RECORD WAS SET OR TIED.
MM INDICATES DATA IS MISSING.
T  INDICATES TRACE AMOUNT.




$$
