000
CXUS52 KMLB 011950
CLMVRB

CLIMATE REPORT
NATIONAL WEATHER SERVICE MELBOURNE FL
350 PM EDT FRI JUL 01 2022

...................................

...THE VERO BEACH CLIMATE SUMMARY FOR THE MONTH OF JUNE 2022...

CLIMATE NORMAL PERIOD 1991 TO 2020
CLIMATE RECORD PERIOD 1942 TO 2022

WEATHER         OBSERVED          NORMAL  DEPART   LAST YEAR`S
                VALUE   DATE(S)   VALUE   FROM     VALUE
                                          NORMAL
..............................................................
TEMPERATURE (F)
MONTHLY RECORD
 HOTTEST        83.4  1998
 COLDEST        77.5  1966
DAILY RECORD
 HIGH            102   06/22/2009
 LOW              57   06/01/1984
JUNE 2022
HIGHEST           98   06/24                          95
LOWEST            65   06/23                          69
AVG. MAXIMUM    89.4               88.9     0.5     89.0
AVG. MINIMUM    72.2               72.2     0.0     73.4
MEAN            80.8               80.6     0.2     81.2
DAYS MAX >= 90    16               12.2     3.8        8
DAYS MAX <= 32     0                0.0     0.0        0
DAYS MIN <= 32     0                0.0     0.0        0
DAYS MIN <= 0      0                0.0     0.0        0

PRECIPITATION (INCHES)
MONTLY RECORD
 MAXIMUM       20.73   1992
 MINIMUM        0.30   1998
DAILY RECORD
 MAXIMUM        4.97   6/4/2022
JUNE 2022
TOTALS         10.63               6.76    3.87     4.65
DAYS >= .01       13               13.9    -0.9       14
DAYS >= .10        9                9.1    -0.1        8
DAYS >= .50        5                4.1     0.9        3
DAYS >= 1.00       3                2.4     0.6        1
GREATEST
 24 HR. TOTAL   5.31   06/03 TO 06/04

SNOWFALL (INCHES)
TOTALS           0.0                0.0     0.0      0.0
SINCE 7/1        0.0                0.0     0.0       MM
DAYS >= TRACE      0                                   0

DEGREE DAYS
HEATING TOTAL      0                  0       0        0
 SINCE 7/1       237                399    -162       MM
COOLING TOTAL    482                466      16      494
 SINCE 1/1      1537               1353     184       MM
..............................................................

WIND (MPH)
AVERAGE WIND SPEED              7.5
HIGHEST WIND SPEED/DIRECTION    36/110    DATE  06/04
HIGHEST GUST SPEED/DIRECTION    42/110    DATE  06/04
                                42/280          06/11

SKY COVER
POSSIBLE SUNSHINE (PERCENT)   MM
AVERAGE SKY COVER           0.25
NUMBER OF DAYS FAIR           23
NUMBER OF DAYS PC              6
NUMBER OF DAYS CLOUDY          1

AVERAGE RH (PERCENT)     79

WEATHER CONDITIONS. NUMBER OF DAYS WITH
THUNDERSTORM             13     MIXED PRECIP               0
HEAVY RAIN                8     RAIN                       9
LIGHT RAIN               14     LT FREEZING RAIN           0
HAIL                      0     LIGHT SNOW                 0
SLEET                     0     FOG                       19
FOG W/VIS <= 1/4 MILE     1     HAZE                       6

-  INDICATES NEGATIVE NUMBERS.
R  INDICATES RECORD WAS SET OR TIED.
MM INDICATES DATA IS MISSING.
T  INDICATES TRACE AMOUNT.

$$
