000
CXUS52 KMLB 011322
CLMVRB

CLIMATE REPORT
NATIONAL WEATHER SERVICE MELBOURNE FL
922 AM EDT SAT MAY 01 2021

...................................

...THE VERO BEACH CLIMATE SUMMARY FOR THE MONTH OF APRIL 2021...

CLIMATE NORMAL PERIOD 1981 TO 2010
CLIMATE RECORD PERIOD 1942 TO 2021

WEATHER         OBSERVED          NORMAL  DEPART   LAST YEAR`S
                VALUE   DATE(S)   VALUE   FROM     VALUE
                                          NORMAL
..............................................................
TEMPERATURE (F)
MONTHLY RECORD
 HOTTEST        76.9   2015
 COLDEST        66.7   1987
DAILY RECORD
 HIGH             97   04/13/2020
 LOW              36   04/05/1987
APRIL 2021
HIGHEST           92   04/25                          97
LOWEST            49   04/05                          52
AVG. MAXIMUM    82.5               80.5     2.0     84.0
AVG. MINIMUM    61.7               61.2     0.5     66.5
MEAN            72.1               70.9     1.2     75.3
DAYS MAX >= 90     3                0.8     2.2        5
DAYS MAX <= 32     0                0.0     0.0        0
DAYS MIN <= 32     0                0.0     0.0        0
DAYS MIN <= 0      0                0.0     0.0        0

PRECIPITATION (INCHES)
MONTHLY RECORD
 MAXIMUM       10.45   1997
 MINIMUM        0.02   1946
DAILY RECORD
 MAXIMUM        4.13   04/07/1951
APRIL 2021
TOTALS          3.73               2.72    1.01     3.22
DAYS >= .01        6                6.0     0.0       13
DAYS >= .10        6                4.1     1.9        8
DAYS >= .50        3                1.6     1.4        2
DAYS >= 1.00       2                0.8     1.2        0
GREATEST
 24 HR. TOTAL   1.60   04/19 TO 04/19

SNOWFALL (INCHES)
TOTALS           0.0                0.0     0.0      0.0
SINCE 7/1        0.0                0.0     0.0       MM
DAYS >= TRACE      0                                   0

DEGREE DAYS
HEATING TOTAL      6                 15      -9        0
 SINCE 7/1       359                453     -94       MM
COOLING TOTAL    227                190      37      314
 SINCE 1/1       620                458     162       MM
..............................................................

WIND (MPH)
AVERAGE WIND SPEED              9.2
HIGHEST WIND SPEED/DIRECTION    39/330    DATE  04/11
HIGHEST GUST SPEED/DIRECTION    51/320    DATE  04/11

SKY COVER
POSSIBLE SUNSHINE (PERCENT)   MM
AVERAGE SKY COVER           0.32
NUMBER OF DAYS FAIR           16
NUMBER OF DAYS PC             13
NUMBER OF DAYS CLOUDY          1

AVERAGE RH (PERCENT)     70

WEATHER CONDITIONS. NUMBER OF DAYS WITH
THUNDERSTORM              5     MIXED PRECIP               0
HEAVY RAIN                4     RAIN                       5
LIGHT RAIN                7     LT FREEZING RAIN           0
HAIL                      0     LIGHT SNOW                 0
SLEET                     0     FOG                       11
FOG W/VIS <= 1/4 MILE     2     HAZE                       3

-  INDICATES NEGATIVE NUMBERS.
R  INDICATES RECORD WAS SET OR TIED.
MM INDICATES DATA IS MISSING.
T  INDICATES TRACE AMOUNT.

$$
