000
CXUS52 KMLB 011627
CLMVRB

CLIMATE REPORT
NATIONAL WEATHER SERVICE MELBOURNE FL
1227 PM EDT WED JUL 01 2020

...................................

...THE VERO BEACH CLIMATE SUMMARY FOR THE MONTH OF JUNE 2020...

CLIMATE NORMAL PERIOD 1981 TO 2010
CLIMATE RECORD PERIOD 1942 TO 2020

WEATHER         OBSERVED          NORMAL  DEPART   LAST YEAR`S
                VALUE   DATE(S)   VALUE   FROM     VALUE
                                          NORMAL
..............................................................
TEMPERATURE (F)
MONTHLY RECORD
 HOTTEST        83.4   1998
 COOLEST        77.5   1966
DAILY RECORD
 HIGH            102   06/22/2009
 LOW              57   06/01/1984
JUNE 2020
HIGHEST           95   06/29                          97
                       06/30
LOWEST            64   06/16                          70
AVG. MAXIMUM    88.5               88.3     0.2     90.9
AVG. MINIMUM    73.3               72.1     1.2     73.6
MEAN            80.9               80.2     0.7     82.2
DAYS MAX >= 90    12                8.3     3.7       22
DAYS MAX <= 32     0                0.0     0.0        0
DAYS MIN <= 32     0                0.0     0.0        0
DAYS MIN <= 0      0                0.0     0.0        0

PRECIPITATION (INCHES)
MONTHLY RECORD
 MAXIMUM       20.73   1992
 MINIMUM        0.30   1998
DAILY RECORD
 MAXIMUM        4.60   06/08/1973
JUNE 2020
TOTALS          8.36               6.67    1.69     3.41
DAYS >= .01       13               13.9    -0.9       13
DAYS >= .10        7                9.3    -2.3        8
DAYS >= .50        6                4.2     1.8        2
DAYS >= 1.00       3                2.4     0.6        0
GREATEST
 24 HR. TOTAL   2.55   06/03 TO 06/04

SNOWFALL (INCHES)
TOTALS           0.0                0.0     0.0      0.0
SINCE 7/1        0.0                0.0     0.0
DAYS >= TRACE      0                                   0

DEGREE DAYS
HEATING TOTAL      0                  0       0        0
 SINCE 7/1       226                456    -230      287
COOLING TOTAL    483                456      27      525
 SINCE 1/1      1708               1262     446     1560
..............................................................

WIND (MPH)
AVERAGE WIND SPEED              6.9
HIGHEST WIND SPEED/DIRECTION    33/280    DATE  06/30
HIGHEST GUST SPEED/DIRECTION    43/280    DATE  06/30

SKY COVER
POSSIBLE SUNSHINE (PERCENT)   MM
AVERAGE SKY COVER           0.25
NUMBER OF DAYS FAIR           24
NUMBER OF DAYS PC              5
NUMBER OF DAYS CLOUDY          1

AVERAGE RH (PERCENT)     76

WEATHER CONDITIONS. NUMBER OF DAYS WITH
THUNDERSTORM             13     MIXED PRECIP               0
HEAVY RAIN                5     RAIN                       7
LIGHT RAIN               13     LT FREEZING RAIN           0
HAIL                      0     LIGHT SNOW                 0
SLEET                     0     FOG                       13
FOG W/VIS <= 1/4 MILE     1     HAZE                       3

-  INDICATES NEGATIVE NUMBERS.
R  INDICATES RECORD WAS SET OR TIED.
MM INDICATES DATA IS MISSING.
T  INDICATES TRACE AMOUNT.

$$
