000
CXUS52 KMLB 101709 RRA
CLMVRB

CLIMATE REPORT
NATIONAL WEATHER SERVICE MELBOURNE FL
109 PM EDT THU MAY 10 2018

...................................

...THE VERO BEACH CLIMATE SUMMARY FOR THE MONTH OF APRIL 2018...

CLIMATE NORMAL PERIOD 1981 TO 2010
CLIMATE RECORD PERIOD 1942 TO 2018

WEATHER         OBSERVED          NORMAL  DEPART
                 VALUE   DATE(S)  VALUE   FROM
                                          NORMAL
................................................
TEMPERATURE (F)
MONTHLY RECORD
 HOTTEST         76.9   2015
 COLDEST         66.7   1950
DAILY RECORD
 HIGH              95   04/26/2015
                        04/10/1977
                        04/26/1945
 LOW               36   04/05/1987

APRIL 2018
HIGHEST            92   04/09
LOWEST             49   04/18
AVG. MAXIMUM     83.2              80.5     2.7
AVG. MINIMUM     62.5              61.2     1.3
MEAN             72.9              70.9     2.0
DAYS MAX >= 90      2               0.8     1.2
DAYS MAX <= 32      0               0.0     0.0
DAYS MIN <= 32      0               0.0     0.0
DAYS MIN <= 0       0               0.0     0.0

PRECIPITATION (INCHES)
MONTHLY RECORD
 MAXIMUM        10.45   1997
 MINIMUM         0.02   1946
DAILY RECORD
 MAXIMUM         4.13   04/07/1951

APRIL 2018
TOTALS           4.55              2.72    1.83
DAYS >= .01         7               6.0     1.0
DAYS >= .10         5               4.1     0.9
DAYS >= .50         3               1.6     1.4
DAYS >= 1.00        2               0.8     1.2
GREATEST
 24 HR. TOTAL    1.95   04/22 TO 04/22

SNOWFALL (INCHES)
TOTALS            0.0               0.0     0.0
SINCE 7/1         0.0               0.0     0.0
DAYS >= TRACE       0

DEGREE_DAYS
HEATING TOTAL       2                15     -13
 SINCE 7/1        365               455     -90
COOLING TOTAL     245               190      55
 SINCE 1/1        626               458     168
.................................................

WIND (MPH)
AVERAGE WIND SPEED              9.3
HIGHEST WIND SPEED/DIRECTION    43/260    DATE  04/15
HIGHEST GUST SPEED/DIRECTION    62/260    DATE  04/15


WEATHER CONDITIONS. NUMBER OF DAYS WITH
THUNDERSTORM              6     MIXED PRECIP               0
HEAVY RAIN                4     RAIN                       5
LIGHT RAIN               10     LT FREEZING RAIN           0
HAIL                      0     LIGHT SNOW                 0
SLEET                     0     FOG                       17
FOG W/VIS <= 1/4 MILE     1     HAZE                       7

-  INDICATES NEGATIVE NUMBERS.
R  INDICATES RECORD WAS SET OR TIED.
MM INDICATES DATA IS MISSING.
T  INDICATES TRACE AMOUNT.

$$
