000
CXUS51 KAKQ 061304
CF6WAL
PRELIMINARY LOCAL CLIMATOLOGICAL DATA (WS FORM: F-6)
STATION: WALLOPS ISLAND VA
MONTH: FEBRUARY
YEAR: 2021
LATITUDE: 37 55 N
LONGITUDE: 75 28 W
TEMPERATURE IN F: :PCPN: SNOW: WIND :SUNSHINE: SKY :PK WND
================================================================================
1 2 3 4 5 6A 6B 7 8 9 10 11 12 13 14 15 16 17 18
12Z AVG MX 2MIN
DY MAX MIN AVG DEP HDD CDD WTR SNW DPTH SPD SPD DIR MIN PSBL S-S WX SPD DR
================================================================================
1 47 33 40 3 25 0 0.18 0.0 0 11.5 21 320 M M 10 1 29 350
2 35 31 33 -4 32 0 0.06 1.0 0 13.1 22 310 M M 10 1 31 310
3 40 30 35 -2 30 0 0.01 0.1 1 12.3 24 300 M M 10 1 31 300
4 46 30 38 1 27 0 0.00 0.0 0 8.7 17 290 M M 0 28 220
5 52 40 46 9 19 0 0.01 0.0 0 10.0 21 240 M M 6 27 240
6 53 27 40 3 25 0 0.00 0.0 0 6.9 15 170 M M 1 19 260
7 45 32 39 1 26 0 0.83 0.0 0 11.5 23 340 M M 8 1 35 320
8 37 25 31 -7 34 0 0.00 0.0 0 6.2 16 30 M M 0 21 320
9 55 32 44 6 21 0 0.08 0.0 0 5.9 16 310 M M 8 1 22 320
10 41 32 37 -1 28 0 0.01 0.0 0 8.7 16 60 M M 7 1 24 190
11 40 31 36 -2 29 0 0.31 1.4 0 11.8 17 30 M M 10 1 21 30
12 35 28 32 -6 33 0 0.38 3.1 4 12.5 22 50 M M 10 16 26 50
13 39 33 36 -2 29 0 0.55 0.0 2 15.0 23 30 M M 10 1 32 30
14 41 33 37 -1 28 0 0.30 0.0 T 9.6 22 50 M M 10 1 26 50
15 48 36 42 3 23 0 0.02 0.0 0 11.2 18 60 M M 10 1 23 40
16 60 33 47 8 18 0 0.96 0.0 0 12.6 33 190 M M 6 12 41 180
17 39 28 34 -5 31 0 0.00 0.0 0 8.0 21 320 M M 2 27 300
18 40 32 36 -3 29 0 0.71 T 0 13.5 28 50 M M 10 16 33 50
19 40 31 36 -3 29 0 0.49 0.0 0 11.1 18 40 M M 9 1 25 20
20 35 27 31 -9 34 0 0.00 0.0 0 13.9 23 310 M M 2 32 290
21 41 23 32 -8 33 0 0.00 0.0 0 6.4 16 320 M M 0 21 340
22 49 28 39 -1 26 0 0.31 0.0 0 11.2 29 290 M M 5 1 37 290
23 58 34 46 6 19 0 T 0.0 0 7.5 24 240 M M 2 1 34 230
24 58 29 44 4 21 0 0.00 0.0 0 9.4 20 200 M M 1 25 200
25 63 34 49 9 16 0 0.00 0.0 0 8.0 20 330 M M 0 32 230
26 48 29 39 -2 26 0 0.09 0.0 0 9.6 23 50 M M 6 27 50
27 55 44 50 9 15 0 0.42 0.0 0 9.6 20 250 M M 8 1 30 250
28 50 44 47 6 18 0 0.54 0.0 0 5.6 13 70 M M 10 1 19 90
================================================================================
SM 1290 889 724 0 6.26 5.6 281.3 M 171
================================================================================
AV 46.1 31.8 10.0 FASTST M M 6 MAX(MPH)
MISC ----> 33 190 41 180
================================================================================
NOTES:
# LAST OF SEVERAL OCCURRENCES
COLUMN 17 PEAK WIND IN M.P.H.
PRELIMINARY LOCAL CLIMATOLOGICAL DATA (WS FORM: F-6) , PAGE 2
STATION: WALLOPS ISLAND VA
MONTH: FEBRUARY
YEAR: 2021
LATITUDE: 37 55 N
LONGITUDE: 75 28 W
[TEMPERATURE DATA] [PRECIPITATION DATA] SYMBOLS USED IN COLUMN 16
AVERAGE MONTHLY: 38.9 TOTAL FOR MONTH: 6.26 1 = FOG OR MIST
DPTR FM NORMAL: 0.2 DPTR FM NORMAL: 3.50 2 = FOG REDUCING VISIBILITY
HIGHEST: 63 ON 25 GRTST 24HR 1.43 ON 31- 1 TO 1/4 MILE OR LESS
LOWEST: 23 ON 21 3 = THUNDER
SNOW, ICE PELLETS, HAIL 4 = ICE PELLETS
TOTAL MONTH: 7.6 INCHES 5 = HAIL
GRTST 24HR 3.1 ON 12-12 6 = FREEZING RAIN OR DRIZZLE
GRTST DEPTH: 4 ON 12 7 = DUSTSTORM OR SANDSTORM:
VSBY 1/2 MILE OR LESS
8 = SMOKE OR HAZE
[NO. OF DAYS WITH] [WEATHER - DAYS WITH] 9 = BLOWING SNOW
X = TORNADO
MAX 32 OR BELOW: 0 0.01 INCH OR MORE: 19
MAX 90 OR ABOVE: 0 0.10 INCH OR MORE: 12
MIN 32 OR BELOW: 18 0.50 INCH OR MORE: 5
MIN 0 OR BELOW: 0 1.00 INCH OR MORE: 0
[HDD (BASE 65) ]
TOTAL THIS MO. 724 CLEAR (SCALE 0-3) 9
DPTR FM NORMAL -12 PTCLDY (SCALE 4-7) 7
TOTAL FM JUL 1 2604 CLOUDY (SCALE 8-10) 12
DPTR FM NORMAL -477
[CDD (BASE 65) ]
TOTAL THIS MO. 0
DPTR FM NORMAL 0 [PRESSURE DATA]
TOTAL FM JAN 1 0 HIGHEST SLP 30.61 ON 21
DPTR FM NORMAL 0 LOWEST SLP 29.45 ON 2
[REMARKS]
#FINAL-02-21#