000
CXUS55 KBOU 200734
CF633V
PRELIMINARY LOCAL CLIMATOLOGICAL DATA (WS FORM: F-6)

                                          STATION:   Walden
                                          MONTH:     OCTOBER
                                          YEAR:      2019
                                          LATITUDE:   40 45 N
                                          LONGITUDE: 106 16 W

  TEMPERATURE IN F:       :PCPN:    SNOW:  WIND      :SUNSHINE: SKY     :PK WND
================================================================================
1   2   3   4   5  6A  6B    7    8   9   10  11  12  13   14  15   16   17  18
                                     12Z  AVG MX 2MIN
DY MAX MIN AVG DEP HDD CDD  WTR  SNW DPTH SPD SPD DIR MIN PSBL S-S WX    SPD DR
================================================================================

 1  66  21  44   M  21   0    M    M    M  9.3 27 220   M    M   0        37 220
 2  54  19  37   M  28   0    M    M    M 12.9 32 250   M    M   0        39 250
 3  68  14  41   M  24   0    M    M    M  6.1 16 260   M    M   0        22 220
 4  70  32  51   M  14   0    M    M    M 15.8 32 230   M    M   2        44 220
 5  54  23  39   M  26   0    M    M    M 12.7 30 230   M    M   2        36 230
 6  52  18  35   M  30   0    M    M    M  8.4 22 330   M    M   2        29 330
 7  64  14  39   M  26   0    M    M    M  8.2 20 280   M    M   0        23 280
 8  63  25  44   M  21   0    M    M    M 12.2 22 250   M    M   0        30 230
 9  66  23  45   M  20   0    M    M    M 16.0 28 350   M    M   4        43 350
10  21   3  12   M  53   0    M    M    M 11.7 23 350   M    M   8        31 350
11  32   1  17   M  48   0    M    M    M  9.4 16 210   M    M   0        22 210
12  50  19  35   M  30   0    M    M    M  7.8 14 200   M    M   0        18 200
13  54  18  36   M  29   0    M    M    M  8.5 15 230   M    M   0        21 240
14  57  21  39   M  26   0    M    M    M 10.8 22 260   M    M   1        33 260
15  57  19  38   M  27   0    M    M    M  6.6 13 250   M    M   0        17 250
16  63  27  45   M  20   0    M    M    M  9.0 16 220   M    M   0        21 250
17  63  25  44   M  21   0    M    M    M  8.8 17 240   M    M   0        25 240
18  43  30  37   M  28   0 0.00  0.0    0  9.1 20 350   M    M   4        25 350
19  50  30  40   M  25   0 0.00  0.0    0 13.0 25 240   M    M   6        32 230
================================================================================
SM 1047  382       517   0  0.00     0.0 196.3          M       29
================================================================================
AV 55.1 20.1                              10.3 FASTST   M    M   2    MAX(MPH)
                                 MISC ---->  # 32 250               # 44  220
================================================================================
NOTES:
# LAST OF SEVERAL OCCURRENCES

COLUMN 17 PEAK WIND IN M.P.H.

PRELIMINARY LOCAL CLIMATOLOGICAL DATA (WS FORM: F-6) , PAGE 2

                                          STATION:  Walden
                                          MONTH:    OCTOBER
                                          YEAR:     2019
                                          LATITUDE:   40 45 N
                                          LONGITUDE: 106 16 W

[TEMPERATURE DATA]      [PRECIPITATION DATA]       SYMBOLS USED IN COLUMN 16

AVERAGE MONTHLY: 37.6   TOTAL FOR MONTH:   0.00    1 = FOG OR MIST
DPTR FM NORMAL:     M   DPTR FM NORMAL:       M    2 = FOG REDUCING VISIBILITY
HIGHEST:    70 ON  4    GRTST 24HR  0.00 ON 19-19      TO 1/4 MILE OR LESS
LOWEST:      1 ON 11                               3 = THUNDER
                        SNOW, ICE PELLETS, HAIL    4 = ICE PELLETS
                        TOTAL MONTH:   0.0 INCH    5 = HAIL
                        GRTST 24HR     0.0         6 = FREEZING RAIN OR DRIZZLE
                        GRTST DEPTH:   0           7 = DUSTSTORM OR SANDSTORM:
                                                       VSBY 1/2 MILE OR LESS
                                                   8 = SMOKE OR HAZE
[NO. OF DAYS WITH]      [WEATHER - DAYS WITH]      9 = BLOWING SNOW
                                                   X = TORNADO
MAX 32 OR BELOW:   2    0.01 INCH OR MORE:   0
MAX 90 OR ABOVE:   0    0.10 INCH OR MORE:   0
MIN 32 OR BELOW:  19    0.50 INCH OR MORE:   0
MIN  0 OR BELOW:   0    1.00 INCH OR MORE:   0

[HDD (BASE 65) ]
TOTAL THIS MO.   517    CLEAR  (SCALE 0-3)  15
DPTR FM NORMAL     M    PTCLDY (SCALE 4-7)   3
TOTAL FM JUL 1  1228    CLOUDY (SCALE 8-10)  1
DPTR FM NORMAL     M

[CDD (BASE 65) ]
TOTAL THIS MO.     0
DPTR FM NORMAL     M    [PRESSURE DATA]
TOTAL FM JAN 1     0    HIGHEST SLP M ON M
DPTR FM NORMAL     M    LOWEST  SLP M ON M

[REMARKS]
