000
CXUS55 KBOU 190802
CF633V
PRELIMINARY LOCAL CLIMATOLOGICAL DATA (WS FORM: F-6)

                                          STATION:   Walden
                                          MONTH:     AUGUST
                                          YEAR:      2018
                                          LATITUDE:   40 45 N
                                          LONGITUDE: 106 16 W

  TEMPERATURE IN F:       :PCPN:    SNOW:  WIND      :SUNSHINE: SKY     :PK WND
================================================================================
1   2   3   4   5  6A  6B    7    8   9   10  11  12  13   14  15   16   17  18
                                     12Z  AVG MX 2MIN
DY MAX MIN AVG DEP HDD CDD  WTR  SNW DPTH SPD SPD DIR MIN PSBL S-S WX    SPD DR
================================================================================

 1  75  39  57   M   8   0    M    M    M  4.6 12 270   M    M   4         M  M
 2  79  37  58   M   7   0    M    M    M  6.7 20  10   M    M   2        27  10
 3  70  50  60   M   5   0    M    M    M  6.6 15 180   M    M   7        25 180
 4  79  41  60   M   5   0    M    M    M 10.2 27 210   M    M   1        36 210
 5  79  50  65   M   0   0    M    M    M 10.4 18 250   M    M   4        31 250
 6  77  39  58   M   7   0    M    M    M  6.5 22 280   M    M   1        28 280
 7  79  34  57   M   8   0    M    M    M  6.3 14 270   M    M   0        18 250
 8  79  34  57   M   8   0    M    M    M  5.6 13  60   M    M   1         M  M
 9  81  37  59   M   6   0    M    M    M  6.6 16  40   M    M   0        21  50
10  81  37  59   M   6   0    M    M    M  6.1 13  90   M    M   0        18 360
11  82  37  60   M   5   0    M    M    M  5.8 13  80   M    M   0         M  M
12  88  39  64   M   1   0    M    M    M  6.7 16  80   M    M   0        23  80
13  82  39  61   M   4   0    M    M    M  7.5 21 310   M    M   1        29 310
14  75  39  57   M   8   0    M    M    M  7.2 28 340   M    M   2        21 290
15  79  41  60   M   5   0    M    M    M  8.7 21 290   M    M   0        28 280
16  81  37  59   M   6   0    M    M    M  5.4 10 140   M    M   2         M  M
17  77  41  59   M   6   0    M    M    M  4.4 14 340   M    M   2        17 340
18  70  43  57   M   8   0 0.00  0.0    0  6.3 14 300   M    M   4        22 300
================================================================================
SM 1413  714       103   0  0.00     0.0 121.6          M       31
================================================================================
AV 78.5 39.7                               6.8 FASTST   M    M   2    MAX(MPH)
                                 MISC ---->  # 28 340               # 36  210
================================================================================
NOTES:
# LAST OF SEVERAL OCCURRENCES

COLUMN 17 PEAK WIND IN M.P.H.

PRELIMINARY LOCAL CLIMATOLOGICAL DATA (WS FORM: F-6) , PAGE 2

                                          STATION:  Walden
                                          MONTH:    AUGUST
                                          YEAR:     2018
                                          LATITUDE:   40 45 N
                                          LONGITUDE: 106 16 W

[TEMPERATURE DATA]      [PRECIPITATION DATA]       SYMBOLS USED IN COLUMN 16

AVERAGE MONTHLY: 59.1   TOTAL FOR MONTH:   0.00    1 = FOG OR MIST
DPTR FM NORMAL:     M   DPTR FM NORMAL:       M    2 = FOG REDUCING VISIBILITY
HIGHEST:    88 ON 12    GRTST 24HR  0.00 ON 18-18      TO 1/4 MILE OR LESS
LOWEST:     34 ON  8, 7                            3 = THUNDER
                        SNOW, ICE PELLETS, HAIL    4 = ICE PELLETS
                        TOTAL MONTH:   0.0 INCH    5 = HAIL
                        GRTST 24HR     0.0         6 = FREEZING RAIN OR DRIZZLE
                        GRTST DEPTH:   0           7 = DUSTSTORM OR SANDSTORM:
                                                       VSBY 1/2 MILE OR LESS
                                                   8 = SMOKE OR HAZE
[NO. OF DAYS WITH]      [WEATHER - DAYS WITH]      9 = BLOWING SNOW
                                                   X = TORNADO
MAX 32 OR BELOW:   0    0.01 INCH OR MORE:   0
MAX 90 OR ABOVE:   0    0.10 INCH OR MORE:   0
MIN 32 OR BELOW:   0    0.50 INCH OR MORE:   0
MIN  0 OR BELOW:   0    1.00 INCH OR MORE:   0

[HDD (BASE 65) ]
TOTAL THIS MO.   103    CLEAR  (SCALE 0-3)  14
DPTR FM NORMAL     M    PTCLDY (SCALE 4-7)   4
TOTAL FM JUL 1   227    CLOUDY (SCALE 8-10)  0
DPTR FM NORMAL     M

[CDD (BASE 65) ]
TOTAL THIS MO.     0
DPTR FM NORMAL     M    [PRESSURE DATA]
TOTAL FM JAN 1     4    HIGHEST SLP M ON M
DPTR FM NORMAL     M    LOWEST  SLP M ON M

[REMARKS]
