000
CXUS54 KEWX 180910
CF65C1
PRELIMINARY LOCAL CLIMATOLOGICAL DATA (WS FORM: F-6)

                                          STATION:   Boerne
                                          MONTH:     OCTOBER
                                          YEAR:      2019
                                          LATITUDE:   29 43 N
                                          LONGITUDE:  98 42 W

  TEMPERATURE IN F:       :PCPN:    SNOW:  WIND      :SUNSHINE: SKY     :PK WND
================================================================================
1   2   3   4   5  6A  6B    7    8   9   10  11  12  13   14  15   16   17  18
                                     12Z  AVG MX 2MIN
DY MAX MIN AVG DEP HDD CDD  WTR  SNW DPTH SPD SPD DIR MIN PSBL S-S WX    SPD DR
================================================================================

 1  90  72  81   M   0  16 0.00    M    M  7.6 13 150   M    M   7        21 150
 2  90  72  81   M   0  16 0.00    M    M  5.2 12 170   M    M   6        17 107
 3  90  70  80   M   0  15 0.00    M    M  2.9 12 120   M    M   5         M  M
 4  88  63  76   M   0  11 0.00    M    M  2.8  9 130   M    M   2         M  M
 5  90  64  77   M   0  12 0.00    M    M  1.9  6 190   M    M   1         M  M
 6  90  64  77   M   0  12 0.00    M    M  2.1  7 170   M    M   1         M  M
 7  79  63  71   M   0   6 0.00    M    M  6.8 15  10   M    M   4        27  10
 8  82  57  70   M   0   5 0.00    M    M  2.1  7  70   M    M   0        16 160
 9  88  61  75   M   0  10 0.00    M    M  8.3 14 190   M    M   6        22 170
10  90  73  82   M   0  17 0.00    M    M 10.6 17 200   M    M   6        23 190
11  77  45  61   M   4   0 0.07    M    M 14.1 24 360   M    M  10        36  10
12  64  50  57   M   8   0 0.00    M    M  3.4 12  40   M    M   8        17  20
13  77  54  66   M   0   1 0.00    M    M  0.0  M   M   M    M   6         M  M
14  86  64  75   M   0  10 0.00    M    M  0.1  4 150   M    M   6         M  M
15  88  70  79   M   0  14 0.89    M    M  3.3 10 200   M    M   7        20  30
16  70  55  63   M   2   0 0.45    M    M  6.3 14  10   M    M   7        22  10
17  72  50  61   M   4   0 0.00    M    M  0.3  7  60   M    M   3         M  M
================================================================================
SM 1411 1047        18 145  1.41    M     77.8          M       85
================================================================================
AV 83.0 61.6                               4.6 FASTST   M    M   5    MAX(MPH)
                                 MISC ---->  # 24 360               # 36   10
================================================================================
NOTES:
# LAST OF SEVERAL OCCURRENCES

COLUMN 17 PEAK WIND IN M.P.H.

PRELIMINARY LOCAL CLIMATOLOGICAL DATA (WS FORM: F-6) , PAGE 2

                                          STATION:  Boerne
                                          MONTH:    OCTOBER
                                          YEAR:     2019
                                          LATITUDE:   29 43 N
                                          LONGITUDE:  98 42 W

[TEMPERATURE DATA]      [PRECIPITATION DATA]       SYMBOLS USED IN COLUMN 16

AVERAGE MONTHLY: 72.3   TOTAL FOR MONTH:   1.41    1 = FOG OR MIST
DPTR FM NORMAL:     M   DPTR FM NORMAL:       M    2 = FOG REDUCING VISIBILITY
HIGHEST:    90 ON 10, 6 GRTST 24HR  0.89 ON 15-15      TO 1/4 MILE OR LESS
LOWEST:     45 ON 11                               3 = THUNDER
                        SNOW, ICE PELLETS, HAIL    4 = ICE PELLETS
                        TOTAL MONTH:    M          5 = HAIL
                        GRTST 24HR    M  ON   M    6 = FREEZING RAIN OR DRIZZLE
                        GRTST DEPTH:  M  ON   M    7 = DUSTSTORM OR SANDSTORM:
                                                       VSBY 1/2 MILE OR LESS
                                                   8 = SMOKE OR HAZE
[NO. OF DAYS WITH]      [WEATHER - DAYS WITH]      9 = BLOWING SNOW
                                                   X = TORNADO
MAX 32 OR BELOW:   0    0.01 INCH OR MORE:   3
MAX 90 OR ABOVE:   6    0.10 INCH OR MORE:   2
MIN 32 OR BELOW:   0    0.50 INCH OR MORE:   1
MIN  0 OR BELOW:   0    1.00 INCH OR MORE:   0

[HDD (BASE 65) ]
TOTAL THIS MO.    18    CLEAR  (SCALE 0-3)   4
DPTR FM NORMAL     M    PTCLDY (SCALE 4-7)  12
TOTAL FM JUL 1    18    CLOUDY (SCALE 8-10)  1
DPTR FM NORMAL     M

[CDD (BASE 65) ]
TOTAL THIS MO.   145
DPTR FM NORMAL     M    [PRESSURE DATA]
TOTAL FM JAN 1  2389    HIGHEST SLP M ON M
DPTR FM NORMAL     M    LOWEST  SLP M ON M

[REMARKS]
