000
CXUS54 KEWX 251010
CF65C1
PRELIMINARY LOCAL CLIMATOLOGICAL DATA (WS FORM: F-6)

                                          STATION:   Boerne
                                          MONTH:     MAY
                                          YEAR:      2020
                                          LATITUDE:   29 43 N
                                          LONGITUDE:  98 42 W

  TEMPERATURE IN F:       :PCPN:    SNOW:  WIND      :SUNSHINE: SKY     :PK WND
================================================================================
1   2   3   4   5  6A  6B    7    8   9   10  11  12  13   14  15   16   17  18
                                     12Z  AVG MX 2MIN
DY MAX MIN AVG DEP HDD CDD  WTR  SNW DPTH SPD SPD DIR MIN PSBL S-S WX    SPD DR
================================================================================

 1  86  59  73   M   0   8 0.00    M    M  9.0 15 210   M    M   0        21 190
 2  90  64  77   M   0  12 0.00    M    M  9.4 14 180   M    M   4        23 190
 3  90  64  77   M   0  12 0.00    M    M  8.6 10 170   M    M   5        18 190
 4  91  66  79   M   0  14 0.00    M    M  8.7 13 170   M    M   4        21 170
 5  84  68  76   M   0  11 0.00    M    M  9.2 20  20   M    M   8        24  20
 6  82  61  72   M   0   7 0.00    M    M  7.4 13  70   M    M   5        18  70
 7  86  54  70   M   0   5 0.00    M    M  7.8 17 180   M    M   6        25 180
 8  81  61  71   M   0   6 0.00    M    M 13.1 20  10   M    M   5        31  40
 9  73  57  65   M   0   0 0.00    M    M  6.7 10  50   M    M   6         M  M
10  79  46  63   M   2   0 0.00    M    M  3.5 10  70   M    M   0         M  M
11  79  52  66   M   0   1 0.00    M    M  6.9 14 170   M    M   7        23 170
12  81  63  72   M   0   7 2.40    M    M  8.2 13  50   M    M   9        21 170
13  84  63  74   M   0   9 0.00    M    M  7.3 12 140   M    M   8        20 140
14  86  61  74   M   0   9 0.39    M    M  6.8 12 190   M    M   3        18 170
15  86  61  74   M   0   9 1.04    M    M  7.0 13 310   M    M   8        22 310
16  81  59  70   M   0   5 0.17    M    M  5.5 20  20   M    M   3        28  30
17  86  61  74   M   0   9 0.00    M    M  2.8  9 360   M    M   0         M  M
18  88  59  74   M   0   9 0.00    M    M  4.5 14 220   M    M   0        17 220
19  91  66  79   M   0  14 0.00    M    M  6.7 14 220   M    M   0        20 220
20  90  66  78   M   0  13 0.07    M    M  7.2 14 250   M    M   3        31 250
21  88  68  78   M   0  13 0.02    M    M  6.8 15 240   M    M   6        25 250
22  90  72  81   M   0  16 0.00    M    M  8.6 14 190   M    M   7        21 150
23  90  64  77   M   0  12 0.03    M    M  9.4 15 170   M    M   7        23 140
24  88  61  75   M   0  10 0.49    M    M  6.9 16 280   M    M   7        23 280
================================================================================
SM 2050 1476         2 211  4.61    M    178.0          M      111
================================================================================
AV 85.4 61.5                               7.4 FASTST   M    M   5    MAX(MPH)
                                 MISC ---->  # 20  20               # 31   40
================================================================================
NOTES:
# LAST OF SEVERAL OCCURRENCES

COLUMN 17 PEAK WIND IN M.P.H.

PRELIMINARY LOCAL CLIMATOLOGICAL DATA (WS FORM: F-6) , PAGE 2

                                          STATION:  Boerne
                                          MONTH:    MAY
                                          YEAR:     2020
                                          LATITUDE:   29 43 N
                                          LONGITUDE:  98 42 W

[TEMPERATURE DATA]      [PRECIPITATION DATA]       SYMBOLS USED IN COLUMN 16

AVERAGE MONTHLY: 73.5   TOTAL FOR MONTH:   4.61    1 = FOG OR MIST
DPTR FM NORMAL:     M   DPTR FM NORMAL:       M    2 = FOG REDUCING VISIBILITY
HIGHEST:    91 ON 19, 4 GRTST 24HR  2.40 ON 12-12      TO 1/4 MILE OR LESS
LOWEST:     46 ON 10                               3 = THUNDER
                        SNOW, ICE PELLETS, HAIL    4 = ICE PELLETS
                        TOTAL MONTH:    M          5 = HAIL
                        GRTST 24HR    M  ON   M    6 = FREEZING RAIN OR DRIZZLE
                        GRTST DEPTH:  M  ON   M    7 = DUSTSTORM OR SANDSTORM:
                                                       VSBY 1/2 MILE OR LESS
                                                   8 = SMOKE OR HAZE
[NO. OF DAYS WITH]      [WEATHER - DAYS WITH]      9 = BLOWING SNOW
                                                   X = TORNADO
MAX 32 OR BELOW:   0    0.01 INCH OR MORE:   8
MAX 90 OR ABOVE:   7    0.10 INCH OR MORE:   5
MIN 32 OR BELOW:   0    0.50 INCH OR MORE:   2
MIN  0 OR BELOW:   0    1.00 INCH OR MORE:   2

[HDD (BASE 65) ]
TOTAL THIS MO.     2    CLEAR  (SCALE 0-3)   8
DPTR FM NORMAL     M    PTCLDY (SCALE 4-7)  15
TOTAL FM JUL 1  1881    CLOUDY (SCALE 8-10)  1
DPTR FM NORMAL     M

[CDD (BASE 65) ]
TOTAL THIS MO.   211
DPTR FM NORMAL     M    [PRESSURE DATA]
TOTAL FM JAN 1   385    HIGHEST SLP M ON M
DPTR FM NORMAL     M    LOWEST  SLP M ON M

[REMARKS]
