000
CXUS54 KMAF 241110
CF66R6
PRELIMINARY LOCAL CLIMATOLOGICAL DATA (WS FORM: F-6)

                                          STATION:   TERRELL COUNTY AIRPORT
                                          MONTH:     MAY
                                          YEAR:      2020
                                          LATITUDE:   30  2 N
                                          LONGITUDE: 102 13 W

  TEMPERATURE IN F:       :PCPN:    SNOW:  WIND      :SUNSHINE: SKY     :PK WND
================================================================================
1   2   3   4   5  6A  6B    7    8   9   10  11  12  13   14  15   16   17  18
                                     12Z  AVG MX 2MIN
DY MAX MIN AVG DEP HDD CDD  WTR  SNW DPTH SPD SPD DIR MIN PSBL S-S WX    SPD DR
================================================================================

 1  99  62  81   8   0  16 0.00    M    M  8.6 22 350   M    M   0        31 340
 2 101  65  83  10   0  18 0.06    M    M  8.0 32 110   M    M   0        38 100
 3 101  68  85  11   0  20 0.00    M    M  6.8 18 150   M    M   0        25 140
 4 103  69  86  12   0  21 0.00    M    M  7.4 21 140   M    M   0        27 140
 5  90  65  78   4   0  13 0.00    M    M 11.3 25  20   M    M   0        33  30
 6  89  60  75   1   0  10 0.00    M    M 10.8 22 120   M    M   0        29 120
 7  98  66  82   8   0  17 0.00    M    M 13.1 31 110   M    M   0        39 120
 8  81  62  72  -3   0   7 0.00    M    M 14.2 33  10   M    M   0        43 360
 9  85  54  70  -5   0   5 0.00    M    M  9.1 21 110   M    M   0        28 110
10  85  61  73  -2   0   8 0.00    M    M 13.7 24 100   M    M   0        33  90
11  85  64  75  -1   0  10 0.20  0.0    0 14.9 26 110   M    M   0        37 120
12  92  60  76   0   0  11 0.00  0.0    0  7.7 20 110   M    M   0        25 110
13  91  68  80   4   0  15 0.05    M    M 11.8 26 120   M    M   0 3      34 130
14  96  67  82   6   0  17 0.16  0.0    0  7.9 43 140   M    M   0        55 180
15  89  61  75  -1   0  10 0.45  0.0    0 10.0 43 220   M    M   0        54 220
16  90  57  74  -3   0   9 0.00    M    M  7.8 18  80   M    M   0        24  60
17  92  65  79   2   0  14 0.00  0.0    0  9.1 17 130   M    M   0        24 120
18 101  65  83   6   0  18 0.00    M    M  9.1 21 120   M    M   0        25 120
19 105  68  87  10   0  22 0.00  0.0    0  7.6 23 290   M    M   0        27 290
20 100  73  87   9   0  22    M  0.0    0  6.8 20 150   M    M   0        30 150
21 101  67  84   6   0  19 0.00  0.0    0  8.5 25 130   M    M   0        31 140
22  97  69  83   5   0  18 0.00  0.0    0  8.6 26 170   M    M   0        33 170
23  92  69  81   3   0  16 0.18  0.0    0 12.2 25 130   M    M   0        34 130
================================================================================
SM 2163 1485         0 336  1.10  0.0    225.0          M        0
================================================================================
AV 94.0 64.6                               9.8 FASTST   M    M   0    MAX(MPH)
                                 MISC ---->  # 43 140                 55 180
================================================================================
NOTES:
# LAST OF SEVERAL OCCURRENCES

COLUMN 17 PEAK WIND IN M.P.H.

PRELIMINARY LOCAL CLIMATOLOGICAL DATA (WS FORM: F-6) , PAGE 2

                                          STATION:   TERRELL COUNTY AIRPORT
                                          MONTH:     MAY
                                          YEAR:      2020
                                          LATITUDE:   30  2 N
                                          LONGITUDE: 102 13 W

[TEMPERATURE DATA]      [PRECIPITATION DATA]       SYMBOLS USED IN COLUMN 16

AVERAGE MONTHLY: 79.3   TOTAL FOR MONTH:   1.10    1 = FOG OR MIST
DPTR FM NORMAL:   3.6   DPTR FM NORMAL:   -0.06    2 = FOG REDUCING VISIBILITY
HIGHEST:   105 ON 19    GRTST 24HR  0.61 ON 14-15      TO 1/4 MILE OR LESS
LOWEST:     54 ON  9                               3 = THUNDER
                        SNOW, ICE PELLETS, HAIL    4 = ICE PELLETS
                        TOTAL MONTH:   0.0 INCH    5 = HAIL
                        GRTST 24HR  0.0            6 = FREEZING RAIN OR DRIZZLE
                        GRTST DEPTH:  0            7 = DUSTSTORM OR SANDSTORM:
                                                       VSBY 1/2 MILE OR LESS
                                                   8 = SMOKE OR HAZE
[NO. OF DAYS WITH]      [WEATHER - DAYS WITH]      9 = BLOWING SNOW
                                                   X = TORNADO
MAX 32 OR BELOW:   0    0.01 INCH OR MORE:   6
MAX 90 OR ABOVE:  17    0.10 INCH OR MORE:   4
MIN 32 OR BELOW:   0    0.50 INCH OR MORE:   0
MIN  0 OR BELOW:   0    1.00 INCH OR MORE:   0

[HDD (BASE 65) ]
TOTAL THIS MO.     0    CLEAR  (SCALE 0-3)  23
DPTR FM NORMAL     0    PTCLDY (SCALE 4-7)   0
TOTAL FM JUL 1  1512    CLOUDY (SCALE 8-10)  0
DPTR FM NORMAL  -303

[CDD (BASE 65) ]
TOTAL THIS MO.   336
DPTR FM NORMAL    87    [PRESSURE DATA]
TOTAL FM JAN 1   694    HIGHEST SLP M ON M
DPTR FM NORMAL   235    LOWEST  SLP 29.54 ON 21

[REMARKS]
