000
CXUS54 KMAF 181100
CF66R6
PRELIMINARY LOCAL CLIMATOLOGICAL DATA (WS FORM: F-6)

                                          STATION:   Terrell County Airport
                                          MONTH:     JANUARY
                                          YEAR:      2019
                                          LATITUDE:   30  2 N
                                          LONGITUDE: 102 13 W

  TEMPERATURE IN F:       :PCPN:    SNOW:  WIND      :SUNSHINE: SKY     :PK WND
================================================================================
1   2   3   4   5  6A  6B    7    8   9   10  11  12  13   14  15   16   17  18
                                     12Z  AVG MX 2MIN
DY MAX MIN AVG DEP HDD CDD  WTR  SNW DPTH SPD SPD DIR MIN PSBL S-S WX    SPD DR
================================================================================

 1  40  30  35 -13  30   0 0.00  0.0    0 12.7 21  20   M    M   0        27 360
 2  35  30  33 -15  32   0 0.00  0.0    0 11.0 18  10   M    M   0        23 350
 3  59  25  42  -6  23   0 0.00  0.0    0 11.3 25 220   M    M   0        33 220
 4  66  38  52   4  13   0 0.00  0.0    0 11.7 21 250   M    M   0        27 250
 5  64  35  50   2  15   0 0.00  0.0    0  6.2 16 230   M    M   0        19 220
 6  69  43  56   8   9   0 0.00  0.0    0  6.9 16 130   M    M   0        19 130
 7  78  50  64  16   1   0 0.00  0.0    0  5.6 17 220   M    M   0        21 240
 8  71  43  57   9   8   0 0.00  0.0    0  8.7 17  20   M    M   0        21  20
 9  54  47  51   3  14   0 0.00  0.0    0  7.7 17  10   M    M   0        22  10
10  62  46  54   6  11   0 0.00  0.0    0  5.6 14 130   M    M   0        16 110
11  58  49  54   6  11   0 0.30    M    0  6.7 16 150   M    M   0        19 150
12  61  39  50   2  15   0 0.00  0.0    0  9.5 22 330   M    M   0        27 340
13  56  35  46  -2  19   0 0.00  0.0    0  7.4 14  90   M    M   0        19  80
14  46  38  42  -6  23   0 0.00  0.0    0  7.8 14  20   M    M   0        19  20
15  48  42  45  -3  20   0 0.11    M    0  4.0  9 170   M    M   0        12 160
16  62  45  54   6  11   0 0.00  0.0    0  4.0 12 140   M    M   0        14 140
17  72  38  55   7  10   0 0.00  0.0    0  4.1  9 160   M    M   0         9 160
================================================================================
SM 1001  673       265   0  0.41     0.0 130.9          M        0
================================================================================
AV 58.9 39.6                               7.7 FASTST   M    M   0    MAX(MPH)
                                 MISC ---->  # 25 220               # 33  220
================================================================================
NOTES:
# LAST OF SEVERAL OCCURRENCES

COLUMN 17 PEAK WIND IN M.P.H.

PRELIMINARY LOCAL CLIMATOLOGICAL DATA (WS FORM: F-6) , PAGE 2

                                          STATION:  Terrell County Airport
                                          MONTH:    JANUARY
                                          YEAR:     2019
                                          LATITUDE:   30  2 N
                                          LONGITUDE: 102 13 W

[TEMPERATURE DATA]      [PRECIPITATION DATA]       SYMBOLS USED IN COLUMN 16

AVERAGE MONTHLY: 49.2   TOTAL FOR MONTH:   0.41    1 = FOG OR MIST
DPTR FM NORMAL:   1.2   DPTR FM NORMAL:    0.20    2 = FOG REDUCING VISIBILITY
HIGHEST:    78 ON  7    GRTST 24HR  0.30 ON 11-11      TO 1/4 MILE OR LESS
LOWEST:     25 ON  3                               3 = THUNDER
                        SNOW, ICE PELLETS, HAIL    4 = ICE PELLETS
                        TOTAL MONTH:   0.0 INCH    5 = HAIL
                        GRTST 24HR     0.0         6 = FREEZING RAIN OR DRIZZLE
                        GRTST DEPTH:   0           7 = DUSTSTORM OR SANDSTORM:
                                                       VSBY 1/2 MILE OR LESS
                                                   8 = SMOKE OR HAZE
[NO. OF DAYS WITH]      [WEATHER - DAYS WITH]      9 = BLOWING SNOW
                                                   X = TORNADO
MAX 32 OR BELOW:   0    0.01 INCH OR MORE:   2
MAX 90 OR ABOVE:   0    0.10 INCH OR MORE:   2
MIN 32 OR BELOW:   3    0.50 INCH OR MORE:   0
MIN  0 OR BELOW:   0    1.00 INCH OR MORE:   0

[HDD (BASE 65) ]
TOTAL THIS MO.   265    CLEAR  (SCALE 0-3)  17
DPTR FM NORMAL   -23    PTCLDY (SCALE 4-7)   0
TOTAL FM JUL 1  1205    CLOUDY (SCALE 8-10)  0
DPTR FM NORMAL   137

[CDD (BASE 65) ]
TOTAL THIS MO.     0
DPTR FM NORMAL     0    [PRESSURE DATA]
TOTAL FM JAN 1     0    HIGHEST SLP M ON M
DPTR FM NORMAL     0    LOWEST  SLP 29.72 ON  6

[REMARKS]
