000
CXUS56 KMFR 221000
CF6AAT
PRELIMINARY LOCAL CLIMATOLOGICAL DATA (WS FORM: F-6)

                                          STATION:   ALTURAS CA
                                          MONTH:     JANUARY
                                          YEAR:      2019
                                          LATITUDE:   41 29 N
                                          LONGITUDE: 120 34 W

  TEMPERATURE IN F:       :PCPN:    SNOW:  WIND      :SUNSHINE: SKY     :PK WND
================================================================================
1   2   3   4   5  6A  6B    7    8   9   10  11  12  13   14  15   16   17  18
                                     12Z  AVG MX 2MIN
DY MAX MIN AVG DEP HDD CDD  WTR  SNW DPTH SPD SPD DIR MIN PSBL S-S WX    SPD DR
================================================================================

 1  33   9  21  -8  44   0 0.00    M    M  2.7 13  10   M    M   0 18     16  10
 2  47  11  29   0  36   0 0.00    M    M  1.1  9 160   0    0   0         M  M
 3  45  17  31   2  34   0 0.00    M    M  0.7  6  90   M    M   0 18      7  90
 4  53  25  39  10  26   0 0.00    M    M  3.5 16 150   M    M   0 18     20 160
 5  50  23  37   8  28   0 0.02    M    M 10.6 32 170   M    M   4 18     38 170
 6  35  26  31   2  34   0 0.26    M    M  9.1 26 240   M    M   9 12     36 230
 7  36  27  32   3  33   0 0.01    M    M  1.9 12 260   M    M  10 1      15 260
 8  46  32  39  10  26   0 0.00    M    M  4.2 16 170   M    M   7 18     21 170
 9  48  37  43  14  22   0    T    M    M 11.2 22 210   M    M   9 8      27 210
10  49  23  36   7  29   0 0.00    M    M  4.7 14 190   M    M   4 18     18 180
11  45  24  35   6  30   0 0.00    M    M  4.0 12 160   M    M   0 18     15 140
12  50  19  35   5  30   0 0.00    M    M  5.1 23 180   M    M   0 18     29 180
13  51  13  32   2  33   0 0.00    M    M  0.8  8 110   M    M   0 18      9  60
14  47  12  30   0  35   0 0.00    M    M  4.5 23 180   M    M   3 18     28 190
15  45  22  34   4  31   0 0.13    M    M  6.3 23 170   M    M   9 128    28 170
16  45  33  39   9  26   0 0.27    M    M 11.8 24 170   M    M   9 1      38 170
17  39  29  34   4  31   0 0.36    M    M  8.6 25 250   M    M   9 1      34 140
18  36  29  33   3  32   0 0.22    M    M  4.2  9 190   M    M   9 1      12 170
19  49  33  41  11  24   0 0.03    M    M  8.9 21 170   M    M  10 12     26 170
20  47  32  40  10  25   0 0.68    M    M  8.8 39 220   M    M   7 1      52 230
21  38  19  29  -1  36   0 0.01    M    M  8.8 17 280   M    M   6 1      24 310
================================================================================
SM  934  495       645   0  1.99    M    121.5            0    105
================================================================================
AV 44.5 23.6                               5.8 FASTST    0   0   5    MAX(MPH)
                                 MISC ---->  # 39 220               # 52  230
================================================================================
NOTES:
# LAST OF SEVERAL OCCURRENCES

COLUMN 17 PEAK WIND IN M.P.H.

PRELIMINARY LOCAL CLIMATOLOGICAL DATA (WS FORM: F-6) , PAGE 2

                                          STATION:  ALTURAS CA
                                          MONTH:    JANUARY
                                          YEAR:     2019
                                          LATITUDE:   41 29 N
                                          LONGITUDE: 120 34 W

[TEMPERATURE DATA]      [PRECIPITATION DATA]       SYMBOLS USED IN COLUMN 16

AVERAGE MONTHLY: 34.0   TOTAL FOR MONTH:   1.99    1 = FOG OR MIST
DPTR FM NORMAL:   4.5   DPTR FM NORMAL:    0.76    2 = FOG REDUCING VISIBILITY
HIGHEST:    53 ON  4    GRTST 24HR  0.68 ON 20-20      TO 1/4 MILE OR LESS
LOWEST:      9 ON  1                               3 = THUNDER
                        SNOW, ICE PELLETS, HAIL    4 = ICE PELLETS
                        TOTAL MONTH:    M          5 = HAIL
                        GRTST 24HR    M  ON   M    6 = FREEZING RAIN OR DRIZZLE
                        GRTST DEPTH:  M  ON   M    7 = DUSTSTORM OR SANDSTORM:
                                                       VSBY 1/2 MILE OR LESS
                                                   8 = SMOKE OR HAZE
[NO. OF DAYS WITH]      [WEATHER - DAYS WITH]      9 = BLOWING SNOW
                                                   X = TORNADO
MAX 32 OR BELOW:   0    0.01 INCH OR MORE:  10
MAX 90 OR ABOVE:   0    0.10 INCH OR MORE:   6
MIN 32 OR BELOW:  18    0.50 INCH OR MORE:   1
MIN  0 OR BELOW:   0    1.00 INCH OR MORE:   0

[HDD (BASE 65) ]
TOTAL THIS MO.   645    CLEAR  (SCALE 0-3)   8
DPTR FM NORMAL  -102    PTCLDY (SCALE 4-7)   5
TOTAL FM JUL 1  3321    CLOUDY (SCALE 8-10)  8
DPTR FM NORMAL  -336

[CDD (BASE 65) ]
TOTAL THIS MO.     0
DPTR FM NORMAL     0    [PRESSURE DATA]
TOTAL FM JAN 1     0    HIGHEST SLP M ON M
DPTR FM NORMAL     0    LOWEST  SLP 29.45 ON  5

[REMARKS]
