000
CXUS55 KABQ 211000
CF6ABQ
PRELIMINARY LOCAL CLIMATOLOGICAL DATA (WS FORM: F-6)

                                          STATION:   ALBUQUERQUE  NM
                                          MONTH:     JANUARY
                                          YEAR:      2019
                                          LATITUDE:   35  2 N
                                          LONGITUDE: 106 37 W

  TEMPERATURE IN F:       :PCPN:    SNOW:  WIND      :SUNSHINE: SKY     :PK WND
================================================================================
1   2   3   4   5  6A  6B    7    8   9   10  11  12  13   14  15   16   17  18
                                     12Z  AVG MX 2MIN
DY MAX MIN AVG DEP HDD CDD  WTR  SNW DPTH SPD SPD DIR MIN PSBL S-S WX    SPD DR
================================================================================

 1  34  15  25 -10  40   0 0.06  2.0    2 18.4 38 110   M    M  10 129    46 110
 2  29  11  20 -15  45   0 0.00  0.0    2 10.3 20 360   M    M   6 18     23 360
 3  33   7  20 -15  45   0 0.00  0.0    0  3.7 12 340   M    M   0        15 330
 4  42  13  28  -8  37   0 0.00  0.0    0  4.2 13  90   M    M   0        14 320
 5  41  19  30  -6  35   0 0.00  0.0    0  2.9 10 360   M    M   5        13 360
 6  40  30  35  -1  30   0 0.01    T    0  3.9 14 210   M    M   8 1      17 210
 7  48  25  37   1  28   0 0.00  0.0    0  5.9 14 360   M    M   2        19 360
 8  49  25  37   1  28   0 0.00  0.0    0  6.7 18  80   M    M   2        22  80
 9  48  27  38   2  27   0    T  0.0    0  3.5  9 340   M    M   6        10  70
10  46  30  38   2  27   0 0.14  0.0    0  4.1 13 220   M    M   8 1      14 220
11  45  37  41   5  24   0 0.18  0.0    0  7.3 21 310   M    M   9 1      24 310
12  46  28  37   1  28   0 0.00  0.0    0  4.4 15  80   M    M   7        17  80
13  38  33  36   0  29   0 0.08    T    0  8.0 17  90   M    M  10 1      21  90
14  47  33  40   4  25   0    T  0.0    0  5.3 13 360   M    M   8        15 360
15  40  27  34  -2  31   0 0.00  0.0    0  3.5 10  10   M    M   7        12  20
16  55  30  43   7  22   0 0.00  0.0    0  7.4 20 310   M    M   5 1      24 310
17  54  29  42   6  23   0 0.00  0.0    0  4.7 13 120   M    M   4        16 180
18  48  36  42   6  23   0 0.05    T    0 16.8 41 290   M    M   6 1      52 310
19  48  27  38   1  27   0 0.00  0.0    0  6.5 14 350   M    M   3        19 350
20  54  30  42   5  23   0 0.00  0.0    0  2.1  9 350   M    M   8        12 350
================================================================================
SM  885  512       597   0  0.52     2.0 129.6          M      114
================================================================================
AV 44.3 25.6                               6.5 FASTST   M    M   6    MAX(MPH)
                                 MISC ---->  # 41 290               # 52  310
================================================================================
NOTES:
# LAST OF SEVERAL OCCURRENCES

COLUMN 17 PEAK WIND IN M.P.H.

PRELIMINARY LOCAL CLIMATOLOGICAL DATA (WS FORM: F-6) , PAGE 2

                                          STATION:  ALBUQUERQUE  NM
                                          MONTH:    JANUARY
                                          YEAR:     2019
                                          LATITUDE:   35  2 N
                                          LONGITUDE: 106 37 W

[TEMPERATURE DATA]      [PRECIPITATION DATA]       SYMBOLS USED IN COLUMN 16

AVERAGE MONTHLY: 34.9   TOTAL FOR MONTH:   0.52    1 = FOG OR MIST
DPTR FM NORMAL:  -1.0   DPTR FM NORMAL:    0.28    2 = FOG REDUCING VISIBILITY
HIGHEST:    55 ON 16    GRTST 24HR  0.18 ON 11-11      TO 1/4 MILE OR LESS
LOWEST:      7 ON  3                               3 = THUNDER
                        SNOW, ICE PELLETS, HAIL    4 = ICE PELLETS
                        TOTAL MONTH:   2.0 INCHES  5 = HAIL
                        GRTST 24HR   2.0 ON  1- 1  6 = FREEZING RAIN OR DRIZZLE
                        GRTST DEPTH:   2 ON  2, 1  7 = DUSTSTORM OR SANDSTORM:
                                                       VSBY 1/2 MILE OR LESS
                                                   8 = SMOKE OR HAZE
[NO. OF DAYS WITH]      [WEATHER - DAYS WITH]      9 = BLOWING SNOW
                                                   X = TORNADO
MAX 32 OR BELOW:   1    0.01 INCH OR MORE:   6
MAX 90 OR ABOVE:   0    0.10 INCH OR MORE:   2
MIN 32 OR BELOW:  16    0.50 INCH OR MORE:   0
MIN  0 OR BELOW:   0    1.00 INCH OR MORE:   0

[HDD (BASE 65) ]
TOTAL THIS MO.   597    CLEAR  (SCALE 0-3)   5
DPTR FM NORMAL    15    PTCLDY (SCALE 4-7)  12
TOTAL FM JUL 1  2376    CLOUDY (SCALE 8-10)  3
DPTR FM NORMAL    37

[CDD (BASE 65) ]
TOTAL THIS MO.     0
DPTR FM NORMAL     0    [PRESSURE DATA]
TOTAL FM JAN 1     0    HIGHEST SLP M ON M
DPTR FM NORMAL     0    LOWEST  SLP 29.84 ON 18

[REMARKS]
