000
CXUS52 KTAE 250800
CF6ABY
PRELIMINARY LOCAL CLIMATOLOGICAL DATA (WS FORM: F-6)

                                          STATION:   ALBANY
                                          MONTH:     FEBRUARY
                                          YEAR:      2020
                                          LATITUDE:   31 31 N
                                          LONGITUDE:  84 11 W

  TEMPERATURE IN F:       :PCPN:    SNOW:  WIND      :SUNSHINE: SKY     :PK WND
================================================================================
1   2   3   4   5  6A  6B    7    8   9   10  11  12  13   14  15   16   17  18
                                     12Z  AVG MX 2MIN
DY MAX MIN AVG DEP HDD CDD  WTR  SNW DPTH SPD SPD DIR MIN PSBL S-S WX    SPD DR
================================================================================

 1  51  43  47  -3  18   0    T  0.0    0  5.4 10 280   M    M   9 1      12 290
 2  65  38  52   2  13   0 0.00  0.0    0  7.1 15 270   M    M   0 1      20 240
 3  75  37  56   6   9   0 0.00  0.0    0  3.3 13 200   M    M   0        16 190
 4  74  49  62  11   3   0 0.00  0.0    0  6.0 15 170   M    M   3 128    20 220
 5  76  58  67  16   0   2 1.14  0.0    0  6.7 20 150   M    M   8 123    28 140
 6  80  58  69  18   0   4 1.92  0.0    0 16.8 37 210   M    M  10 1238   51 190
 7  58  37  48  -3  17   0 0.01    M    0 10.3 23 250   M    M   3 8      33 250
 8  62  33  48  -3  17   0    T    M    0  4.5 15 330   M    M   4        21 210
 9  69  37  53   2  12   0 0.00  0.0    0  5.9 17  80   M    M   0 1      22  90
10  78  47  63  11   2   0 0.00  0.0    0  8.5 22 190   M    M   2 18     27 190
11  81  63  72  20   0   7    T  0.0    0  8.1 18 210   M    M   7 1      26 210
12  81  59  70  18   0   5 0.00  0.0    0  7.9 23 190   M    M   7 12     28 190
13  78  52  65  13   0   0 0.77  0.0    0  9.7 24 220   M    M   8 138    30 220
14  64  45  55   3  10   0 0.01  0.0    0  8.1 15  30   M    M   1        21  10
15  66  36  51  -1  14   0 0.00  0.0    0  4.7 13  90   M    M   0        19  60
16  53  47  50  -3  15   0 0.70    M    0  5.4 20 130   M    M   8 1      23 140
17  65  52  59   6   6   0 0.13  0.0    0  5.5 10  70   M    M  10 1      13  70
18  75  62  69  16   0   4 0.02  0.0    0  6.6 13 170   M    M   9 12     16 170
19  77  63  70  17   0   5 0.14  0.0    0  4.6 18 350   M    M   9 1      24 350
20  63  43  53   0  12   0 0.81    M    0 11.7 16  10   M    M  10 1      23  40
21  53  38  46  -8  19   0    T    M    0 10.7 18  60   M    M   4 1      27  60
22  58  27  43 -11  22   0 0.00  0.0    0  4.7 14  40   M    M   0        19  50
23  64  30  47  -7  18   0 0.00  0.0    0  1.3  8 280   M    M   2 1      11 250
24  74  53  64  10   1   0 0.91  0.0    0  5.3 18 200   M    M  10 1      22 180
================================================================================
SM 1640 1107       208  27  6.56     0.0 168.8          M      124
================================================================================
AV 68.3 46.1                               7.0 FASTST   M    M   5    MAX(MPH)
                                 MISC ---->  # 37 210               # 51  190
================================================================================
NOTES:
# LAST OF SEVERAL OCCURRENCES

COLUMN 17 PEAK WIND IN M.P.H.

PRELIMINARY LOCAL CLIMATOLOGICAL DATA (WS FORM: F-6) , PAGE 2

                                          STATION:  ALBANY
                                          MONTH:    FEBRUARY
                                          YEAR:     2020
                                          LATITUDE:   31 31 N
                                          LONGITUDE:  84 11 W

[TEMPERATURE DATA]      [PRECIPITATION DATA]       SYMBOLS USED IN COLUMN 16

AVERAGE MONTHLY: 57.2   TOTAL FOR MONTH:   6.56    1 = FOG OR MIST
DPTR FM NORMAL:   5.2   DPTR FM NORMAL:    3.07    2 = FOG REDUCING VISIBILITY
HIGHEST:    81 ON 12,11 GRTST 24HR  1.92 ON  6- 6      TO 1/4 MILE OR LESS
LOWEST:     27 ON 22                               3 = THUNDER
                        SNOW, ICE PELLETS, HAIL    4 = ICE PELLETS
                        TOTAL MONTH:   0.0 INCH    5 = HAIL
                        GRTST 24HR     0.0         6 = FREEZING RAIN OR DRIZZLE
                        GRTST DEPTH:   0           7 = DUSTSTORM OR SANDSTORM:
                                                       VSBY 1/2 MILE OR LESS
                                                   8 = SMOKE OR HAZE
[NO. OF DAYS WITH]      [WEATHER - DAYS WITH]      9 = BLOWING SNOW
                                                   X = TORNADO
MAX 32 OR BELOW:   0    0.01 INCH OR MORE:  11
MAX 90 OR ABOVE:   0    0.10 INCH OR MORE:   8
MIN 32 OR BELOW:   2    0.50 INCH OR MORE:   6
MIN  0 OR BELOW:   0    1.00 INCH OR MORE:   2

[HDD (BASE 65) ]
TOTAL THIS MO.   208    CLEAR  (SCALE 0-3)   9
DPTR FM NORMAL  -106    PTCLDY (SCALE 4-7)   7
TOTAL FM JUL 1  1088    CLOUDY (SCALE 8-10)  8
DPTR FM NORMAL  -430

[CDD (BASE 65) ]
TOTAL THIS MO.    27
DPTR FM NORMAL    27    [PRESSURE DATA]
TOTAL FM JAN 1    60    HIGHEST SLP M ON M
DPTR FM NORMAL    56    LOWEST  SLP 29.43 ON  6

[REMARKS]
