000
CXUS54 KFWD 230026
CF6ACT
PRELIMINARY LOCAL CLIMATOLOGICAL DATA (WS FORM: F-6)

                                          STATION:   WACO
                                          MONTH:     SEPTEMBER
                                          YEAR:      2018
                                          LATITUDE:   31 37 N
                                          LONGITUDE:  97 13 W

  TEMPERATURE IN F:       :PCPN:    SNOW:  WIND      :SUNSHINE: SKY     :PK WND
================================================================================
1   2   3   4   5  6A  6B    7    8   9   10  11  12  13   14  15   16   17  18
                                     12Z  AVG MX 2MIN
DY MAX MIN AVG DEP HDD CDD  WTR  SNW DPTH SPD SPD DIR MIN PSBL S-S WX    SPD DR
================================================================================

 1  98  74  86   3   0  21 0.00  0.0    0  9.3 17  70   M    M   2        23  70
 2  95  77  86   4   0  21 0.04  0.0    0  9.9 20 120   M    M   3        25 110
 3  93  75  84   2   0  19 0.47  0.0    0  6.1 25 170   M    M   8 13     33 170
 4  94  75  85   3   0  20    T  0.0    0  7.8 21 100   M    M   7        23 100
 5  95  75  85   3   0  20 0.00  0.0    0  6.1 16 110   M    M   6 3      19 110
 6  96  77  87   6   0  22    T  0.0    0  5.8 20 170   M    M   6 3      23 180
 7  95  72  84   3   0  19 2.25  0.0    0  6.2 22 350   M    M   4 13     27 340
 8  87  74  81   0   0  16 0.76  0.0    0  4.8 21 310   M    M   7 13     25 310
 9  80  71  76  -4   0  11 0.06  0.0    0  7.5 15  30   M    M  10 1      19  20
10  82  71  77  -3   0  12 0.00  0.0    0  6.0 12 340   M    M   9        15 360
11  84  72  78  -2   0  13 0.23  0.0    0  7.2 17  60   M    M  10 1      21  70
12  90  73  82   3   0  17 0.28  0.0    0  7.2 17 100   M    M   7 1      21 110
13  92  73  83   4   0  18 0.00  0.0    0  7.2 24 140   M    M   6        31 160
14  87  71  79   0   0  14 0.34  0.0    0  5.5 22 100   M    M   5 13     29 100
15  93  72  83   5   0  18    T  0.0    0  6.8 20  60   M    M   2 3      25  60
16  94  73  84   6   0  19 0.00  0.0    0  4.2 13 150   M    M   1        20 170
17  95  74  85   7   0  20 0.00  0.0    0  4.1 13 230   M    M   0        16 170
18  96  73  85   8   0  20 0.00  0.0    0  4.8 12 170   M    M   1        15 190
19  97  73  85   8   0  20 0.00  0.0    0  7.7 16 170   M    M   0        19 170
20  93  72  83   6   0  18 0.25  0.0    0  9.4 30 190   M    M   4 3      41 190
21  91  74  83   7   0  18 0.02  0.0    0 12.5 23 130   M    M   7        29 140
================================================================================
SM 1927 1541         0 376  4.70     0.0 146.1          M      105
================================================================================
AV 91.8 73.4                               7.0 FASTST   M    M   5    MAX(MPH)
                                 MISC ---->  # 30 190               # 41  190
================================================================================
NOTES:
# LAST OF SEVERAL OCCURRENCES

COLUMN 17 PEAK WIND IN M.P.H.

PRELIMINARY LOCAL CLIMATOLOGICAL DATA (WS FORM: F-6) , PAGE 2

                                          STATION:  WACO
                                          MONTH:    SEPTEMBER
                                          YEAR:     2018
                                          LATITUDE:   31 37 N
                                          LONGITUDE:  97 13 W

[TEMPERATURE DATA]      [PRECIPITATION DATA]       SYMBOLS USED IN COLUMN 16

AVERAGE MONTHLY: 82.6   TOTAL FOR MONTH:   4.70    1 = FOG OR MIST
DPTR FM NORMAL:   3.0   DPTR FM NORMAL:    2.59    2 = FOG REDUCING VISIBILITY
HIGHEST:    98 ON  1    GRTST 24HR  2.25 ON  7- 7      TO 1/4 MILE OR LESS
LOWEST:     71 ON 14,10                            3 = THUNDER
                        SNOW, ICE PELLETS, HAIL    4 = ICE PELLETS
                        TOTAL MONTH:   0.0 INCH    5 = HAIL
                        GRTST 24HR     0.0         6 = FREEZING RAIN OR DRIZZLE
                        GRTST DEPTH:   0           7 = DUSTSTORM OR SANDSTORM:
                                                       VSBY 1/2 MILE OR LESS
                                                   8 = SMOKE OR HAZE
[NO. OF DAYS WITH]      [WEATHER - DAYS WITH]      9 = BLOWING SNOW
                                                   X = TORNADO
MAX 32 OR BELOW:   0    0.01 INCH OR MORE:  10
MAX 90 OR ABOVE:  16    0.10 INCH OR MORE:   7
MIN 32 OR BELOW:   0    0.50 INCH OR MORE:   2
MIN  0 OR BELOW:   0    1.00 INCH OR MORE:   1

[HDD (BASE 65) ]
TOTAL THIS MO.     0    CLEAR  (SCALE 0-3)   7
DPTR FM NORMAL     0    PTCLDY (SCALE 4-7)  10
TOTAL FM JUL 1     0    CLOUDY (SCALE 8-10)  4
DPTR FM NORMAL     0

[CDD (BASE 65) ]
TOTAL THIS MO.   376
DPTR FM NORMAL    68    [PRESSURE DATA]
TOTAL FM JAN 1  3085    HIGHEST SLP M ON M
DPTR FM NORMAL   582    LOWEST  SLP 29.80 ON  2

[REMARKS]
