000
CXUS54 KFWD 210730
CF6ACT
PRELIMINARY LOCAL CLIMATOLOGICAL DATA (WS FORM: F-6)

                                          STATION:   WACO
                                          MONTH:     MARCH
                                          YEAR:      2019
                                          LATITUDE:   31 37 N
                                          LONGITUDE:  97 13 W

  TEMPERATURE IN F:       :PCPN:    SNOW:  WIND      :SUNSHINE: SKY     :PK WND
================================================================================
1   2   3   4   5  6A  6B    7    8   9   10  11  12  13   14  15   16   17  18
                                     12Z  AVG MX 2MIN
DY MAX MIN AVG DEP HDD CDD  WTR  SNW DPTH SPD SPD DIR MIN PSBL S-S WX    SPD DR
================================================================================

 1  46  37  42 -12  23   0 0.00  0.0    0  5.8 13  50   M    M  10 18     14  30
 2  46  41  44 -10  21   0 0.03  0.0    0  9.0 15  20   M    M  10 1      19  10
 3  44  30  37 -18  28   0 0.01  0.0    0 16.4 26 340   M    M   8 18     32 340
 4  33  24  29 -26  36   0 0.00  0.0    0 14.1 24  10   M    M   9        30 360
 5  47  20  34 -21  31   0 0.00  0.0    0  8.8 21  20   M    M   0        29 360
 6  57  21  39 -17  26   0 0.00  0.0    0  9.2 21 180   M    M   2        26 180
 7  74  50  62   6   3   0 0.00  0.0    0 15.0 24 190   M    M   6 18     30 190
 8  78  61  70  14   0   5 0.00  0.0    0 12.9 21 170   M    M   5        25 170
 9  81  50  66  10   0   1 0.14  0.0    0 10.3 25 280   M    M   4 138    32 280
10  67  45  56  -1   9   0    T  0.0    0 10.4 18 360   M    M   7        22 360
11  59  55  57   0   8   0    T  0.0    0  9.1 16  20   M    M  10 18     20  10
12  73  56  65   8   0   0 0.01  0.0    0 11.0 33 140   M    M   9 128    43 140
13  73  53  63   6   2   0 1.08  0.0    0 15.6 33 150   M    M   4 138    45 150
14  70  49  60   2   5   0    T  0.0    0 12.8 25 290   M    M   2 38     34 300
15  59  41  50  -8  15   0 0.00  0.0    0 11.2 23  10   M    M   0        30  10
16  61  36  49  -9  16   0 0.00  0.0    0  7.7 16  70   M    M   2        20  50
17  65  33  49  -9  16   0 0.00  0.0    0  4.6 12  60   M    M   0        16  80
18  69  37  53  -6  12   0 0.00  0.0    0  4.4 14 110   M    M   0        19 140
19  69  47  58  -1   7   0 0.00  0.0    0  8.1 18 160   M    M   4        23 170
20  69  40  55  -4  10   0    T  0.0    0  6.1 18 360   M    M   3 18     23  10
================================================================================
SM 1240  826       268   6  1.27     0.0 202.5          M       95
================================================================================
AV 62.0 41.3                              10.1 FASTST   M    M   5    MAX(MPH)
                                 MISC ---->  # 33 140               # 45  150
================================================================================
NOTES:
# LAST OF SEVERAL OCCURRENCES

COLUMN 17 PEAK WIND IN M.P.H.

PRELIMINARY LOCAL CLIMATOLOGICAL DATA (WS FORM: F-6) , PAGE 2

                                          STATION:  WACO
                                          MONTH:    MARCH
                                          YEAR:     2019
                                          LATITUDE:   31 37 N
                                          LONGITUDE:  97 13 W

[TEMPERATURE DATA]      [PRECIPITATION DATA]       SYMBOLS USED IN COLUMN 16

AVERAGE MONTHLY: 51.7   TOTAL FOR MONTH:   1.27    1 = FOG OR MIST
DPTR FM NORMAL:  -5.0   DPTR FM NORMAL:   -0.88    2 = FOG REDUCING VISIBILITY
HIGHEST:    81 ON  9    GRTST 24HR  1.08 ON 13-13      TO 1/4 MILE OR LESS
LOWEST:     20 ON  5                               3 = THUNDER
                        SNOW, ICE PELLETS, HAIL    4 = ICE PELLETS
                        TOTAL MONTH:   0.0 INCH    5 = HAIL
                        GRTST 24HR     0.0         6 = FREEZING RAIN OR DRIZZLE
                        GRTST DEPTH:   0           7 = DUSTSTORM OR SANDSTORM:
                                                       VSBY 1/2 MILE OR LESS
                                                   8 = SMOKE OR HAZE
[NO. OF DAYS WITH]      [WEATHER - DAYS WITH]      9 = BLOWING SNOW
                                                   X = TORNADO
MAX 32 OR BELOW:   0    0.01 INCH OR MORE:   5
MAX 90 OR ABOVE:   0    0.10 INCH OR MORE:   2
MIN 32 OR BELOW:   4    0.50 INCH OR MORE:   1
MIN  0 OR BELOW:   0    1.00 INCH OR MORE:   1

[HDD (BASE 65) ]
TOTAL THIS MO.   268    CLEAR  (SCALE 0-3)   8
DPTR FM NORMAL    86    PTCLDY (SCALE 4-7)   7
TOTAL FM JUL 1  2130    CLOUDY (SCALE 8-10)  5
DPTR FM NORMAL   136

[CDD (BASE 65) ]
TOTAL THIS MO.     6
DPTR FM NORMAL   -13    [PRESSURE DATA]
TOTAL FM JAN 1    21    HIGHEST SLP M ON M
DPTR FM NORMAL    -7    LOWEST  SLP 29.44 ON 13

[REMARKS]
