537
CXUS54 KFWD 190730
CF6ACT
PRELIMINARY LOCAL CLIMATOLOGICAL DATA (WS FORM: F-6)

                                          STATION:   WACO
                                          MONTH:     OCTOBER
                                          YEAR:      2019
                                          LATITUDE:   31 37 N
                                          LONGITUDE:  97 13 W

  TEMPERATURE IN F:       :PCPN:    SNOW:  WIND      :SUNSHINE: SKY     :PK WND
================================================================================
1   2   3   4   5  6A  6B    7    8   9   10  11  12  13   14  15   16   17  18
                                     12Z  AVG MX 2MIN
DY MAX MIN AVG DEP HDD CDD  WTR  SNW DPTH SPD SPD DIR MIN PSBL S-S WX    SPD DR
================================================================================

 1  97  76  87  14   0  22 0.00  0.0    0 13.8 21 170   M    M   3        27 150
 2  97  74  86  14   0  21 0.00  0.0    0 12.4 18 160   M    M   1        23 170
 3  96  71  84  12   0  19    T  0.0    0  6.7 16 100   M    M   1        22 110
 4  95  70  83  11   0  18 0.00  0.0    0  5.4 14 160   M    M   2 1      17 150
 5  95  71  83  11   0  18 0.00  0.0    0  6.3 14 150   M    M   1 18     18 170
 6  97  72  85  14   0  20    T  0.0    0  9.3 26  10   M    M   0        32  10
 7  83  59  71   0   0   6 0.00  0.0    0 12.2 21 360   M    M   6        26  10
 8  83  54  69  -2   0   4 0.00  0.0    0  5.8 13  30   M    M   0        16  40
 9  92  64  78   8   0  13 0.00  0.0    0 14.3 25 170   M    M   4        30 170
10  95  71  83  13   0  18 0.71  0.0    0 17.9 29 170   M    M   7 13     37 310
11  71  43  57 -13   8   0 1.56  0.0    0 15.7 30 350   M    M   8 13     38 350
12  68  47  58 -12   7   0 0.00  0.0    0  4.7 10  10   M    M   5 8      12 350
13  73  57  65  -4   0   0    T  0.0    0  6.9 14 180   M    M   3        17 160
14  80  66  73   4   0   8 0.02  0.0    0  7.0 13 140   M    M   5 1      18 140
15  78  72  75   6   0  10 0.20  0.0    0  8.2 20 250   M    M   4 13     23 250
16  73  48  61  -7   4   0 0.02    M    0 12.2 25 360   M    M   3 3      32 360
17  70  48  59  -9   6   0 0.00  0.0    0  2.5  9 190   M    M   0        12 190
18  79  47  63  -5   2   0 0.00  0.0    0  8.6 16 160   M    M   0        21 170
================================================================================
SM 1522 1110        27 177  2.51     0.0 169.9          M       53
================================================================================
AV 84.6 61.7                               9.4 FASTST   M    M   3    MAX(MPH)
                                 MISC ---->  # 30 350               # 38  350
================================================================================
NOTES:
# LAST OF SEVERAL OCCURRENCES

COLUMN 17 PEAK WIND IN M.P.H.

PRELIMINARY LOCAL CLIMATOLOGICAL DATA (WS FORM: F-6) , PAGE 2

                                          STATION:  WACO
                                          MONTH:    OCTOBER
                                          YEAR:     2019
                                          LATITUDE:   31 37 N
                                          LONGITUDE:  97 13 W

[TEMPERATURE DATA]      [PRECIPITATION DATA]       SYMBOLS USED IN COLUMN 16

AVERAGE MONTHLY: 73.1   TOTAL FOR MONTH:   2.51    1 = FOG OR MIST
DPTR FM NORMAL:   2.8   DPTR FM NORMAL:    0.23    2 = FOG REDUCING VISIBILITY
HIGHEST:    97 ON  6, 2 GRTST 24HR  1.56 ON 11-11      TO 1/4 MILE OR LESS
LOWEST:     43 ON 11                               3 = THUNDER
                        SNOW, ICE PELLETS, HAIL    4 = ICE PELLETS
                        TOTAL MONTH:   0.0 INCH    5 = HAIL
                        GRTST 24HR     0.0         6 = FREEZING RAIN OR DRIZZLE
                        GRTST DEPTH:   0           7 = DUSTSTORM OR SANDSTORM:
                                                       VSBY 1/2 MILE OR LESS
                                                   8 = SMOKE OR HAZE
[NO. OF DAYS WITH]      [WEATHER - DAYS WITH]      9 = BLOWING SNOW
                                                   X = TORNADO
MAX 32 OR BELOW:   0    0.01 INCH OR MORE:   5
MAX 90 OR ABOVE:   8    0.10 INCH OR MORE:   3
MIN 32 OR BELOW:   0    0.50 INCH OR MORE:   2
MIN  0 OR BELOW:   0    1.00 INCH OR MORE:   1

[HDD (BASE 65) ]
TOTAL THIS MO.    27    CLEAR  (SCALE 0-3)  11
DPTR FM NORMAL     5    PTCLDY (SCALE 4-7)   6
TOTAL FM JUL 1    27    CLOUDY (SCALE 8-10)  1
DPTR FM NORMAL    -1

[CDD (BASE 65) ]
TOTAL THIS MO.   177
DPTR FM NORMAL    63    [PRESSURE DATA]
TOTAL FM JAN 1  3047    HIGHEST SLP M ON M
DPTR FM NORMAL   339    LOWEST  SLP 29.67 ON 10

[REMARKS]
