000
CXUS54 KLCH 270820
CF6AEX
PRELIMINARY LOCAL CLIMATOLOGICAL DATA (WS FORM: F-6)

                                          STATION:   ALEXANDRIA
                                          MONTH:     MAY
                                          YEAR:      2018
                                          LATITUDE:   31 19 N
                                          LONGITUDE:  92 33 W

  TEMPERATURE IN F:       :PCPN:    SNOW:  WIND      :SUNSHINE: SKY     :PK WND
================================================================================
1   2   3   4   5  6A  6B    7    8   9   10  11  12  13   14  15   16   17  18
                                     12Z  AVG MX 2MIN
DY MAX MIN AVG DEP HDD CDD  WTR  SNW DPTH SPD SPD DIR MIN PSBL S-S WX    SPD DR
================================================================================

 1  85  59  72   1   0   7 0.00  0.0    0  9.2 21 140   M    M   4 18     25 140
 2  88  67  78   7   0  13 0.00  0.0    0 11.6 21 160   M    M   6 18     26 150
 3  89  69  79   8   0  14    T  0.0    0 10.6 20 160   M    M   5 18     25 160
 4  84  64  74   3   0   9 0.01  0.0    0  5.5 23 340   M    M   5 18     30 350
 5  81  62  72   0   0   7 0.27  0.0    0  4.0 13 310   M    M   6 1      17 340
 6  89  57  73   1   0   8 0.00  0.0    0  2.6 12 320   M    M   1 1      16  50
 7  90  59  75   3   0  10 0.00  0.0    0  3.2 12 350   M    M   0 1      15  10
 8  92  62  77   5   0  12    T  0.0    0  3.1 13 230   M    M   0        17 230
 9  91  63  77   4   0  12    T  0.0    0  4.8 16 160   M    M   1        20 150
10  89  63  76   3   0  11 0.00  0.0    0  5.5 16 180   M    M   0 18     20 140
11  90  62  76   3   0  11 0.00  0.0    0  8.7 18 170   M    M   1 18     23 200
12  92  65  79   5   0  14 0.00  0.0    0  7.4 16 130   M    M   1 1      20 150
13  92  71  82   8   0  17 0.00  0.0    0  5.0 17 240   M    M   4 1      21 240
14  94  68  81   7   0  16 0.00  0.0    0  2.4 10 170   M    M   2 18     14 130
15  93  70  82   8   0  17 0.00  0.0    0  4.2 10 150   M    M   1 138    14 350
16  95  68  82   7   0  17 0.04  0.0    0  4.5 26 250   M    M   0 138    31 260
17  94  68  81   6   0  16    T  0.0    0  5.8 17 320   M    M   1 18     24 320
18  94  69  82   7   0  17 0.00  0.0    0  5.8 14 220   M    M   3 138    18 200
19  94  69  82   7   0  17 0.00  0.0    0  8.0 16 180   M    M   1 128    23 180
20  93  69  81   5   0  16    T  0.0    0  4.6 20 130   M    M   2 13     24 130
21  92  68  80   4   0  15    T  0.0    0  2.3 12 230   M    M   3 18     15 230
22  94  69  82   6   0  17    T  0.0    0  5.8 15 340   M    M   2 13     21 320
23  93  68  81   5   0  16 0.65  0.0    0  3.7 25 270   M    M   1 1238   37 310
24  90  71  81   5   0  16    T  0.0    0  3.0 10  70   M    M   3 3      13  80
25  93  70  82   6   0  17 1.22  0.0    0  4.0 31 140   M    M   2 138    42 120
26  90  70  80   3   0  15    T  0.0    0  4.6 15 140   M    M   1 13     20 140
================================================================================
SM 2361 1720         0 357  2.19     0.0 139.9          M       56
================================================================================
AV 90.8 66.2                               5.4 FASTST   M    M   2    MAX(MPH)
                                 MISC ---->  # 31 140               # 42  120
================================================================================
NOTES:
# LAST OF SEVERAL OCCURRENCES

COLUMN 17 PEAK WIND IN M.P.H.

PRELIMINARY LOCAL CLIMATOLOGICAL DATA (WS FORM: F-6) , PAGE 2

                                          STATION:  ALEXANDRIA
                                          MONTH:    MAY
                                          YEAR:     2018
                                          LATITUDE:   31 19 N
                                          LONGITUDE:  92 33 W

[TEMPERATURE DATA]      [PRECIPITATION DATA]       SYMBOLS USED IN COLUMN 16

AVERAGE MONTHLY: 78.5   TOTAL FOR MONTH:   2.19    1 = FOG OR MIST
DPTR FM NORMAL:   4.6   DPTR FM NORMAL:   -1.77    2 = FOG REDUCING VISIBILITY
HIGHEST:    95 ON 16    GRTST 24HR  1.22 ON 25-25      TO 1/4 MILE OR LESS
LOWEST:     57 ON  6                               3 = THUNDER
                        SNOW, ICE PELLETS, HAIL    4 = ICE PELLETS
                        TOTAL MONTH:   0.0 INCH    5 = HAIL
                        GRTST 24HR     0.0         6 = FREEZING RAIN OR DRIZZLE
                        GRTST DEPTH:   0           7 = DUSTSTORM OR SANDSTORM:
                                                       VSBY 1/2 MILE OR LESS
                                                   8 = SMOKE OR HAZE
[NO. OF DAYS WITH]      [WEATHER - DAYS WITH]      9 = BLOWING SNOW
                                                   X = TORNADO
MAX 32 OR BELOW:   0    0.01 INCH OR MORE:   5
MAX 90 OR ABOVE:  19    0.10 INCH OR MORE:   3
MIN 32 OR BELOW:   0    0.50 INCH OR MORE:   2
MIN  0 OR BELOW:   0    1.00 INCH OR MORE:   1

[HDD (BASE 65) ]
TOTAL THIS MO.     0    CLEAR  (SCALE 0-3)  20
DPTR FM NORMAL     0    PTCLDY (SCALE 4-7)   6
TOTAL FM JUL 1  1875    CLOUDY (SCALE 8-10)  0
DPTR FM NORMAL   -72

[CDD (BASE 65) ]
TOTAL THIS MO.   357
DPTR FM NORMAL   124    [PRESSURE DATA]
TOTAL FM JAN 1   542    HIGHEST SLP M ON M
DPTR FM NORMAL   150    LOWEST  SLP 29.79 ON 26

[REMARKS]
