000
CXUS54 KFWD 270731
CF6AFW
PRELIMINARY LOCAL CLIMATOLOGICAL DATA (WS FORM: F-6)

                                          STATION:   FORT WORTH ALLIANCE
                                          MONTH:     MAY
                                          YEAR:      2020
                                          LATITUDE:   32 58 N
                                          LONGITUDE:  97 19 W

  TEMPERATURE IN F:       :PCPN:    SNOW:  WIND      :SUNSHINE: SKY     :PK WND
================================================================================
1   2   3   4   5  6A  6B    7    8   9   10  11  12  13   14  15   16   17  18
                                     12Z  AVG MX 2MIN
DY MAX MIN AVG DEP HDD CDD  WTR  SNW DPTH SPD SPD DIR MIN PSBL S-S WX    SPD DR
================================================================================

 1  87  60  74   6   0   9 0.00  0.0    0 18.1 29 180   M    M   6        38 180
 2  87  66  77   9   0  12    T  0.0    0 19.2 29 160   M    M   4 3      36 180
 3  91  70  81  12   0  16 0.00  0.0    0 15.5 22 190   M    M   2        28 190
 4  93  71  82  13   0  17 0.12  0.0    0 16.8 28  10   M    M   5 3      36  20
 5  78  59  69   0   0   4    T  0.0    0 13.6 29  20   M    M   5        37  20
 6  83  52  68  -2   0   3 0.00  0.0    0  5.5 15  40   M    M   2 8      20  30
 7  84  59  72   2   0   7 0.04  0.0    0 17.8 35 160   M    M   6 3      46 160
 8  74  52  63  -7   2   0 0.02  0.0    0 17.8 31 360   M    M   8        42  10
 9  74  48  61 -10   4   0 0.00  0.0    0  6.5 15 150   M    M   3        20 150
10  78  52  65  -6   0   0 0.00  0.0    0  4.1 14  70   M    M   5        19 100
11  82  57  70  -1   0   5 0.00  0.0    0 12.3 21 170   M    M   7        30 170
12  81  67  74   2   0   9    T  0.0    0 13.9 23 160   M    M   8 13     31 150
13  84  67  76   4   0  11 0.00  0.0    0 15.1 24 150   M    M   8        31 150
14  91  65  78   6   0  13 0.13  0.0    0 15.0 24 260   M    M   7 13     38 260
15  88  63  76   3   0  11 0.66  0.0    0 15.4 36  40   M    M   9 13     48  40
16  66  63  65  -8   0   0 3.18  0.0    0 12.7 28 340   M    M  10 13     40 340
17  85  64  75   2   0  10    T  0.0    0  9.4 21 330   M    M   4        35 280
18  90  62  76   2   0  11 0.00  0.0    0  5.8 13 150   M    M   3        17 170
19  92  71  82   8   0  17 0.00  0.0    0  8.4 20  40   M    M   1        24  50
20  80  70  75   1   0  10 0.00  0.0    0  9.6 16  70   M    M   7        21  70
21  89  69  79   5   0  14 0.04  0.0    0 10.4 21 160   M    M   8 18     27 170
22  91  68  80   5   0  15    T  0.0    0 13.0 31 350   M    M   7 3      40 160
23  90  66  78   3   0  13 0.57  0.0    0 14.9 25 170   M    M   8 13     33 170
24  89  69  79   4   0  14 0.13  0.0    0 13.9 35 150   M    M   9 38     46 150
25  72  66  69  -7   0   4    M  0.0    0  7.1 14 330   M    M   9 18     14 330
26  74  63  69  -7   0   4 0.00  0.0    0  6.5 13 300   M    M   8        19 290
================================================================================
SM 2173 1639         6 229  4.89     0.0 318.3          M      159
================================================================================
AV 83.6 63.0                              12.2 FASTST   M    M   6    MAX(MPH)
                                 MISC ---->  # 36  40               # 48   40
================================================================================
NOTES:
# LAST OF SEVERAL OCCURRENCES

COLUMN 17 PEAK WIND IN M.P.H.

PRELIMINARY LOCAL CLIMATOLOGICAL DATA (WS FORM: F-6) , PAGE 2

                                          STATION:  FORT WORTH ALLIANCE
                                          MONTH:    MAY
                                          YEAR:     2020
                                          LATITUDE:   32 58 N
                                          LONGITUDE:  97 19 W

[TEMPERATURE DATA]      [PRECIPITATION DATA]       SYMBOLS USED IN COLUMN 16

AVERAGE MONTHLY: 73.3   TOTAL FOR MONTH:   4.89    1 = FOG OR MIST
DPTR FM NORMAL:   1.2   DPTR FM NORMAL:    0.73    2 = FOG REDUCING VISIBILITY
HIGHEST:    93 ON  4    GRTST 24HR  3.18 ON 16-16      TO 1/4 MILE OR LESS
LOWEST:     48 ON  9                               3 = THUNDER
                        SNOW, ICE PELLETS, HAIL    4 = ICE PELLETS
                        TOTAL MONTH:   0.0 INCH    5 = HAIL
                        GRTST 24HR     0.0         6 = FREEZING RAIN OR DRIZZLE
                        GRTST DEPTH:   0           7 = DUSTSTORM OR SANDSTORM:
                                                       VSBY 1/2 MILE OR LESS
                                                   8 = SMOKE OR HAZE
[NO. OF DAYS WITH]      [WEATHER - DAYS WITH]      9 = BLOWING SNOW
                                                   X = TORNADO
MAX 32 OR BELOW:   0    0.01 INCH OR MORE:   9
MAX 90 OR ABOVE:   7    0.10 INCH OR MORE:   6
MIN 32 OR BELOW:   0    0.50 INCH OR MORE:   3
MIN  0 OR BELOW:   0    1.00 INCH OR MORE:   1

[HDD (BASE 65) ]
TOTAL THIS MO.     6    CLEAR  (SCALE 0-3)   5
DPTR FM NORMAL    -3    PTCLDY (SCALE 4-7)  16
TOTAL FM JUL 1  2060    CLOUDY (SCALE 8-10)  5
DPTR FM NORMAL  -403

[CDD (BASE 65) ]
TOTAL THIS MO.   229
DPTR FM NORMAL    33    [PRESSURE DATA]
TOTAL FM JAN 1   423    HIGHEST SLP M ON M
DPTR FM NORMAL   109    LOWEST  SLP 29.63 ON M

[REMARKS]
