000
CXUS54 KFWD 180730
CF6AFW
PRELIMINARY LOCAL CLIMATOLOGICAL DATA (WS FORM: F-6)

                                          STATION:   FORT WORTH ALLIANCE
                                          MONTH:     FEBRUARY
                                          YEAR:      2019
                                          LATITUDE:   32 58 N
                                          LONGITUDE:  97 19 W

  TEMPERATURE IN F:       :PCPN:    SNOW:  WIND      :SUNSHINE: SKY     :PK WND
================================================================================
1   2   3   4   5  6A  6B    7    8   9   10  11  12  13   14  15   16   17  18
                                     12Z  AVG MX 2MIN
DY MAX MIN AVG DEP HDD CDD  WTR  SNW DPTH SPD SPD DIR MIN PSBL S-S WX    SPD DR
================================================================================

 1  61  54  58  11   7   0    T  0.0    0  7.5 14 160   M    M   9 18     16 160
 2  67  53  60  13   5   0 0.00  0.0    0  8.5 17 160   M    M   9 18     19 160
 3  74  57  66  19   0   1 0.00  0.0    0 14.2 25 180   M    M   9 1      31 160
 4  81  58  70  23   0   5 0.00  0.0    0 10.1 20 200   M    M   4 1      25 200
 5  77  60  69  22   0   4    T  0.0    0 14.0 29 190   M    M   8 18     33 190
 6  78  67  73  26   0   8 0.03  0.0    0 13.2 25 180   M    M   9 18     30 170
 7  72  28  50   3  15   0 0.10  0.0    0 17.4 35 270   M    M   8 135    44 270
 8  37  22  30 -18  35   0 0.00  0.0    0  9.9 20  20   M    M   7        23  20
 9  40  34  37 -11  28   0    T    M    0  7.2 13 100   M    M  10 18     15 100
10  45  36  41  -7  24   0 0.03    M    0  6.9 15 140   M    M  10 1      18 140
11  60  45  53   5  12   0 0.26    M    0 10.8 20 260   M    M   9 1      27 260
12  58  40  49   1  16   0    T    M    0 12.4 32 330   M    M   1        41 320
13  62  36  49   1  16   0 0.00  0.0    0 15.3 30 200   M    M   5        40 190
14  81  51  66  18   0   1 0.00  0.0    0 13.9 30 190   M    M   7        37 190
15  73  35  54   5  11   0 0.00  0.0    0  9.3 24 350   M    M   8 1      30 360
16  43  32  38 -11  27   0 0.00  0.0    0  8.4 20 360   M    M  10 18     23  10
17  55  37  46  -3  19   0    T    M    0 11.0 22 350   M    M   8 18     26 350
================================================================================
SM 1064  745       215  19  0.42     0.0 190.0          M      131
================================================================================
AV 62.6 43.8                              11.2 FASTST   M    M   8    MAX(MPH)
                                 MISC ---->  # 35 270               # 44  270
================================================================================
NOTES:
# LAST OF SEVERAL OCCURRENCES

COLUMN 17 PEAK WIND IN M.P.H.

PRELIMINARY LOCAL CLIMATOLOGICAL DATA (WS FORM: F-6) , PAGE 2

                                          STATION:  FORT WORTH ALLIANCE
                                          MONTH:    FEBRUARY
                                          YEAR:     2019
                                          LATITUDE:   32 58 N
                                          LONGITUDE:  97 19 W

[TEMPERATURE DATA]      [PRECIPITATION DATA]       SYMBOLS USED IN COLUMN 16

AVERAGE MONTHLY: 53.2   TOTAL FOR MONTH:   0.42    1 = FOG OR MIST
DPTR FM NORMAL:   5.4   DPTR FM NORMAL:   -1.14    2 = FOG REDUCING VISIBILITY
HIGHEST:    81 ON 14, 4 GRTST 24HR  0.26 ON 11-11      TO 1/4 MILE OR LESS
LOWEST:     22 ON  8                               3 = THUNDER
                        SNOW, ICE PELLETS, HAIL    4 = ICE PELLETS
                        TOTAL MONTH:   0.0 INCH    5 = HAIL
                        GRTST 24HR     0.0         6 = FREEZING RAIN OR DRIZZLE
                        GRTST DEPTH:   0           7 = DUSTSTORM OR SANDSTORM:
                                                       VSBY 1/2 MILE OR LESS
                                                   8 = SMOKE OR HAZE
[NO. OF DAYS WITH]      [WEATHER - DAYS WITH]      9 = BLOWING SNOW
                                                   X = TORNADO
MAX 32 OR BELOW:   0    0.01 INCH OR MORE:   4
MAX 90 OR ABOVE:   0    0.10 INCH OR MORE:   2
MIN 32 OR BELOW:   3    0.50 INCH OR MORE:   0
MIN  0 OR BELOW:   0    1.00 INCH OR MORE:   0

[HDD (BASE 65) ]
TOTAL THIS MO.   215    CLEAR  (SCALE 0-3)   1
DPTR FM NORMAL   -79    PTCLDY (SCALE 4-7)   7
TOTAL FM JUL 1  1789    CLOUDY (SCALE 8-10)  9
DPTR FM NORMAL  -108

[CDD (BASE 65) ]
TOTAL THIS MO.    19
DPTR FM NORMAL    19    [PRESSURE DATA]
TOTAL FM JAN 1    19    HIGHEST SLP M ON M
DPTR FM NORMAL    17    LOWEST  SLP 29.64 ON M

[REMARKS]
