000
CXUS54 KFWD 230730
CF6AFW
PRELIMINARY LOCAL CLIMATOLOGICAL DATA (WS FORM: F-6)

                                          STATION:   FORT WORTH ALLIANCE
                                          MONTH:     OCTOBER
                                          YEAR:      2018
                                          LATITUDE:   32 58 N
                                          LONGITUDE:  97 19 W

  TEMPERATURE IN F:       :PCPN:    SNOW:  WIND      :SUNSHINE: SKY     :PK WND
================================================================================
1   2   3   4   5  6A  6B    7    8   9   10  11  12  13   14  15   16   17  18
                                     12Z  AVG MX 2MIN
DY MAX MIN AVG DEP HDD CDD  WTR  SNW DPTH SPD SPD DIR MIN PSBL S-S WX    SPD DR
================================================================================

 1  86  72  79   8   0  14 0.00  0.0    0  9.2 16 170   M    M   7        20 160
 2  87  70  79   8   0  14    T  0.0    0  9.5 17 150   M    M   8        19 150
 3  91  73  82  11   0  17 0.00  0.0    0 14.2 23 170   M    M   3        30 170
 4  91  72  82  12   0  17 0.00  0.0    0 10.7 20 150   M    M   2        23 150
 5  90  72  81  11   0  16 0.00  0.0    0 13.3 23 170   M    M   2        27 180
 6  90  72  81  11   0  16 0.20  0.0    0 12.0 31 170   M    M   7 138    37 150
 7  89  70  80  11   0  15 0.08  0.0    0 14.2 26 150   M    M   9 13     32 160
 8  84  71  78   9   0  13 0.15  0.0    0 13.8 24 150   M    M   9 13     31 150
 9  74  64  69   0   0   4 1.52  0.0    0  9.4 25 290   M    M   8 123    33 290
10  71  56  64  -4   1   0 0.00  0.0    0  9.8 18 320   M    M   4 1      31 290
11  71  52  62  -6   3   0 0.00  0.0    0  7.2 13  60   M    M   3        22  70
12  66  61  64  -4   1   0 0.38  0.0    0  7.4 16 110   M    M   9 18     20 120
13  64  59  62  -5   3   0 1.39  0.0    0  9.8 21  50   M    M   9 13     25 330
14  80  47  64  -3   1   0 0.06  0.0    0 10.0 28 340   M    M   9 138    33 340
15  49  41  45 -22  20   0 0.76  0.0    0 16.5 32 350   M    M   9 138    38 340
16  52  44  48 -18  17   0 0.82  0.0    0 11.6 21  10   M    M  10 1      25  10
17  56  49  53 -13  12   0 0.62  0.0    0  7.8 15  10   M    M  10 1      18  70
18  66  53  60  -6   5   0    T  0.0    0  7.0 15  70   M    M  10        18  50
19  62  57  60  -5   5   0 2.16  0.0    0  2.4 15 140   M    M  10 12     16 130
20  72  53  63  -2   2   0 0.00  0.0    0  8.0 22  20   M    M   6 12     27  30
21  70  49  60  -5   5   0 0.00  0.0    0  4.7 12  80   M    M   5        14  80
22  65  49  57  -7   8   0    T  0.0    0  4.3 12 160   M    M   9        14 160
================================================================================
SM 1626 1306        83 126  8.14     0.0 212.8          M      158
================================================================================
AV 73.9 59.4                               9.7 FASTST   M    M   7    MAX(MPH)
                                 MISC ---->  # 32 350               # 38  340
================================================================================
NOTES:
# LAST OF SEVERAL OCCURRENCES

COLUMN 17 PEAK WIND IN M.P.H.

PRELIMINARY LOCAL CLIMATOLOGICAL DATA (WS FORM: F-6) , PAGE 2

                                          STATION:  FORT WORTH ALLIANCE
                                          MONTH:    OCTOBER
                                          YEAR:     2018
                                          LATITUDE:   32 58 N
                                          LONGITUDE:  97 19 W

[TEMPERATURE DATA]      [PRECIPITATION DATA]       SYMBOLS USED IN COLUMN 16

AVERAGE MONTHLY: 66.6   TOTAL FOR MONTH:   8.14    1 = FOG OR MIST
DPTR FM NORMAL:  -1.2   DPTR FM NORMAL:    5.13    2 = FOG REDUCING VISIBILITY
HIGHEST:    91 ON  4, 3 GRTST 24HR  2.16 ON 19-19      TO 1/4 MILE OR LESS
LOWEST:     41 ON 15                               3 = THUNDER
                        SNOW, ICE PELLETS, HAIL    4 = ICE PELLETS
                        TOTAL MONTH:   0.0 INCH    5 = HAIL
                        GRTST 24HR     0.0         6 = FREEZING RAIN OR DRIZZLE
                        GRTST DEPTH:   0           7 = DUSTSTORM OR SANDSTORM:
                                                       VSBY 1/2 MILE OR LESS
                                                   8 = SMOKE OR HAZE
[NO. OF DAYS WITH]      [WEATHER - DAYS WITH]      9 = BLOWING SNOW
                                                   X = TORNADO
MAX 32 OR BELOW:   0    0.01 INCH OR MORE:  11
MAX 90 OR ABOVE:   4    0.10 INCH OR MORE:   9
MIN 32 OR BELOW:   0    0.50 INCH OR MORE:   6
MIN  0 OR BELOW:   0    1.00 INCH OR MORE:   3

[HDD (BASE 65) ]
TOTAL THIS MO.    83    CLEAR  (SCALE 0-3)   4
DPTR FM NORMAL    39    PTCLDY (SCALE 4-7)   7
TOTAL FM JUL 1    83    CLOUDY (SCALE 8-10) 11
DPTR FM NORMAL    32

[CDD (BASE 65) ]
TOTAL THIS MO.   126
DPTR FM NORMAL    22    [PRESSURE DATA]
TOTAL FM JAN 1  3137    HIGHEST SLP M ON M
DPTR FM NORMAL   603    LOWEST  SLP 29.62 ON  9

[REMARKS]
