000
CXUS56 KSGX 231445
CF6AJO
PRELIMINARY LOCAL CLIMATOLOGICAL DATA (WS FORM: F-6)

                                          STATION:   CORONA AIRPORT CA
                                          MONTH:     OCTOBER
                                          YEAR:      2018
                                          LATITUDE:   33 53 N
                                          LONGITUDE: 117 36 W

  TEMPERATURE IN F:       :PCPN:    SNOW:  WIND      :SUNSHINE: SKY     :PK WND
================================================================================
1   2   3   4   5  6A  6B    7    8   9   10  11  12  13   14  15   16   17  18
                                     12Z  AVG MX 2MIN
DY MAX MIN AVG DEP HDD CDD  WTR  SNW DPTH SPD SPD DIR MIN PSBL S-S WX    SPD DR
================================================================================

 1  93  60  77   M   0  12 0.00  0.0    0  3.8 12 270   M    M   2        16 270
 2  82  65  74   M   0   9 0.00  0.0    0  5.8 16 270   M    M   8        24 270
 3  79  59  69   M   0   4 0.10  0.0    0  4.7 12 270   M    M   7 1      17 270
 4  79  62  71   M   0   6 0.12  0.0    0  5.5 15 260   M    M   3 1      20 260
 5  79  57  68   M   0   3 0.00  0.0    0  4.2 21 270   M    M   2        25 270
 6  77  53  65   M   0   0 0.00  0.0    0  3.5 10 270   M    M   4 1      17 270
 7  78  52  65   M   0   0 0.00  0.0    0  6.4 16 280   M    M   2        23 260
 8  79  51  65   M   0   0 0.00  0.0    0  6.0 16 270   M    M   2 12     22 280
 9  78  51  65   M   0   0 0.00  0.0    0  5.4 16 270   M    M   3 12     21 270
10  75  54  65   M   0   0 0.00  0.0    0  5.8 14 280   M    M   4        24 260
11  77  54  66   M   0   1 0.00  0.0    M  3.9 13 240   M    M   5        16 260
12  89  48  69   M   0   4 0.46    M    0  6.2 14 260   M    M   3 13     23 260
13  63  59  61   M   4   0 0.12  0.0    0  4.3 12 290   M    M  10 1       M  M
14  76  55  66   M   0   1 0.00  0.0    0  2.8  8 280   M    M   5 1       M  M
15  78  56  67   M   0   2 0.00  0.0    0 14.5 30  30   M    M   1        44  30
16  83  43  63   M   2   0 0.00  0.0    0  8.5 23  40   M    M   0        36  60
17  86  41  64   M   1   0 0.00  0.0    0  4.8 14  20   M    M   0        21  20
18  90  42  66   M   0   1 0.00  0.0    0  1.5  9  30   M    M   0         M  M
19  90  50  70   M   0   5 0.00  0.0    0  8.5 18  30   M    M   0        33  30
20  91  45  68   M   0   3 0.00  0.0    0  3.6 10 250   M    M   0        17 260
21  83  46  65   M   0   0 0.00  0.0    0  4.6 15 290   M    M   0 1      21 300
22  80  51  66   M   0   1    T  0.0    0  4.5 15 280   M    M   1 12     20 280
================================================================================
SM 1785 1154         7  52  0.80     0.0 118.8          M       62
================================================================================
AV 81.1 52.5                               5.4 FASTST   M    M   3    MAX(MPH)
                                 MISC ---->  # 30  30               # 44   30
================================================================================
NOTES:
# LAST OF SEVERAL OCCURRENCES

COLUMN 17 PEAK WIND IN M.P.H.

PRELIMINARY LOCAL CLIMATOLOGICAL DATA (WS FORM: F-6) , PAGE 2

                                          STATION:  CORONA AIRPORT CA
                                          MONTH:    OCTOBER
                                          YEAR:     2018
                                          LATITUDE:   33 53 N
                                          LONGITUDE: 117 36 W

[TEMPERATURE DATA]      [PRECIPITATION DATA]       SYMBOLS USED IN COLUMN 16

AVERAGE MONTHLY: 66.8   TOTAL FOR MONTH:   0.80    1 = FOG OR MIST
DPTR FM NORMAL:     M   DPTR FM NORMAL:       M    2 = FOG REDUCING VISIBILITY
HIGHEST:    93 ON  1    GRTST 24HR  0.46 ON 12-12      TO 1/4 MILE OR LESS
LOWEST:     41 ON 17                               3 = THUNDER
                        SNOW, ICE PELLETS, HAIL    4 = ICE PELLETS
                        TOTAL MONTH:   0.0 INCH    5 = HAIL
                        GRTST 24HR     0.0         6 = FREEZING RAIN OR DRIZZLE
                        GRTST DEPTH:   0           7 = DUSTSTORM OR SANDSTORM:
                                                       VSBY 1/2 MILE OR LESS
                                                   8 = SMOKE OR HAZE
[NO. OF DAYS WITH]      [WEATHER - DAYS WITH]      9 = BLOWING SNOW
                                                   X = TORNADO
MAX 32 OR BELOW:   0    0.01 INCH OR MORE:   4
MAX 90 OR ABOVE:   4    0.10 INCH OR MORE:   4
MIN 32 OR BELOW:   0    0.50 INCH OR MORE:   0
MIN  0 OR BELOW:   0    1.00 INCH OR MORE:   0

[HDD (BASE 65) ]
TOTAL THIS MO.     7    CLEAR  (SCALE 0-3)  15
DPTR FM NORMAL     M    PTCLDY (SCALE 4-7)   6
TOTAL FM JUL 1     7    CLOUDY (SCALE 8-10)  1
DPTR FM NORMAL     M

[CDD (BASE 65) ]
TOTAL THIS MO.    52
DPTR FM NORMAL     M    [PRESSURE DATA]
TOTAL FM JAN 1  1306    HIGHEST SLP M ON M
DPTR FM NORMAL     M    LOWEST  SLP M ON M

[REMARKS]
