000
CXUS56 KSGX 181545
CF6AJO
PRELIMINARY LOCAL CLIMATOLOGICAL DATA (WS FORM: F-6)

                                          STATION:   CORONA AIRPORT CA
                                          MONTH:     FEBRUARY
                                          YEAR:      2019
                                          LATITUDE:   33 53 N
                                          LONGITUDE: 117 36 W

  TEMPERATURE IN F:       :PCPN:    SNOW:  WIND      :SUNSHINE: SKY     :PK WND
================================================================================
1   2   3   4   5  6A  6B    7    8   9   10  11  12  13   14  15   16   17  18
                                     12Z  AVG MX 2MIN
DY MAX MIN AVG DEP HDD CDD  WTR  SNW DPTH SPD SPD DIR MIN PSBL S-S WX    SPD DR
================================================================================

 1  63  38  51   M  14   0    T    M    0  2.6  7 270   M    M   4 12      M  M
 2  55  49  52   M  13   0 0.92    M    0  2.8 14 170   M    M  10 1      24 170
 3  57  40  49   M  16   0 0.03    M    M  2.6  8 290   M    M   8 12      M  M
 4  59  52  56   M   9   0 0.42    M    0  5.5 10 230   M    M   4 1      17 230
 5  52  40  46   M  19   0 0.24    M    0  7.1 14 270   M    M   7        18 250
 6  56  29  43   M  22   0    T    M    0  3.3 13 240   M    M   0         M  M
 7  62  28  45   M  20   0 0.00  0.0    0  4.4 10  90   M    M   0 8       M  M
 8  62  27  45   M  20   0 0.00  0.0    0  3.0 12 260   M    M   0         M  M
 9  60  39  50   M  15   0 0.07    M    0  1.7  9 260   M    M   4 1       M  M
10  56  36  46   M  19   0 0.08    M    0  4.8 15 250   M    M   7 1      22 250
11  61  28  45   M  20   0 0.00  0.0    0  2.6  7  90   M    M   0         M  M
12  68  30  49   M  16   0 0.00  0.0    0  3.2  9 130   M    M   0         M  M
13  60  43  52   M  13   0 0.05    M    0  2.6 12  90   M    M   9 1       M  M
14  64  47  56   M   9   0 1.46    M    0  5.1 16 250   M    M   8 1      30 250
15  59  44  52   M  13   0    M    M    0  4.8 13 250   M    M   8 12     17 230
16  60  38  49   M  16   0 0.12    M    0  7.9 15 240   M    M   1        21 240
17  56  36  46   M  19   0 0.02    M    0  8.4 17 250   M    M   4        24 240
================================================================================
SM 1010  644       273   0  3.41     0.0  72.4          M       74
================================================================================
AV 59.4 37.9                               4.3 FASTST   M    M   4    MAX(MPH)
                                 MISC ---->  # 17 250               # 30  250
================================================================================
NOTES:
# LAST OF SEVERAL OCCURRENCES

COLUMN 17 PEAK WIND IN M.P.H.

PRELIMINARY LOCAL CLIMATOLOGICAL DATA (WS FORM: F-6) , PAGE 2

                                          STATION:  CORONA AIRPORT CA
                                          MONTH:    FEBRUARY
                                          YEAR:     2019
                                          LATITUDE:   33 53 N
                                          LONGITUDE: 117 36 W

[TEMPERATURE DATA]      [PRECIPITATION DATA]       SYMBOLS USED IN COLUMN 16

AVERAGE MONTHLY: 48.7   TOTAL FOR MONTH:   3.41    1 = FOG OR MIST
DPTR FM NORMAL:     M   DPTR FM NORMAL:       M    2 = FOG REDUCING VISIBILITY
HIGHEST:    68 ON 12    GRTST 24HR  1.46 ON 14-14      TO 1/4 MILE OR LESS
LOWEST:     27 ON  8                               3 = THUNDER
                        SNOW, ICE PELLETS, HAIL    4 = ICE PELLETS
                        TOTAL MONTH:   0.0 INCH    5 = HAIL
                        GRTST 24HR     0.0         6 = FREEZING RAIN OR DRIZZLE
                        GRTST DEPTH:   0           7 = DUSTSTORM OR SANDSTORM:
                                                       VSBY 1/2 MILE OR LESS
                                                   8 = SMOKE OR HAZE
[NO. OF DAYS WITH]      [WEATHER - DAYS WITH]      9 = BLOWING SNOW
                                                   X = TORNADO
MAX 32 OR BELOW:   0    0.01 INCH OR MORE:  10
MAX 90 OR ABOVE:   0    0.10 INCH OR MORE:   5
MIN 32 OR BELOW:   5    0.50 INCH OR MORE:   2
MIN  0 OR BELOW:   0    1.00 INCH OR MORE:   1

[HDD (BASE 65) ]
TOTAL THIS MO.   273    CLEAR  (SCALE 0-3)   6
DPTR FM NORMAL     M    PTCLDY (SCALE 4-7)   8
TOTAL FM JUL 1   611    CLOUDY (SCALE 8-10)  3
DPTR FM NORMAL     M

[CDD (BASE 65) ]
TOTAL THIS MO.     0
DPTR FM NORMAL     M    [PRESSURE DATA]
TOTAL FM JAN 1     1    HIGHEST SLP M ON M
DPTR FM NORMAL     M    LOWEST  SLP M ON M

[REMARKS]
