000
CXUS55 KBOU 230836
CF6AKO
PRELIMINARY LOCAL CLIMATOLOGICAL DATA (WS FORM: F-6)

                                          STATION:   AKRON CO
                                          MONTH:     SEPTEMBER
                                          YEAR:      2018
                                          LATITUDE:   40 10 N
                                          LONGITUDE: 103 13 W

  TEMPERATURE IN F:       :PCPN:    SNOW:  WIND      :SUNSHINE: SKY     :PK WND
================================================================================
1   2   3   4   5  6A  6B    7    8   9   10  11  12  13   14  15   16   17  18
                                     12Z  AVG MX 2MIN
DY MAX MIN AVG DEP HDD CDD  WTR  SNW DPTH SPD SPD DIR MIN PSBL S-S WX    SPD DR
================================================================================

 1  87  54  71   2   0   6 0.03    M    M 10.0 47 150   M    M   2 3      61 150
 2  83  53  68  -1   0   3 0.00    M    M  7.5 13 180   M    M   1        21 110
 3  73  54  64  -4   1   0 0.00    M    M 10.4 21 140   M    M   3 1      26 150
 4  85  57  71   3   0   6    T    M    M  9.3 25  50   M    M   2 3      34  60
 5  76  55  66  -2   0   1 0.00    M    M  9.7 17  80   M    M   7 1      25 110
 6  70  53  62  -5   3   0 0.01    M    M  9.8 17 120   M    M   7 1      23 130
 7  77  52  65  -2   0   0 0.00    M    M  8.4 15 110   M    M   5 12     22  90
 8  82  55  69   3   0   4 0.00    M    M 13.7 24 130   M    M   4 123    34 130
 9  89  57  73   7   0   8 0.00    M    M 13.2 23 140   M    M   1 3      30 130
10  92  58  75   9   0  10 0.00    M    M 10.1 23 160   M    M   0        32 150
11  95  64  80  15   0  15    T    M    M 15.3 36 170   M    M   0        47 170
12  95  51  73   8   0   8 0.00    M    M  9.8 22 160   M    M   0        33 150
13  96  58  77  13   0  12 0.00    M    M 12.0 28 120   M    M   0        38 120
14  92  52  72   8   0   7 0.00    M    M 12.7 22  50   M    M   0        34  20
15  94  57  76  13   0  11 0.00    M    M 16.8 26 160   M    M   0        36 150
16  95  60  78  15   0  13 0.00    M    M 11.1 20  10   M    M   0        27 160
17  94  59  77  15   0  12 0.00    M    M  9.4 21  10   M    M   0        27 360
18  88  53  71   9   0   6 0.00    M    M  9.5 18 110   M    M   0        25 120
19  81  58  70   8   0   5 0.05    M    M 14.1 26 350   M    M   3 13     34 350
20  83  47  65   4   0   0 0.03    M    M  9.7 29 350   M    M   4 1      40 330
21  75  40  58  -2   7   0 0.00    M    M 10.9 24 160   M    M   0        32 150
22  88  50  69   9   0   4 0.00  0.0    0 10.9 22 180   M    M   0        32 180
================================================================================
SM 1890 1197        11 131  0.12     0.0 244.3          M       39
================================================================================
AV 85.9 54.4                              11.1 FASTST   M    M   2    MAX(MPH)
                                 MISC ---->  # 47 150               # 61  150
================================================================================
NOTES:
# LAST OF SEVERAL OCCURRENCES

COLUMN 17 PEAK WIND IN M.P.H.

PRELIMINARY LOCAL CLIMATOLOGICAL DATA (WS FORM: F-6) , PAGE 2

                                          STATION:  AKRON CO
                                          MONTH:    SEPTEMBER
                                          YEAR:     2018
                                          LATITUDE:   40 10 N
                                          LONGITUDE: 103 13 W

[TEMPERATURE DATA]      [PRECIPITATION DATA]       SYMBOLS USED IN COLUMN 16

AVERAGE MONTHLY: 70.2   TOTAL FOR MONTH:   0.12    1 = FOG OR MIST
DPTR FM NORMAL:   5.4   DPTR FM NORMAL:   -0.75    2 = FOG REDUCING VISIBILITY
HIGHEST:    96 ON 13    GRTST 24HR  0.05 ON 19-19      TO 1/4 MILE OR LESS
LOWEST:     40 ON 21                               3 = THUNDER
                        SNOW, ICE PELLETS, HAIL    4 = ICE PELLETS
                        TOTAL MONTH:   0.0 INCH    5 = HAIL
                        GRTST 24HR     0.0         6 = FREEZING RAIN OR DRIZZLE
                        GRTST DEPTH:   0           7 = DUSTSTORM OR SANDSTORM:
                                                       VSBY 1/2 MILE OR LESS
                                                   8 = SMOKE OR HAZE
[NO. OF DAYS WITH]      [WEATHER - DAYS WITH]      9 = BLOWING SNOW
                                                   X = TORNADO
MAX 32 OR BELOW:   0    0.01 INCH OR MORE:   4
MAX 90 OR ABOVE:   8    0.10 INCH OR MORE:   0
MIN 32 OR BELOW:   0    0.50 INCH OR MORE:   0
MIN  0 OR BELOW:   0    1.00 INCH OR MORE:   0

[HDD (BASE 65) ]
TOTAL THIS MO.    11    CLEAR  (SCALE 0-3)  16
DPTR FM NORMAL   -63    PTCLDY (SCALE 4-7)   6
TOTAL FM JUL 1    30    CLOUDY (SCALE 8-10)  0
DPTR FM NORMAL   -64

[CDD (BASE 65) ]
TOTAL THIS MO.   131
DPTR FM NORMAL    60    [PRESSURE DATA]
TOTAL FM JAN 1   884    HIGHEST SLP M ON M
DPTR FM NORMAL   139    LOWEST  SLP 29.55 ON 12

[REMARKS]
