619
CXUS55 KBOU 270900
CF6AKO
PRELIMINARY LOCAL CLIMATOLOGICAL DATA (WS FORM: F-6)

                                          STATION:   AKRON CO
                                          MONTH:     MAY
                                          YEAR:      2024
                                          LATITUDE:   40 10 N
                                          LONGITUDE: 103 13 W

  TEMPERATURE IN F:       :PCPN:    SNOW:  WIND      :SUNSHINE: SKY     :PK WND
================================================================================
1   2   3   4   5  6A  6B    7    8   9   10  11  12  13   14  15   16   17  18
                                     12Z  AVG MX 2MIN
DY MAX MIN AVG DEP HDD CDD  WTR  SNW DPTH SPD SPD DIR MIN PSBL S-S WX    SPD DR
================================================================================

 1  66  39  53   2  12   0 0.31    M    M 14.1 31 130   M    M   4 123    47 130
 2  61  34  48  -3  17   0    T    M    M 10.1 22 310   M    M   4 12     30 310
 3  76  33  55   3  10   0 0.00    M    M 22.5 45 360   M    M   3        59 360
 4  60  29  45  -7  20   0 0.00    M    M 10.9 22 150   M    M   0        31 140
 5  73  39  56   4   9   0 0.00    M    M 22.7 33 150   M    M   2        49 150
 6  62  39  51  -2  14   0 0.00    M    M 16.1 30 210   M    M   2        43 210
 7  65  31  48  -5  17   0 0.00    M    M 19.7 37 270   M    M   0        53 280
 8  61  30  46  -8  19   0 0.00    M    M 13.6 29 320   M    M   2 8      42 330
 9  59  35  47  -7  18   0    T    M    M 10.8 18 350   M    M   6 8      27  10
10  63  36  50  -4  15   0 0.00    M    M  7.8 13 240   M    M   4        17 350
11  69  39  54  -1  11   0 0.00    M    M 11.4 23 190   M    M   3        32 160
12  60  43  52  -3  13   0 0.14    M    M  8.5 21  50   M    M   5 12     29  50
13  73  41  57   1   8   0 0.06    M    M  6.1 26 320   M    M   1 13     33 320
14  80  48  64   8   1   0 0.15    M    M  8.7 21 340   M    M   2 3      26 350
15  66  45  56   0   9   0 0.01    M    M  9.2 24 350   M    M   4        33 330
16  76  43  60   3   5   0 0.00    M    M  8.5 17 290   M    M   1        23 220
17  83  53  68  11   0   3 0.00    M    M 11.1 21 210   M    M   0        30 220
18  73  49  61   3   4   0    T    M    M 12.9 25 170   M    M   1        36 150
19  81  50  66   8   0   1 0.12    M    M 11.3 26 180   M    M   1 3      36 190
20  72  43  58  -1   7   0 1.08    M    M 15.7 32  40   M    M   2 13     44  70
21  62  40  51  -8  14   0 0.23    M    M 14.0 32 310   M    M   8 13     45 310
22  67  36  52  -8  13   0 0.00    M    M 10.1 21 150   M    M   0        29 150
23  81  47  64   4   1   0 0.00    M    M 17.8 41 360   M    M   0        55 350
24  67  40  54  -6  11   0 0.00    M    M 12.1 39 330   M    M   0        52 330
25  76  48  62   1   3   0 0.00    M    M 10.7 38 360   M    M   1        50  10
26  74  49  62   1   3   0    T    M    M 15.0 33 310   M    M   3        46 310
================================================================================
SM 1806 1059       254   4  2.10    M    331.4          M       59
================================================================================
AV 69.5 40.7                              12.7 FASTST   M    M   2    MAX(MPH)
                                 MISC ---->    45 360                 59 360
================================================================================
NOTES:
# LAST OF SEVERAL OCCURRENCES

COLUMN 17 PEAK WIND IN M.P.H.

PRELIMINARY LOCAL CLIMATOLOGICAL DATA (WS FORM: F-6) , PAGE 2

                                          STATION:   AKRON CO
                                          MONTH:     MAY
                                          YEAR:      2024
                                          LATITUDE:   40 10 N
                                          LONGITUDE: 103 13 W

[TEMPERATURE DATA]      [PRECIPITATION DATA]       SYMBOLS USED IN COLUMN 16

AVERAGE MONTHLY: 55.1   TOTAL FOR MONTH:   2.10    1 = FOG OR MIST
DPTR FM NORMAL:  -0.8   DPTR FM NORMAL:   -0.08    2 = FOG REDUCING VISIBILITY
HIGHEST:    83 ON 17    GRTST 24HR  1.30 ON 20-21      TO 1/4 MILE OR LESS
LOWEST:     29 ON  4                               3 = THUNDER
                        SNOW, ICE PELLETS, HAIL    4 = ICE PELLETS
                        TOTAL MONTH:  M            5 = HAIL
                        GRTST 24HR    M  ON   M    6 = FREEZING RAIN OR DRIZZLE
                        GRTST DEPTH:  M  ON   M    7 = DUSTSTORM OR SANDSTORM:
                                                       VSBY 1/2 MILE OR LESS
                                                   8 = SMOKE OR HAZE
[NO. OF DAYS WITH]      [WEATHER - DAYS WITH]      9 = BLOWING SNOW
                                                   X = TORNADO
MAX 32 OR BELOW:   0    0.01 INCH OR MORE:   8
MAX 90 OR ABOVE:   0    0.10 INCH OR MORE:   6
MIN 32 OR BELOW:   3    0.50 INCH OR MORE:   1
MIN  0 OR BELOW:   0    1.00 INCH OR MORE:   1

[HDD (BASE 65) ]
TOTAL THIS MO.   254    CLEAR  (SCALE 0-3)  17
DPTR FM NORMAL     1    PTCLDY (SCALE 4-7)   9
TOTAL FM JUL 1  5572    CLOUDY (SCALE 8-10)  0
DPTR FM NORMAL  -542

[CDD (BASE 65) ]
TOTAL THIS MO.     4
DPTR FM NORMAL   -10    [PRESSURE DATA]
TOTAL FM JAN 1     4    HIGHEST SLP M ON M
DPTR FM NORMAL   -12    LOWEST  SLP 29.24 ON  6

[REMARKS]