000
CXUS55 KPUB 221059
CF6ALS
PRELIMINARY LOCAL CLIMATOLOGICAL DATA (WS FORM: F-6)

                                          STATION:   ALAMOSA CO
                                          MONTH:     SEPTEMBER
                                          YEAR:      2018
                                          LATITUDE:   37 27 N
                                          LONGITUDE: 105 52 W

  TEMPERATURE IN F:       :PCPN:    SNOW:  WIND      :SUNSHINE: SKY     :PK WND
================================================================================
1   2   3   4   5  6A  6B    7    8   9   10  11  12  13   14  15   16   17  18
                                     12Z  AVG MX 2MIN
DY MAX MIN AVG DEP HDD CDD  WTR  SNW DPTH SPD SPD DIR MIN PSBL S-S WX    SPD DR
================================================================================

 1  73  41  57  -3   8   0 0.00  0.0    0  8.9 24 210   M    M   1        31 210
 2  75  41  58  -2   7   0 0.02  0.0    0  6.6 30 180   M    M   3        42 170
 3  69  48  59   0   6   0 0.12  0.0    0  6.2 15 250   M    M   6        21 270
 4  75  41  58  -1   7   0 0.00  0.0    0  6.0 25 130   M    M   3        34 100
 5  71  49  60   1   5   0 0.56  0.0    0  6.1 28 250   M    M   5 3      34 280
 6  72  45  59   1   6   0 0.00  0.0    0  5.6 26 290   M    M   2        34 290
 7  76  38  57  -1   8   0 0.00  0.0    0  6.1 20  90   M    M   0 3      27 110
 8  79  38  59   1   6   0 0.00  0.0    0  4.7 16 240   M    M   0        21 230
 9  78  41  60   2   5   0    T  0.0    0  7.3 24 230   M    M   1        33 350
10  82  34  58   1   7   0 0.00  0.0    0  6.1 32 260   M    M   0 8      42 250
11  81  40  61   4   4   0    T  0.0    0  6.0 18 140   M    M   1        26 170
12  81  34  58   2   7   0 0.00  0.0    0  8.5 23 210   M    M   0        32 210
13  83  35  59   3   6   0 0.00  0.0    0  6.7 20 240   M    M   0        24 250
14  81  28  55  -1  10   0 0.00  0.0    0  4.2 15 150   M    M   0        20 150
15  83  34  59   4   6   0 0.00  0.0    0  4.3 13 200   M    M   0        17 200
16  84  43  64   9   1   0 0.00  0.0    0  3.9 13 360   M    M   1        18 360
17  83  40  62   7   3   0 0.00  0.0    0  4.7 13 210   M    M   0        17 350
18  84  41  63   9   2   0 0.00  0.0    0  5.7 16 230   M    M   0        24 170
19  82  41  62   8   3   0 0.04  0.0    0  7.9 26 250   M    M   5        34 180
20  71  47  59   6   6   0 0.28  0.0    0  6.2 18  10   M    M   4 1      25  20
21  75  37  56   3   9   0 0.00  0.0    0  6.4 16  40   M    M   0        20  40
================================================================================
SM 1638  836       122   0  1.02     0.0 128.1          M       32
================================================================================
AV 78.0 39.8                               6.1 FASTST   M    M   2    MAX(MPH)
                                 MISC ---->  # 32 260               # 42  170
================================================================================
NOTES:
# LAST OF SEVERAL OCCURRENCES

COLUMN 17 PEAK WIND IN M.P.H.

PRELIMINARY LOCAL CLIMATOLOGICAL DATA (WS FORM: F-6) , PAGE 2

                                          STATION:  ALAMOSA CO
                                          MONTH:    SEPTEMBER
                                          YEAR:     2018
                                          LATITUDE:   37 27 N
                                          LONGITUDE: 105 52 W

[TEMPERATURE DATA]      [PRECIPITATION DATA]       SYMBOLS USED IN COLUMN 16

AVERAGE MONTHLY: 58.9   TOTAL FOR MONTH:   1.02    1 = FOG OR MIST
DPTR FM NORMAL:   2.2   DPTR FM NORMAL:    0.33    2 = FOG REDUCING VISIBILITY
HIGHEST:    84 ON 18,16 GRTST 24HR  0.56 ON  5- 5      TO 1/4 MILE OR LESS
LOWEST:     28 ON 14                               3 = THUNDER
                        SNOW, ICE PELLETS, HAIL    4 = ICE PELLETS
                        TOTAL MONTH:   0.0 INCH    5 = HAIL
                        GRTST 24HR     0.0         6 = FREEZING RAIN OR DRIZZLE
                        GRTST DEPTH:   0           7 = DUSTSTORM OR SANDSTORM:
                                                       VSBY 1/2 MILE OR LESS
                                                   8 = SMOKE OR HAZE
[NO. OF DAYS WITH]      [WEATHER - DAYS WITH]      9 = BLOWING SNOW
                                                   X = TORNADO
MAX 32 OR BELOW:   0    0.01 INCH OR MORE:   5
MAX 90 OR ABOVE:   0    0.10 INCH OR MORE:   3
MIN 32 OR BELOW:   1    0.50 INCH OR MORE:   1
MIN  0 OR BELOW:   0    1.00 INCH OR MORE:   0

[HDD (BASE 65) ]
TOTAL THIS MO.   122    CLEAR  (SCALE 0-3)  16
DPTR FM NORMAL   -54    PTCLDY (SCALE 4-7)   5
TOTAL FM JUL 1   196    CLOUDY (SCALE 8-10)  0
DPTR FM NORMAL  -109

[CDD (BASE 65) ]
TOTAL THIS MO.     0
DPTR FM NORMAL     0    [PRESSURE DATA]
TOTAL FM JAN 1   104    HIGHEST SLP M ON M
DPTR FM NORMAL    53    LOWEST  SLP 29.75 ON 19

[REMARKS]
