000
CXUS55 KPUB 241210
CF6ALS
PRELIMINARY LOCAL CLIMATOLOGICAL DATA (WS FORM: F-6)

                                          STATION:   ALAMOSA CO
                                          MONTH:     MAY
                                          YEAR:      2020
                                          LATITUDE:   37 27 N
                                          LONGITUDE: 105 52 W

  TEMPERATURE IN F:       :PCPN:    SNOW:  WIND      :SUNSHINE: SKY     :PK WND
================================================================================
1   2   3   4   5  6A  6B    7    8   9   10  11  12  13   14  15   16   17  18
                                     12Z  AVG MX 2MIN
DY MAX MIN AVG DEP HDD CDD  WTR  SNW DPTH SPD SPD DIR MIN PSBL S-S WX    SPD DR
================================================================================

 1  84  36  60  13   5   0 0.00  0.0    0  7.9 22 250   M    M   0        32 260
 2  81  37  59  12   6   0 0.00  0.0    0 11.3 30 250   M    M   0        42 210
 3  81  39  60  13   5   0 0.00  0.0    0 11.6 25 230   M    M   0        34 220
 4  80  41  61  13   4   0 0.00  0.0    0 12.1 28 360   M    M   2        37  10
 5  76  34  55   7  10   0 0.00  0.0    0  8.2 25 260   M    M   1        35 270
 6  81  32  57   9   8   0 0.00  0.0    0  9.3 31 250   M    M   0        40 260
 7  82  33  58   9   7   0 0.00  0.0    0 11.7 33 310   M    M   0        45 320
 8  76  33  55   6  10   0 0.00  0.0    0 11.5 30 240   M    M   0        40 250
 9  75  29  52   3  13   0 0.00  0.0    0  9.4 25  90   M    M   1        37  90
10  77  29  53   3  12   0 0.00  0.0    0  7.8 26 250   M    M   1        37 250
11  68  41  55   5  10   0 0.15  0.0    0 10.4 31 340   M    M   6 3      40 340
12  76  33  55   5  10   0 0.00  0.0    0 10.1 31 260   M    M   1        39 260
13  76  38  57   7   8   0 0.00  0.0    0 11.8 26 250   M    M   0        38 250
14  77  34  56   5   9   0 0.00  0.0    0  8.6 23 220   M    M   0 8      40 200
15  78  33  56   5   9   0 0.00  0.0    0  8.1 24 250   M    M   1        31 250
16  79  33  56   5   9   0 0.00  0.0    0  6.7 25  90   M    M   3        34  90
17  84  39  62  10   3   0 0.00  0.0    0  7.7 23 230   M    M   0        31 230
18  87  39  63  11   2   0 0.00  0.0    0 10.4 28 240   M    M   0        37 240
19  85  39  62  10   3   0 0.00  0.0    0 11.2 37 260   M    M   3 8      54 160
20  75  39  57   5   8   0 0.00  0.0    0 15.2 35 230   M    M   0        46 250
21  75  27  51  -2  14   0 0.00  0.0    0  5.8 21 320   M    M   0        31 310
22  78  30  54   1  11   0 0.00  0.0    0  8.9 29 220   M    M   0        38 220
23  76  41  59   6   6   0 0.00  0.0    0 11.5 31 210   M    M   0        45 210
================================================================================
SM 1807  809       182   0  0.15  0.0    227.2          M       19
================================================================================
AV 78.6 35.2                               9.9 FASTST   M    M   1    MAX(MPH)
                                 MISC ---->    37 260                 54 160
================================================================================
NOTES:
# LAST OF SEVERAL OCCURRENCES

COLUMN 17 PEAK WIND IN M.P.H.

PRELIMINARY LOCAL CLIMATOLOGICAL DATA (WS FORM: F-6) , PAGE 2

                                          STATION:   ALAMOSA CO
                                          MONTH:     MAY
                                          YEAR:      2020
                                          LATITUDE:   37 27 N
                                          LONGITUDE: 105 52 W

[TEMPERATURE DATA]      [PRECIPITATION DATA]       SYMBOLS USED IN COLUMN 16

AVERAGE MONTHLY: 56.9   TOTAL FOR MONTH:   0.15    1 = FOG OR MIST
DPTR FM NORMAL:   6.8   DPTR FM NORMAL:   -0.29    2 = FOG REDUCING VISIBILITY
HIGHEST:    87 ON 18    GRTST 24HR  0.15 ON 11-11      TO 1/4 MILE OR LESS
LOWEST:     27 ON 21                               3 = THUNDER
                        SNOW, ICE PELLETS, HAIL    4 = ICE PELLETS
                        TOTAL MONTH:   0.0 INCH    5 = HAIL
                        GRTST 24HR  0.0            6 = FREEZING RAIN OR DRIZZLE
                        GRTST DEPTH:  0            7 = DUSTSTORM OR SANDSTORM:
                                                       VSBY 1/2 MILE OR LESS
                                                   8 = SMOKE OR HAZE
[NO. OF DAYS WITH]      [WEATHER - DAYS WITH]      9 = BLOWING SNOW
                                                   X = TORNADO
MAX 32 OR BELOW:   0    0.01 INCH OR MORE:   1
MAX 90 OR ABOVE:   0    0.10 INCH OR MORE:   1
MIN 32 OR BELOW:   5    0.50 INCH OR MORE:   0
MIN  0 OR BELOW:   0    1.00 INCH OR MORE:   0

[HDD (BASE 65) ]
TOTAL THIS MO.   182    CLEAR  (SCALE 0-3)  22
DPTR FM NORMAL  -161    PTCLDY (SCALE 4-7)   1
TOTAL FM JUL 1  7662    CLOUDY (SCALE 8-10)  0
DPTR FM NORMAL  -681

[CDD (BASE 65) ]
TOTAL THIS MO.     0
DPTR FM NORMAL     0    [PRESSURE DATA]
TOTAL FM JAN 1     0    HIGHEST SLP M ON M
DPTR FM NORMAL     0    LOWEST  SLP 29.63 ON 13

[REMARKS]
