000
CXUS53 KDMX 190920
CF6AMW
PRELIMINARY LOCAL CLIMATOLOGICAL DATA (WS FORM: F-6)

                                          STATION:   AMES IA
                                          MONTH:     SEPTEMBER
                                          YEAR:      2018
                                          LATITUDE:   41 59 N
                                          LONGITUDE:  93 37 W

  TEMPERATURE IN F:       :PCPN:    SNOW:  WIND      :SUNSHINE: SKY     :PK WND
================================================================================
1   2   3   4   5  6A  6B    7    8   9   10  11  12  13   14  15   16   17  18
                                     12Z  AVG MX 2MIN
DY MAX MIN AVG DEP HDD CDD  WTR  SNW DPTH SPD SPD DIR MIN PSBL S-S WX    SPD DR
================================================================================

 1  84  67  76   8   0  11 2.46  0.0    0  7.4 25 180   M    M   6 13     38 200
 2  80  67  74   6   0   9 0.78  0.0    0  4.1 17 150   M    M   6 123    20 140
 3  77  69  73   6   0   8 0.70  0.0    0  3.8 12 120   M    M   9 123    17 120
 4  86  68  77  10   0  12 0.33  0.0    0  8.8 24 240   M    M   4 13     34 240
 5  74  66  70   3   0   5 0.53  0.0    0  9.0 16  10   M    M  10 1      24  20
 6  76  61  69   3   0   4 0.00  0.0    0  8.4 15  70   M    M   7        22  40
 7  67  59  63  -3   2   0 0.00  0.0    0  7.7 14  30   M    M   6        19  40
 8  74  54  64  -2   1   0 0.00  0.0    M  7.6 16  60   M    M   0        24  80
 9  75  51  63  -2   2   0 0.00  0.0    0  3.0 10 110   M    M   0        14 100
10  77  47  62  -3   3   0 0.00  0.0    0  3.5 12 170   M    M   0 1      16 160
11  81  54  68   4   0   3 0.00  0.0    0  8.6 22 180   M    M   0 1      29 200
12  82  55  69   5   0   4 0.00  0.0    0  8.3 18 180   M    M   0 1      26 140
13  83  58  71   7   0   6 0.00  0.0    0  9.0 22 190   M    M   3        28 190
14  88  64  76  13   0  11 0.00  0.0    0  7.0 16 180   M    M   3 1      24 150
15  91  63  77  14   0  12 0.00  0.0    0  3.6 14 190   M    M   2 12     17 200
16  88  62  75  12   0  10 0.00  0.0    0  5.9 15 160   M    M   3 12     21 150
17  92  65  79  17   0  14 0.00  0.0    0  5.9 21  10   M    M   5        25  10
18  81  64  73  11   0   8 0.24  0.0    0  6.8 31  50   M    M   5 138    47  50
================================================================================
SM 1456 1094         8 117  5.04     0.0 118.4          M       69
================================================================================
AV 80.9 60.8                               6.6 FASTST   M    M   4    MAX(MPH)
                                 MISC ---->  # 31  50               # 47   50
================================================================================
NOTES:
# LAST OF SEVERAL OCCURRENCES

COLUMN 17 PEAK WIND IN M.P.H.

PRELIMINARY LOCAL CLIMATOLOGICAL DATA (WS FORM: F-6) , PAGE 2

                                          STATION:  AMES IA
                                          MONTH:    SEPTEMBER
                                          YEAR:     2018
                                          LATITUDE:   41 59 N
                                          LONGITUDE:  93 37 W

[TEMPERATURE DATA]      [PRECIPITATION DATA]       SYMBOLS USED IN COLUMN 16

AVERAGE MONTHLY: 70.8   TOTAL FOR MONTH:   5.04    1 = FOG OR MIST
DPTR FM NORMAL:   5.8   DPTR FM NORMAL:    3.01    2 = FOG REDUCING VISIBILITY
HIGHEST:    92 ON 17    GRTST 24HR  2.46 ON  1- 1      TO 1/4 MILE OR LESS
LOWEST:     47 ON 10                               3 = THUNDER
                        SNOW, ICE PELLETS, HAIL    4 = ICE PELLETS
                        TOTAL MONTH:   0.0 INCH    5 = HAIL
                        GRTST 24HR     0.0         6 = FREEZING RAIN OR DRIZZLE
                        GRTST DEPTH:   0           7 = DUSTSTORM OR SANDSTORM:
                                                       VSBY 1/2 MILE OR LESS
                                                   8 = SMOKE OR HAZE
[NO. OF DAYS WITH]      [WEATHER - DAYS WITH]      9 = BLOWING SNOW
                                                   X = TORNADO
MAX 32 OR BELOW:   0    0.01 INCH OR MORE:   6
MAX 90 OR ABOVE:   2    0.10 INCH OR MORE:   6
MIN 32 OR BELOW:   0    0.50 INCH OR MORE:   4
MIN  0 OR BELOW:   0    1.00 INCH OR MORE:   1

[HDD (BASE 65) ]
TOTAL THIS MO.     8    CLEAR  (SCALE 0-3)   9
DPTR FM NORMAL   -40    PTCLDY (SCALE 4-7)   7
TOTAL FM JUL 1    10    CLOUDY (SCALE 8-10)  2
DPTR FM NORMAL   -54

[CDD (BASE 65) ]
TOTAL THIS MO.   117
DPTR FM NORMAL    70    [PRESSURE DATA]
TOTAL FM JAN 1  1082    HIGHEST SLP M ON M
DPTR FM NORMAL   352    LOWEST  SLP 29.73 ON  1

[REMARKS]
