000
CXUS52 KGSP 170817
CF6AND
PRELIMINARY LOCAL CLIMATOLOGICAL DATA (WS FORM: F-6)

                                          STATION:   ANDERSON SC
                                          MONTH:     NOVEMBER
                                          YEAR:      2018
                                          LATITUDE:   34 30 N
                                          LONGITUDE:  82 43 W

  TEMPERATURE IN F:       :PCPN:    SNOW:  WIND      :SUNSHINE: SKY     :PK WND
================================================================================
1   2   3   4   5  6A  6B    7    8   9   10  11  12  13   14  15   16   17  18
                                     12Z  AVG MX 2MIN
DY MAX MIN AVG DEP HDD CDD  WTR  SNW DPTH SPD SPD DIR MIN PSBL S-S WX    SPD DR
================================================================================

 1  75  52  64   8   1   0 0.37    M    M  6.7 20 160   M    M   6 12     24 190
 2  63  47  55  -1  10   0 0.32    M    M 10.5 23 260   M    M   7 1      30 240
 3  64  40  52  -4  13   0 0.00    M    M  5.0 15 270   M    M   0        20 280
 4  65  40  53  -3  12   0 0.00    M    M  7.6 16  60   M    M   3        21  60
 5  61  54  58   3   7   0 0.05    M    M  4.4 10  50   M    M  10 12     13  60
 6  72  52  62   7   3   0 0.36    M    M  6.8 25 300   M    M   8 1      35 310
 7  76  45  61   6   4   0 0.11    M    M  2.2 10  60   M    M   3 1      13  70
 8  63  54  59   5   6   0 0.23    M    M  7.5 15  70   M    M   8 1      20  80
 9  54  49  52  -2  13   0 0.86    M    M  7.8 17  70   M    M   9 1      21  70
10  57  38  48  -6  17   0 0.00    M    M  5.5 13 290   M    M   0        16 290
11  53  32  43 -11  22   0    T    M    M  5.5 15  70   M    M   2        20  60
12  45  40  43 -10  22   0 2.46    M    M  8.3 20  70   M    M  10 1      23  60
13  53  44  49  -4  16   0 0.20    M    M  3.0 10  60   M    M  10 1      14 270
14  51  41  46  -6  19   0 0.34    M    M 11.5 18  60   M    M  10 1      24  40
15  45  36  41 -11  24   0 0.92    M    M  9.7 26  70   M    M   9 1      35  60
16  59  30  45  -7  20   0 0.00    M    M  5.7 15 250   M    M   0        19 240
================================================================================
SM  956  694       209   0  6.22    M    107.7          M       95
================================================================================
AV 59.8 43.4                               6.7 FASTST   M    M   6    MAX(MPH)
                                 MISC ---->  # 26  70               # 35  310
================================================================================
NOTES:
# LAST OF SEVERAL OCCURRENCES

COLUMN 17 PEAK WIND IN M.P.H.

PRELIMINARY LOCAL CLIMATOLOGICAL DATA (WS FORM: F-6) , PAGE 2

                                          STATION:  ANDERSON SC
                                          MONTH:    NOVEMBER
                                          YEAR:     2018
                                          LATITUDE:   34 30 N
                                          LONGITUDE:  82 43 W

[TEMPERATURE DATA]      [PRECIPITATION DATA]       SYMBOLS USED IN COLUMN 16

AVERAGE MONTHLY: 51.6   TOTAL FOR MONTH:   6.22    1 = FOG OR MIST
DPTR FM NORMAL:  -2.6   DPTR FM NORMAL:    4.50    2 = FOG REDUCING VISIBILITY
HIGHEST:    76 ON  7    GRTST 24HR  2.46 ON 12-12      TO 1/4 MILE OR LESS
LOWEST:     30 ON 16                               3 = THUNDER
                        SNOW, ICE PELLETS, HAIL    4 = ICE PELLETS
                        TOTAL MONTH:    M          5 = HAIL
                        GRTST 24HR    M  ON   M    6 = FREEZING RAIN OR DRIZZLE
                        GRTST DEPTH:  M  ON   M    7 = DUSTSTORM OR SANDSTORM:
                                                       VSBY 1/2 MILE OR LESS
                                                   8 = SMOKE OR HAZE
[NO. OF DAYS WITH]      [WEATHER - DAYS WITH]      9 = BLOWING SNOW
                                                   X = TORNADO
MAX 32 OR BELOW:   0    0.01 INCH OR MORE:  11
MAX 90 OR ABOVE:   0    0.10 INCH OR MORE:  10
MIN 32 OR BELOW:   2    0.50 INCH OR MORE:   3
MIN  0 OR BELOW:   0    1.00 INCH OR MORE:   1

[HDD (BASE 65) ]
TOTAL THIS MO.   209    CLEAR  (SCALE 0-3)   5
DPTR FM NORMAL    32    PTCLDY (SCALE 4-7)   5
TOTAL FM JUL 1   335    CLOUDY (SCALE 8-10)  6
DPTR FM NORMAL   -15

[CDD (BASE 65) ]
TOTAL THIS MO.     0
DPTR FM NORMAL     0    [PRESSURE DATA]
TOTAL FM JAN 1  2203    HIGHEST SLP M ON M
DPTR FM NORMAL   539    LOWEST  SLP 29.67 ON  2

[REMARKS]
