859
CXUS52 KGSP 200817
CF6AND
PRELIMINARY LOCAL CLIMATOLOGICAL DATA (WS FORM: F-6)

                                          STATION:   ANDERSON SC
                                          MONTH:     OCTOBER
                                          YEAR:      2019
                                          LATITUDE:   34 30 N
                                          LONGITUDE:  82 43 W

  TEMPERATURE IN F:       :PCPN:    SNOW:  WIND      :SUNSHINE: SKY     :PK WND
================================================================================
1   2   3   4   5  6A  6B    7    8   9   10  11  12  13   14  15   16   17  18
                                     12Z  AVG MX 2MIN
DY MAX MIN AVG DEP HDD CDD  WTR  SNW DPTH SPD SPD DIR MIN PSBL S-S WX    SPD DR
================================================================================

 1  93  71  82  16   0  17 0.00    M    M  2.4  8 260   M    M   2        10 270
 2  98  70  84  18   0  19 0.00    M    M  2.6 12 300   M    M   1 1      16  20
 3  98  68  83  17   0  18 0.00    M    M  2.1 12 290   M    M   0        20 250
 4  98  66  82  17   0  17 0.00    M    M  4.5 15  50   M    M   0        22  50
 5  82  60  71   6   0   6    T    M    M 13.0 28  60   M    M   8 18     34  70
 6  80  60  70   5   0   5 0.00    M    M  6.9 13  50   M    M   8 1      16  70
 7  84  64  74  10   0   9 0.00    M    M  4.3 10 310   M    M   3        12 340
 8  82  62  72   8   0   7 0.01    M    M  7.5 18  40   M    M   4        22  40
 9  77  59  68   4   0   3 0.00    M    M  6.0 15  70   M    M   6        20  50
10  80  58  69   6   0   4 0.00    M    M  5.3 13  50   M    M   2        16  60
11  80  53  67   4   0   2 0.00    M    M  3.0 10 230   M    M   0        14 230
12  86  57  72  10   0   7    T    M    M  5.0 18 270   M    M   5        23 270
13  71  62  67   5   0   2 0.31    M    M  4.8 14 220   M    M   8 13     16 200
14  78  50  64   2   1   0 0.00    M    M  1.7  8 250   M    M   2 12     11 250
15  73  55  64   2   1   0 0.04    M    M  3.4  9  80   M    M   7 1      13  70
16  74  50  62   1   3   0 0.55    M    M  8.2 25 260   M    M   5 1      31 270
17  70  41  56  -5   9   0 0.00    M    M  2.0 10 310   M    M   0        14 350
18  70  42  56  -5   9   0 0.00    M    M  2.1 12  70   M    M   0        15 180
19  54  50  52  -8  13   0 1.55    M    M  9.7 22  50   M    M   8 1      29  60
================================================================================
SM 1528 1098        36 116  2.46    M     94.5          M       69
================================================================================
AV 80.4 57.8                               5.0 FASTST   M    M   4    MAX(MPH)
                                 MISC ---->  # 28  60               # 34   70
================================================================================
NOTES:
# LAST OF SEVERAL OCCURRENCES

COLUMN 17 PEAK WIND IN M.P.H.

PRELIMINARY LOCAL CLIMATOLOGICAL DATA (WS FORM: F-6) , PAGE 2

                                          STATION:  ANDERSON SC
                                          MONTH:    OCTOBER
                                          YEAR:     2019
                                          LATITUDE:   34 30 N
                                          LONGITUDE:  82 43 W

[TEMPERATURE DATA]      [PRECIPITATION DATA]       SYMBOLS USED IN COLUMN 16

AVERAGE MONTHLY: 69.1   TOTAL FOR MONTH:   2.46    1 = FOG OR MIST
DPTR FM NORMAL:   5.8   DPTR FM NORMAL:    0.48    2 = FOG REDUCING VISIBILITY
HIGHEST:    98 ON  4, 3 GRTST 24HR  1.55 ON 19-19      TO 1/4 MILE OR LESS
LOWEST:     41 ON 17                               3 = THUNDER
                        SNOW, ICE PELLETS, HAIL    4 = ICE PELLETS
                        TOTAL MONTH:    M          5 = HAIL
                        GRTST 24HR    M  ON   M    6 = FREEZING RAIN OR DRIZZLE
                        GRTST DEPTH:  M  ON   M    7 = DUSTSTORM OR SANDSTORM:
                                                       VSBY 1/2 MILE OR LESS
                                                   8 = SMOKE OR HAZE
[NO. OF DAYS WITH]      [WEATHER - DAYS WITH]      9 = BLOWING SNOW
                                                   X = TORNADO
MAX 32 OR BELOW:   0    0.01 INCH OR MORE:   5
MAX 90 OR ABOVE:   4    0.10 INCH OR MORE:   3
MIN 32 OR BELOW:   0    0.50 INCH OR MORE:   2
MIN  0 OR BELOW:   0    1.00 INCH OR MORE:   1

[HDD (BASE 65) ]
TOTAL THIS MO.    36    CLEAR  (SCALE 0-3)  10
DPTR FM NORMAL   -34    PTCLDY (SCALE 4-7)   7
TOTAL FM JUL 1    36    CLOUDY (SCALE 8-10)  2
DPTR FM NORMAL   -49

[CDD (BASE 65) ]
TOTAL THIS MO.   116
DPTR FM NORMAL    80    [PRESSURE DATA]
TOTAL FM JAN 1  2270    HIGHEST SLP M ON M
DPTR FM NORMAL   615    LOWEST  SLP 29.67 ON 16

[REMARKS]
