000
CXUS52 KGSP 260817
CF6AND
PRELIMINARY LOCAL CLIMATOLOGICAL DATA (WS FORM: F-6)

                                          STATION:   ANDERSON SC
                                          MONTH:     MAY
                                          YEAR:      2020
                                          LATITUDE:   34 30 N
                                          LONGITUDE:  82 43 W

  TEMPERATURE IN F:       :PCPN:    SNOW:  WIND      :SUNSHINE: SKY     :PK WND
================================================================================
1   2   3   4   5  6A  6B    7    8   9   10  11  12  13   14  15   16   17  18
                                     12Z  AVG MX 2MIN
DY MAX MIN AVG DEP HDD CDD  WTR  SNW DPTH SPD SPD DIR MIN PSBL S-S WX    SPD DR
================================================================================

 1  78  50  64   0   1   0 0.00    M    M  7.7 17 310   M    M   1        23 270
 2  80  45  63  -2   2   0 0.00    M    M  4.3 14 220   M    M   0        20 220
 3  85  52  69   4   0   4 0.00    M    M  8.6 21 220   M    M   0        26 220
 4  86  64  75  10   0  10 0.00    M    M  7.5 15 220   M    M   1 8      20 220
 5  83  61  72   6   0   7 1.11    M    M  9.0 32 320   M    M   5 13     41 290
 6  74  44  59  -7   6   0 0.00    M    M 11.6 30 320   M    M   2        39 330
 7  69  40  55 -11  10   0 0.00    M    M  4.9 15 230   M    M   0        19 230
 8  62  45  54 -12  11   0 0.09    M    M  5.8 26 240   M    M   5 1      37 230
 9  65  39  52 -15  13   0 0.00    M    M  3.8 13 240   M    M   0 1      17 320
10  72  43  58  -9   7   0 0.00    M    M  8.0 17 230   M    M   0        21 240
11  69  46  58  -9   7   0 0.00    M    M  8.9 20 250   M    M   0        23 260
12  69  40  55 -12  10   0    T    M    M  4.4 17 210   M    M   2        21 210
13  75  53  64  -4   1   0 0.00    M    M  4.5 12  40   M    M   4        15  30
14  80  59  70   2   0   5 0.00    M    M  4.8 13 170   M    M   5        18 240
15  82  58  70   2   0   5 0.00    M    M  3.8 13 190   M    M   2        17 200
16  84  56  70   1   0   5 0.00    M    M  2.0 12 140   M    M   1        14 140
17  84  61  73   4   0   8 0.00    M    M  4.6 16 110   M    M   2        20 120
18  74  64  69   0   0   4 1.90    M    M  6.5 23 170   M    M   9 13     27 170
19  76  58  67  -3   0   2 1.38    M    M 10.4 23  60   M    M   9 1      26  60
20  58  52  55 -15  10   0 3.27    M    M 12.8 26  70   M    M  10 13     34  60
21  74  54  64  -6   1   0 0.01    M    M  4.0 13  50   M    M   8 1      17  40
22  79  57  68  -2   0   3 0.58    M    M  3.1 25 330   M    M   5 138    31 330
23  87  62  75   4   0  10 0.01    M    M  5.0 15 270   M    M   3 12     19 250
24  90  65  78   7   0  13    T    M    M  3.9 16 280   M    M   1 3      22  60
25  83  67  75   4   0  10 0.62    M    M  7.6 20  70   M    M   6 18     22  70
================================================================================
SM 1918 1335        79  86  8.97    M    157.5          M       81
================================================================================
AV 76.7 53.4                               6.3 FASTST   M    M   3    MAX(MPH)
                                 MISC ---->  # 32 320               # 41  290
================================================================================
NOTES:
# LAST OF SEVERAL OCCURRENCES

COLUMN 17 PEAK WIND IN M.P.H.

PRELIMINARY LOCAL CLIMATOLOGICAL DATA (WS FORM: F-6) , PAGE 2

                                          STATION:  ANDERSON SC
                                          MONTH:    MAY
                                          YEAR:     2020
                                          LATITUDE:   34 30 N
                                          LONGITUDE:  82 43 W

[TEMPERATURE DATA]      [PRECIPITATION DATA]       SYMBOLS USED IN COLUMN 16

AVERAGE MONTHLY: 65.1   TOTAL FOR MONTH:   8.97    1 = FOG OR MIST
DPTR FM NORMAL:  -2.7   DPTR FM NORMAL:    6.44    2 = FOG REDUCING VISIBILITY
HIGHEST:    90 ON 24    GRTST 24HR  3.27 ON 20-20      TO 1/4 MILE OR LESS
LOWEST:     39 ON  9                               3 = THUNDER
                        SNOW, ICE PELLETS, HAIL    4 = ICE PELLETS
                        TOTAL MONTH:    M          5 = HAIL
                        GRTST 24HR    M  ON   M    6 = FREEZING RAIN OR DRIZZLE
                        GRTST DEPTH:  M  ON   M    7 = DUSTSTORM OR SANDSTORM:
                                                       VSBY 1/2 MILE OR LESS
                                                   8 = SMOKE OR HAZE
[NO. OF DAYS WITH]      [WEATHER - DAYS WITH]      9 = BLOWING SNOW
                                                   X = TORNADO
MAX 32 OR BELOW:   0    0.01 INCH OR MORE:   9
MAX 90 OR ABOVE:   1    0.10 INCH OR MORE:   6
MIN 32 OR BELOW:   0    0.50 INCH OR MORE:   6
MIN  0 OR BELOW:   0    1.00 INCH OR MORE:   4

[HDD (BASE 65) ]
TOTAL THIS MO.    79    CLEAR  (SCALE 0-3)  14
DPTR FM NORMAL    42    PTCLDY (SCALE 4-7)   8
TOTAL FM JUL 1  2470    CLOUDY (SCALE 8-10)  3
DPTR FM NORMAL  -627

[CDD (BASE 65) ]
TOTAL THIS MO.    86
DPTR FM NORMAL   -18    [PRESSURE DATA]
TOTAL FM JAN 1   158    HIGHEST SLP M ON M
DPTR FM NORMAL    16    LOWEST  SLP 29.68 ON  5

[REMARKS]
