982
CXUS53 KAPX 210631
CF6ANJ
PRELIMINARY LOCAL CLIMATOLOGICAL DATA (WS FORM: F-6)

                                          STATION:   SAULT STE MARIE MI
                                          MONTH:     OCTOBER
                                          YEAR:      2019
                                          LATITUDE:   46 28 N
                                          LONGITUDE:  84 21 W

  TEMPERATURE IN F:       :PCPN:    SNOW:  WIND      :SUNSHINE: SKY     :PK WND
================================================================================
1   2   3   4   5  6A  6B    7    8   9   10  11  12  13   14  15   16   17  18
                                     12Z  AVG MX 2MIN
DY MAX MIN AVG DEP HDD CDD  WTR  SNW DPTH SPD SPD DIR MIN PSBL S-S WX    SPD DR
================================================================================

 1  67  54  61  10   4   0 0.03  0.0    0  9.0 20 310   M    M  10 1      31 290
 2  56  45  51   0  14   0 0.00  0.0    0  7.8 13  30   M    M   3        21  60
 3  47  43  45  -5  20   0 0.28  0.0    0  7.1 13  70   M    M  10 1      23 130
 4  52  36  44  -6  21   0 0.00  0.0    0  4.3 10 310   M    M   4        17  20
 5  55  36  46  -4  19   0 0.01  0.0    0 10.1 21 140   M    M   8 1      35 130
 6  65  52  59  10   6   0 0.05  0.0    0 10.7 22 230   M    M   7 1      36 230
 7  58  40  49   0  16   0    T  0.0    0  8.7 22 300   M    M   3        34 300
 8  67  37  52   4  13   0 0.00  0.0    0  5.8 17 230   M    M   4 12     24 200
 9  67  46  57   9   8   0 0.00  0.0    0  6.8 18 150   M    M   1 1      29 120
10  62  48  55   7  10   0 0.00  0.0    0  7.8 17 120   M    M   1        29 120
11  64  45  55   8  10   0 1.13  0.0    0 12.5 23 140   M    M   7 1      37 130
12  46  36  41  -6  24   0 0.41  0.0    0  8.1 24 220   M    M  10 18     32 220
13  42  35  39  -8  26   0 0.23    T    T  6.8 17 230   M    M   8 1      28 150
14  49  35  42  -4  23   0 0.06    T    0  8.3 22 300   M    M   8 1      32 290
15  48  37  43  -3  22   0 0.77    M    0  4.5 13  60   M    M   9 1      21  30
16  45  41  43  -3  22   0 0.60    M    0 10.8 18 340   M    M   9 1      31 340
17  50  33  42  -3  23   0    T    M    0  8.2 17 350   M    M   6        27 320
18  50  30  40  -5  25   0 0.00  0.0    0  3.2  8 120   M    M   1        14 130
19  57  42  50   6  15   0 0.00  0.0    0  9.2 22 130   M    M   0        32 120
20  57  42  50   6  15   0 0.24  0.0    0  2.1 10 100   M    M   7 12     17 100
================================================================================
SM 1104  813       336   0  3.81    T    151.8          M      116
================================================================================
AV 55.2 40.7                               7.6 FASTST   M    M   6    MAX(MPH)
                                 MISC ---->  # 24 220               # 37  130
================================================================================
NOTES:
# LAST OF SEVERAL OCCURRENCES

COLUMN 17 PEAK WIND IN M.P.H.

PRELIMINARY LOCAL CLIMATOLOGICAL DATA (WS FORM: F-6) , PAGE 2

                                          STATION:  SAULT STE MARIE MI
                                          MONTH:    OCTOBER
                                          YEAR:     2019
                                          LATITUDE:   46 28 N
                                          LONGITUDE:  84 21 W

[TEMPERATURE DATA]      [PRECIPITATION DATA]       SYMBOLS USED IN COLUMN 16

AVERAGE MONTHLY: 47.9   TOTAL FOR MONTH:   3.81    1 = FOG OR MIST
DPTR FM NORMAL:   0.4   DPTR FM NORMAL:    1.30    2 = FOG REDUCING VISIBILITY
HIGHEST:    67 ON  9, 8 GRTST 24HR  3.00 ON 30- 1      TO 1/4 MILE OR LESS
LOWEST:     30 ON 18                               3 = THUNDER
                        SNOW, ICE PELLETS, HAIL    4 = ICE PELLETS
                        TOTAL MONTH:    T          5 = HAIL
                        GRTST 24HR    T  ON 14-14  6 = FREEZING RAIN OR DRIZZLE
                        GRTST DEPTH:   T           7 = DUSTSTORM OR SANDSTORM:
                                                       VSBY 1/2 MILE OR LESS
                                                   8 = SMOKE OR HAZE
[NO. OF DAYS WITH]      [WEATHER - DAYS WITH]      9 = BLOWING SNOW
                                                   X = TORNADO
MAX 32 OR BELOW:   0    0.01 INCH OR MORE:  11
MAX 90 OR ABOVE:   0    0.10 INCH OR MORE:   7
MIN 32 OR BELOW:   1    0.50 INCH OR MORE:   3
MIN  0 OR BELOW:   0    1.00 INCH OR MORE:   1

[HDD (BASE 65) ]
TOTAL THIS MO.   336    CLEAR  (SCALE 0-3)   6
DPTR FM NORMAL   -14    PTCLDY (SCALE 4-7)   8
TOTAL FM JUL 1   565    CLOUDY (SCALE 8-10)  6
DPTR FM NORMAL  -186

[CDD (BASE 65) ]
TOTAL THIS MO.     0
DPTR FM NORMAL     0    [PRESSURE DATA]
TOTAL FM JAN 1   222    HIGHEST SLP M ON M
DPTR FM NORMAL    27    LOWEST  SLP 29.48 ON 16

[REMARKS]
