000
CXUS53 KAPX 230631
CF6ANJ
PRELIMINARY LOCAL CLIMATOLOGICAL DATA (WS FORM: F-6)

                                          STATION:   SAULT STE MARIE MI
                                          MONTH:     JANUARY
                                          YEAR:      2019
                                          LATITUDE:   46 28 N
                                          LONGITUDE:  84 21 W

  TEMPERATURE IN F:       :PCPN:    SNOW:  WIND      :SUNSHINE: SKY     :PK WND
================================================================================
1   2   3   4   5  6A  6B    7    8   9   10  11  12  13   14  15   16   17  18
                                     12Z  AVG MX 2MIN
DY MAX MIN AVG DEP HDD CDD  WTR  SNW DPTH SPD SPD DIR MIN PSBL S-S WX    SPD DR
================================================================================

 1  20   5  13  -4  52   0    T    T    6  6.4 18  10   M    M   3        25 360
 2  23  12  18   1  47   0 0.09  1.1    6  5.4 12 250   M    M  10 18     17 250
 3  35  22  29  12  36   0 0.23  1.8    7  9.6 21 210   M    M   9 1      31 210
 4  38  25  32  16  33   0 0.00  0.0    8  4.5 12 240   M    M   3 12     17 240
 5  36  25  31  15  34   0    T    T    8  4.5 17 320   M    M   9 12     26 320
 6  35  16  26  10  39   0    T    T    8  7.4 18 320   M    M   5        28 310
 7  32  16  24   8  41   0 1.34 12.3    8 12.1 23 110   M    M  10 12     39 120
 8  37  27  32  16  33   0 0.06  0.6   18 11.1 25 290   M    M  10 1      38 280
 9  28  11  20   4  45   0 0.21  4.8   21 12.7 20 340   M    M   9 12     31 310
10  14   3   9  -6  56   0 0.00  0.0   21  8.4 18 340   M    M   1        24 330
11  14   0   7  -8  58   0 0.01  0.5   20  2.7  8  20   M    M   8 1      12  30
12  17   4  11  -4  54   0    T    T   19  3.6  8 130   M    M   0        14  70
13  17   0   9  -6  56   0 0.00  0.0   19  3.3  7 140   M    M   2        11 100
14  31  13  22   7  43   0 0.03  0.2   19  2.6  9 270   M    M   9 18     14 260
15  33  27  30  15  35   0 0.03  0.3   18  9.0 25 280   M    M  10 18     40 250
16  32   5  19   4  46   0 0.03  0.5   18 10.4 29 300   M    M   7 128    47 300
17  22  10  16   1  49   0    T  0.3   18  4.3 12 230   M    M   8 1      16 230
18  23  -3  10  -5  55   0 0.07  2.0   19 10.1 23 310   M    M   8 18     35 290
19   3 -14  -5 -20  70   0 0.00  0.0   18  4.0 10  60   M    M   0        17  40
20  -2 -16  -9 -24  74   0 0.00  0.0   18  6.3 14  30   M    M   0        21  40
21  15 -19  -2 -17  67   0 0.00  0.0   18  2.6  8 260   M    M   0 1      12 260
22  20  -2   9  -6  56   0 0.47  4.4   18  5.8 17 150   M    M   7 12     27 140
================================================================================
SM  523  167      1079   0  2.57    28.8 146.8          M      128
================================================================================
AV 23.8  7.6                               6.7 FASTST   M    M   6    MAX(MPH)
                                 MISC ---->  # 29 300               # 47  300
================================================================================
NOTES:
# LAST OF SEVERAL OCCURRENCES

COLUMN 17 PEAK WIND IN M.P.H.

PRELIMINARY LOCAL CLIMATOLOGICAL DATA (WS FORM: F-6) , PAGE 2

                                          STATION:  SAULT STE MARIE MI
                                          MONTH:    JANUARY
                                          YEAR:     2019
                                          LATITUDE:   46 28 N
                                          LONGITUDE:  84 21 W

[TEMPERATURE DATA]      [PRECIPITATION DATA]       SYMBOLS USED IN COLUMN 16

AVERAGE MONTHLY: 15.7   TOTAL FOR MONTH:   2.57    1 = FOG OR MIST
DPTR FM NORMAL:   0.1   DPTR FM NORMAL:    0.95    2 = FOG REDUCING VISIBILITY
HIGHEST:    38 ON  4    GRTST 24HR  1.34 ON  7- 7      TO 1/4 MILE OR LESS
LOWEST:    -19 ON 21                               3 = THUNDER
                        SNOW, ICE PELLETS, HAIL    4 = ICE PELLETS
                        TOTAL MONTH:  28.8 INCHES  5 = HAIL
                        GRTST 24HR  12.3 ON  7- 7  6 = FREEZING RAIN OR DRIZZLE
                        GRTST DEPTH:  21 ON 10, 9  7 = DUSTSTORM OR SANDSTORM:
                                                       VSBY 1/2 MILE OR LESS
                                                   8 = SMOKE OR HAZE
[NO. OF DAYS WITH]      [WEATHER - DAYS WITH]      9 = BLOWING SNOW
                                                   X = TORNADO
MAX 32 OR BELOW:  16    0.01 INCH OR MORE:  11
MAX 90 OR ABOVE:   0    0.10 INCH OR MORE:   4
MIN 32 OR BELOW:  22    0.50 INCH OR MORE:   1
MIN  0 OR BELOW:   7    1.00 INCH OR MORE:   1

[HDD (BASE 65) ]
TOTAL THIS MO.  1079    CLEAR  (SCALE 0-3)   8
DPTR FM NORMAL    -9    PTCLDY (SCALE 4-7)   6
TOTAL FM JUL 1  4205    CLOUDY (SCALE 8-10)  8
DPTR FM NORMAL  -142

[CDD (BASE 65) ]
TOTAL THIS MO.     0
DPTR FM NORMAL     0    [PRESSURE DATA]
TOTAL FM JAN 1     0    HIGHEST SLP M ON M
DPTR FM NORMAL     0    LOWEST  SLP 29.55 ON  8

[REMARKS]
