000
CXUS53 KAPX 210631
CF6ANJ
PRELIMINARY LOCAL CLIMATOLOGICAL DATA (WS FORM: F-6)

                                          STATION:   SAULT STE MARIE MI
                                          MONTH:     JANUARY
                                          YEAR:      2020
                                          LATITUDE:   46 28 N
                                          LONGITUDE:  84 21 W

  TEMPERATURE IN F:       :PCPN:    SNOW:  WIND      :SUNSHINE: SKY     :PK WND
================================================================================
1   2   3   4   5  6A  6B    7    8   9   10  11  12  13   14  15   16   17  18
                                     12Z  AVG MX 2MIN
DY MAX MIN AVG DEP HDD CDD  WTR  SNW DPTH SPD SPD DIR MIN PSBL S-S WX    SPD DR
================================================================================

 1  32  23  28  11  37   0    T    T   12  8.1 17 290   M    M   7        26 290
 2  37  28  33  16  32   0 0.12    T   11  5.1 12 230   M    M   8 16     17 280
 3  36  30  33  16  32   0 0.01    T   10  9.2 16 300   M    M  10 18     25 300
 4  30  26  28  12  37   0 0.02  0.3    9  4.2 16 320   M    M  10 18     24 330
 5  31  25  28  12  37   0 0.31  4.1   10  5.0 13 140   M    M  10 1      19 140
 6  33  24  29  13  36   0 0.19  2.6   13 15.4 29 310   M    M  10 128    43 280
 7  35  17  26  10  39   0 0.15  1.9   14 10.2 25 290   M    M   6 128    39 270
 8  21   8  15  -1  50   0 0.05  2.0   15  7.9 21 320   M    M   8 18     32 290
 9  34   8  21   5  44   0 0.09  0.3   15 12.2 29 150   M    M   9 168    42 150
10  37  31  34  19  31   0 0.00  0.0   13  6.6 15 290   M    M  10 1      22 300
11  31   9  20   5  45   0 0.05  0.5   13 10.4 16  60   M    M   5 18     29  60
12  13   6  10  -5  55   0    T    T   12  7.4 16  60   M    M   8        27  50
13  23  11  17   2  48   0    T    T   12  5.1 10  90   M    M  10 8      18  70
14  34  23  29  14  36   0 0.11  0.8   12  6.9 16 270   M    M  10 1      24 270
15  34  29  32  17  33   0    T    T   12  6.1 18 280   M    M  10 1      29 280
16  30  11  21   6  44   0 0.01  0.5   12  9.1 24 310   M    M   9 18     34 320
17  17   7  12  -3  53   0    T  0.1   12  6.4 14 110   M    M   8 8      23 110
18  21  15  18   3  47   0 0.33  5.0   12 10.5 20 100   M    M  10 128    33 100
19  21   6  14  -1  51   0 0.01  0.1   16  8.0 14 330   M    M   4 8      21  10
20  27  -1  13  -2  52   0    T  0.2   16  6.6 18 300   M    M   8 1      30 290
================================================================================
SM  577  336       839   0  1.45    18.4 160.4          M      170
================================================================================
AV 28.9 16.8                               8.0 FASTST   M    M   9    MAX(MPH)
                                 MISC ---->  # 29 310               # 43  280
================================================================================
NOTES:
# LAST OF SEVERAL OCCURRENCES

COLUMN 17 PEAK WIND IN M.P.H.

PRELIMINARY LOCAL CLIMATOLOGICAL DATA (WS FORM: F-6) , PAGE 2

                                          STATION:  SAULT STE MARIE MI
                                          MONTH:    JANUARY
                                          YEAR:     2020
                                          LATITUDE:   46 28 N
                                          LONGITUDE:  84 21 W

[TEMPERATURE DATA]      [PRECIPITATION DATA]       SYMBOLS USED IN COLUMN 16

AVERAGE MONTHLY: 22.8   TOTAL FOR MONTH:   1.45    1 = FOG OR MIST
DPTR FM NORMAL:   7.2   DPTR FM NORMAL:   -0.04    2 = FOG REDUCING VISIBILITY
HIGHEST:    37 ON 10, 2 GRTST 24HR  0.33 ON 18-18      TO 1/4 MILE OR LESS
LOWEST:     -1 ON 20                               3 = THUNDER
                        SNOW, ICE PELLETS, HAIL    4 = ICE PELLETS
                        TOTAL MONTH:  18.4 INCHES  5 = HAIL
                        GRTST 24HR   5.0 ON 18-18  6 = FREEZING RAIN OR DRIZZLE
                        GRTST DEPTH:  16 ON 20,19  7 = DUSTSTORM OR SANDSTORM:
                                                       VSBY 1/2 MILE OR LESS
                                                   8 = SMOKE OR HAZE
[NO. OF DAYS WITH]      [WEATHER - DAYS WITH]      9 = BLOWING SNOW
                                                   X = TORNADO
MAX 32 OR BELOW:  12    0.01 INCH OR MORE:  13
MAX 90 OR ABOVE:   0    0.10 INCH OR MORE:   6
MIN 32 OR BELOW:  20    0.50 INCH OR MORE:   0
MIN  0 OR BELOW:   1    1.00 INCH OR MORE:   0

[HDD (BASE 65) ]
TOTAL THIS MO.   839    CLEAR  (SCALE 0-3)   0
DPTR FM NORMAL  -149    PTCLDY (SCALE 4-7)   8
TOTAL FM JUL 1  3960    CLOUDY (SCALE 8-10) 12
DPTR FM NORMAL  -287

[CDD (BASE 65) ]
TOTAL THIS MO.     0
DPTR FM NORMAL     0    [PRESSURE DATA]
TOTAL FM JAN 1     0    HIGHEST SLP M ON M
DPTR FM NORMAL     0    LOWEST  SLP 29.44 ON M

[REMARKS]
