000
CXUS55 KBOU 170812
CF6APA
PRELIMINARY LOCAL CLIMATOLOGICAL DATA (WS FORM: F-6)

                                          STATION:   CENTENNIAL CO
                                          MONTH:     OCTOBER
                                          YEAR:      2018
                                          LATITUDE:   39 33 N
                                          LONGITUDE: 104 51 W

  TEMPERATURE IN F:       :PCPN:    SNOW:  WIND      :SUNSHINE: SKY     :PK WND
================================================================================
1   2   3   4   5  6A  6B    7    8   9   10  11  12  13   14  15   16   17  18
                                     12Z  AVG MX 2MIN
DY MAX MIN AVG DEP HDD CDD  WTR  SNW DPTH SPD SPD DIR MIN PSBL S-S WX    SPD DR
================================================================================

 1  69  41  55  -1  10   0    T    M    M  4.2 13 350   M    M   8 12     15 360
 2  78  53  66  11   0   1 0.00    M    M  8.1 22 200   M    M   6        29 200
 3  85  50  68  13   0   3 0.00    M    M 11.5 22  20   M    M   6        31  40
 4  67  47  57   3   8   0    T    M    M 10.6 25 170   M    M   4        33 160
 5  74  36  55   1  10   0 0.28    M    M 10.3 29  40   M    M   5 1      40  50
 6  59  34  47  -7  18   0 0.11    M    M 11.9 25 160   M    M   6        33 180
 7  47  38  43 -10  22   0 0.12    M    M  7.3 16 350   M    M   9 18     19 350
 8  40  36  38 -15  27   0 0.10    M    M  6.4 12  20   M    M  10 1      15  30
 9  37  31  34 -18  31   0 0.04    M    M  6.6 13 360   M    M  10 1      18 360
10  35  30  33 -19  32   0 0.01    M    M  6.2 12 120   M    M  10 16     14 130
11  50  34  42 -10  23   0 0.02    M    M  4.3 17 340   M    M   8 12     22 340
12  64  33  49  -2  16   0 0.00    M    M  7.2 14 170   M    M   4 12     18 200
13  63  26  45  -6  20   0 0.01    M    M  9.7 30 360   M    M   3 1      38 360
14  26  18  22 -28  43   0 0.04    M    M  8.3 21 360   M    M   9 1      28  20
15  46  13  30 -20  35   0 0.00    M    M  5.4 13 150   M    M   1        16 140
16  54  24  39 -11  26   0 0.00  0.0    0  4.3 13 340   M    M   1        17 340
================================================================================
SM  894  544       321   4  0.73     0.0 122.3          M      100
================================================================================
AV 55.9 34.0                               7.6 FASTST   M    M   6    MAX(MPH)
                                 MISC ---->  # 30 360               # 40   50
================================================================================
NOTES:
# LAST OF SEVERAL OCCURRENCES

COLUMN 17 PEAK WIND IN M.P.H.

PRELIMINARY LOCAL CLIMATOLOGICAL DATA (WS FORM: F-6) , PAGE 2

                                          STATION:  CENTENNIAL CO
                                          MONTH:    OCTOBER
                                          YEAR:     2018
                                          LATITUDE:   39 33 N
                                          LONGITUDE: 104 51 W

[TEMPERATURE DATA]      [PRECIPITATION DATA]       SYMBOLS USED IN COLUMN 16

AVERAGE MONTHLY: 44.9   TOTAL FOR MONTH:   0.73    1 = FOG OR MIST
DPTR FM NORMAL:  -7.7   DPTR FM NORMAL:    0.04    2 = FOG REDUCING VISIBILITY
HIGHEST:    85 ON  3    GRTST 24HR  0.28 ON  5- 5      TO 1/4 MILE OR LESS
LOWEST:     13 ON 15                               3 = THUNDER
                        SNOW, ICE PELLETS, HAIL    4 = ICE PELLETS
                        TOTAL MONTH:   0.0 INCH    5 = HAIL
                        GRTST 24HR     0.0         6 = FREEZING RAIN OR DRIZZLE
                        GRTST DEPTH:   0           7 = DUSTSTORM OR SANDSTORM:
                                                       VSBY 1/2 MILE OR LESS
                                                   8 = SMOKE OR HAZE
[NO. OF DAYS WITH]      [WEATHER - DAYS WITH]      9 = BLOWING SNOW
                                                   X = TORNADO
MAX 32 OR BELOW:   1    0.01 INCH OR MORE:   9
MAX 90 OR ABOVE:   0    0.10 INCH OR MORE:   4
MIN 32 OR BELOW:   6    0.50 INCH OR MORE:   0
MIN  0 OR BELOW:   0    1.00 INCH OR MORE:   0

[HDD (BASE 65) ]
TOTAL THIS MO.   321    CLEAR  (SCALE 0-3)   3
DPTR FM NORMAL   121    PTCLDY (SCALE 4-7)   7
TOTAL FM JUL 1   396    CLOUDY (SCALE 8-10)  6
DPTR FM NORMAL    28

[CDD (BASE 65) ]
TOTAL THIS MO.     4
DPTR FM NORMAL     4    [PRESSURE DATA]
TOTAL FM JAN 1   794    HIGHEST SLP M ON M
DPTR FM NORMAL   236    LOWEST  SLP 29.58 ON  3

[REMARKS]
