908
CXUS55 KBOU 170900
CF6APA
PRELIMINARY LOCAL CLIMATOLOGICAL DATA (WS FORM: F-6)

                                          STATION:   CENTENNIAL CO
                                          MONTH:     JULY
                                          YEAR:      2018
                                          LATITUDE:   39 33 N
                                          LONGITUDE: 104 51 W

  TEMPERATURE IN F:       :PCPN:    SNOW:  WIND      :SUNSHINE: SKY     :PK WND
================================================================================
1   2   3   4   5  6A  6B    7    8   9   10  11  12  13   14  15   16   17  18
                                     12Z  AVG MX 2MIN
DY MAX MIN AVG DEP HDD CDD  WTR  SNW DPTH SPD SPD DIR MIN PSBL S-S WX    SPD DR
================================================================================

 1  86  50  68  -2   0   3 0.00    M    M  7.0 14 190   M    M   3        20  40
 2  94  56  75   4   0  10 0.01    M    M  9.7 33 170   M    M   5 3      45 170
 3  94  56  75   4   0  10    T    M    M  6.3 26 360   M    M   4        36 360
 4  91  57  74   3   0   9 0.02    M    M  8.2 24 120   M    M   6 3      39 110
 5  85  61  73   2   0   8 0.14    M    M 13.8 37 240   M    M   7 3      49 240
 6  90  58  74   2   0   9 0.00    M    M  9.1 22 170   M    M   2        29 160
 7  96  62  79   7   0  14 0.04    M    M  9.2 20 140   M    M   3 38     30 140
 8  96  61  79   7   0  14    T    M    M  7.0 22 180   M    M   4 3      28 150
 9  92  59  76   4   0  11 0.00    M    M  7.8 21 170   M    M   2        30 170
10  95  64  80   8   0  15 0.00    M    M 10.4 21 170   M    M   2        30 180
11  93  59  76   4   0  11 0.00    M    M  9.5 25 170   M    M   3        35 150
12  86  64  75   2   0  10 0.00    M    M 10.4 23 320   M    M   6        30 310
13  88  58  73   0   0   8 0.00    M    M  7.6 16  10   M    M   3        23  10
14  94  63  79   6   0  14 0.00    M    M  8.4 21 160   M    M   2        30 170
15  74  60  67  -6   0   2 0.55    M    M  9.5 21 360   M    M   8 1      29 350
16  89  57  73   0   0   8 0.00    M    M  5.6 23 170   M    M   5 123    35 110
================================================================================
SM 1443  945         0 156  0.76    M    139.5          M       65
================================================================================
AV 90.2 59.1                               8.7 FASTST   M    M   4    MAX(MPH)
                                 MISC ---->  # 37 240               # 49  240
================================================================================
NOTES:
# LAST OF SEVERAL OCCURRENCES

COLUMN 17 PEAK WIND IN M.P.H.

PRELIMINARY LOCAL CLIMATOLOGICAL DATA (WS FORM: F-6) , PAGE 2

                                          STATION:  CENTENNIAL CO
                                          MONTH:    JULY
                                          YEAR:     2018
                                          LATITUDE:   39 33 N
                                          LONGITUDE: 104 51 W

[TEMPERATURE DATA]      [PRECIPITATION DATA]       SYMBOLS USED IN COLUMN 16

AVERAGE MONTHLY: 74.6   TOTAL FOR MONTH:   0.76    1 = FOG OR MIST
DPTR FM NORMAL:   2.7   DPTR FM NORMAL:   -0.18    2 = FOG REDUCING VISIBILITY
HIGHEST:    96 ON  8, 7 GRTST 24HR  0.55 ON 15-15      TO 1/4 MILE OR LESS
LOWEST:     50 ON  1                               3 = THUNDER
                        SNOW, ICE PELLETS, HAIL    4 = ICE PELLETS
                        TOTAL MONTH:    M          5 = HAIL
                        GRTST 24HR    M  ON   M    6 = FREEZING RAIN OR DRIZZLE
                        GRTST DEPTH:  M  ON   M    7 = DUSTSTORM OR SANDSTORM:
                                                       VSBY 1/2 MILE OR LESS
                                                   8 = SMOKE OR HAZE
[NO. OF DAYS WITH]      [WEATHER - DAYS WITH]      9 = BLOWING SNOW
                                                   X = TORNADO
MAX 32 OR BELOW:   0    0.01 INCH OR MORE:   5
MAX 90 OR ABOVE:  10    0.10 INCH OR MORE:   2
MIN 32 OR BELOW:   0    0.50 INCH OR MORE:   1
MIN  0 OR BELOW:   0    1.00 INCH OR MORE:   0

[HDD (BASE 65) ]
TOTAL THIS MO.     0    CLEAR  (SCALE 0-3)   7
DPTR FM NORMAL     0    PTCLDY (SCALE 4-7)   9
TOTAL FM JUL 1     0    CLOUDY (SCALE 8-10)  0
DPTR FM NORMAL     0

[CDD (BASE 65) ]
TOTAL THIS MO.   156
DPTR FM NORMAL    42    [PRESSURE DATA]
TOTAL FM JAN 1   374    HIGHEST SLP M ON M
DPTR FM NORMAL   155    LOWEST  SLP 29.64 ON  3

[REMARKS]
