000
CXUS53 KAPX 160631
CF6APN
PRELIMINARY LOCAL CLIMATOLOGICAL DATA (WS FORM: F-6)

                                          STATION:   ALPENA MI
                                          MONTH:     OCTOBER
                                          YEAR:      2019
                                          LATITUDE:   45  4 N
                                          LONGITUDE:  83 34 W

  TEMPERATURE IN F:       :PCPN:    SNOW:  WIND      :SUNSHINE: SKY     :PK WND
================================================================================
1   2   3   4   5  6A  6B    7    8   9   10  11  12  13   14  15   16   17  18
                                     12Z  AVG MX 2MIN
DY MAX MIN AVG DEP HDD CDD  WTR  SNW DPTH SPD SPD DIR MIN PSBL S-S WX    SPD DR
================================================================================

 1  77  53  65  13   0   0 0.33  0.0    0  7.4 16 330   M    M   7 1      23 330
 2  55  49  52   1  13   0 0.22  0.0    0  9.3 17  30   M    M   9 1      23  20
 3  58  48  53   2  12   0 0.26  0.0    0  8.8 20 100   M    M  10 1      26  90
 4  53  31  42  -9  23   0 0.01  0.0    0  5.5 13  20   M    M   6 1      17 330
 5  56  32  44  -6  21   0 0.06  0.0    0  7.8 22 130   M    M   7 1      32 140
 6  66  51  59   9   6   0    T  0.0    0 10.3 20 240   M    M   5        32 230
 7  64  36  50   1  15   0    T  0.0    0  7.2 18 280   M    M   0        34 270
 8  65  31  48  -1  17   0 0.00  0.0    0  5.1 16 110   M    M   0 1      22 130
 9  66  33  50   1  15   0 0.00  0.0    0  4.6 18 140   M    M   2 12     25 130
10  63  35  49   1  16   0 0.00  0.0    0  6.7 17 120   M    M   3 12     23 110
11  69  47  58  10   7   0 0.68  0.0    0 12.8 24 140   M    M   5 1      36 110
12  49  37  43  -5  22   0 0.18  0.0    0 10.6 21 190   M    M   7 1      29 190
13  45  36  41  -6  24   0 0.06  0.0    0  7.9 16 180   M    M   7 1      25 200
14  50  33  42  -5  23   0    T  0.0    0  7.6 18 240   M    M   3        29 240
15  50  32  41  -5  24   0 0.58    M    0  8.9 24 100   M    M   6 1      40 120
================================================================================
SM  886  584       238   0  2.38     0.0 120.5          M       77
================================================================================
AV 59.1 38.9                               8.0 FASTST   M    M   5    MAX(MPH)
                                 MISC ---->  # 24 140               # 40  120
================================================================================
NOTES:
# LAST OF SEVERAL OCCURRENCES

COLUMN 17 PEAK WIND IN M.P.H.

PRELIMINARY LOCAL CLIMATOLOGICAL DATA (WS FORM: F-6) , PAGE 2

                                          STATION:  ALPENA MI
                                          MONTH:    OCTOBER
                                          YEAR:     2019
                                          LATITUDE:   45  4 N
                                          LONGITUDE:  83 34 W

[TEMPERATURE DATA]      [PRECIPITATION DATA]       SYMBOLS USED IN COLUMN 16

AVERAGE MONTHLY: 49.0   TOTAL FOR MONTH:   2.38    1 = FOG OR MIST
DPTR FM NORMAL:  -0.1   DPTR FM NORMAL:    1.03    2 = FOG REDUCING VISIBILITY
HIGHEST:    77 ON  1    GRTST 24HR  0.68 ON 11-11      TO 1/4 MILE OR LESS
LOWEST:     31 ON  8, 4                            3 = THUNDER
                        SNOW, ICE PELLETS, HAIL    4 = ICE PELLETS
                        TOTAL MONTH:   0.0 INCH    5 = HAIL
                        GRTST 24HR     0.0         6 = FREEZING RAIN OR DRIZZLE
                        GRTST DEPTH:   0           7 = DUSTSTORM OR SANDSTORM:
                                                       VSBY 1/2 MILE OR LESS
                                                   8 = SMOKE OR HAZE
[NO. OF DAYS WITH]      [WEATHER - DAYS WITH]      9 = BLOWING SNOW
                                                   X = TORNADO
MAX 32 OR BELOW:   0    0.01 INCH OR MORE:   9
MAX 90 OR ABOVE:   0    0.10 INCH OR MORE:   6
MIN 32 OR BELOW:   4    0.50 INCH OR MORE:   2
MIN  0 OR BELOW:   0    1.00 INCH OR MORE:   0

[HDD (BASE 65) ]
TOTAL THIS MO.   238    CLEAR  (SCALE 0-3)   4
DPTR FM NORMAL    -4    PTCLDY (SCALE 4-7)   9
TOTAL FM JUL 1   459    CLOUDY (SCALE 8-10)  2
DPTR FM NORMAL  -140

[CDD (BASE 65) ]
TOTAL THIS MO.     0
DPTR FM NORMAL     0    [PRESSURE DATA]
TOTAL FM JAN 1   305    HIGHEST SLP M ON M
DPTR FM NORMAL    16    LOWEST  SLP 29.64 ON 15

[REMARKS]
