000
CXUS53 KAPX 160631
CF6APX
PRELIMINARY LOCAL CLIMATOLOGICAL DATA (WS FORM: F-6)

                                          STATION:   GAYLORD  WFO
                                          MONTH:     OCTOBER
                                          YEAR:      2019
                                          LATITUDE:   45  4 N
                                          LONGITUDE:  84 43 W

  TEMPERATURE IN F:       :PCPN:    SNOW:  WIND      :SUNSHINE: SKY     :PK WND
================================================================================
1   2   3   4   5  6A  6B    7    8   9   10  11  12  13   14  15   16   17  18
                                     12Z  AVG MX 2MIN
DY MAX MIN AVG DEP HDD CDD  WTR  SNW DPTH SPD SPD DIR MIN PSBL S-S WX    SPD DR
================================================================================

 1  74  50  62  11   3   0 0.26  0.0    0   M   M   M   M    M   M         M  M
 2  50  44  47  -4  18   0 0.15  0.0    0   M   M   M   M    M   M         M  M
 3  54  43  49  -1  16   0 0.20  0.0    0   M   M   M   M    M   M         M  M
 4  52  37  45  -5  20   0 0.04  0.0    0   M   M   M   M    M   M         M  M
 5  51  34  43  -7  22   0 0.07  0.0    0   M   M   M   M    M   M         M  M
 6  62  49  56   7   9   0 0.02  0.0    0   M   M   M   M    M   M         M  M
 7  58  42  50   1  15   0 0.00  0.0    0   M   M   M   M    M   M         M  M
 8  64  41  53   5  12   0 0.00  0.0    0   M   M   M   M    M   M         M  M
 9  66  44  55   7  10   0 0.00  0.0    0   M   M   M   M    M   M         M  M
10  67  44  56   8   9   0 0.00  0.0    0   M   M   M   M    M   M         M  M
11  65  39  52   5  13   0 0.73  0.0    0   M   M   M   M    M   M         M  M
12  46  35  41  -6  24   0 0.07  0.0    0   M   M   M   M    M   M         M  M
13  40  33  37  -9  28   0 0.24    T    0   M   M   M   M    M   M         M  M
14  46  33  40  -6  25   0 0.15  0.2    0   M   M   M   M    M   M         M  M
15  45  32  39  -7  26   0 0.24  0.0    0   M   M   M   M    M   M         M  M
================================================================================
SM  840  600       250   0  2.17     0.2     M          M        M
================================================================================
AV 56.0 40.0                                 M FASTST   M    M   6    MAX(MPH)
                                 MISC ---->     M   M                  M    M
================================================================================
NOTES:
# LAST OF SEVERAL OCCURRENCES

COLUMN 17 PEAK WIND IN M.P.H.

PRELIMINARY LOCAL CLIMATOLOGICAL DATA (WS FORM: F-6) , PAGE 2

                                          STATION:  GAYLORD  WFO
                                          MONTH:    OCTOBER
                                          YEAR:     2019
                                          LATITUDE:   45  4 N
                                          LONGITUDE:  84 43 W

[TEMPERATURE DATA]      [PRECIPITATION DATA]       SYMBOLS USED IN COLUMN 16

AVERAGE MONTHLY: 48.0   TOTAL FOR MONTH:   2.17    1 = FOG OR MIST
DPTR FM NORMAL:  -0.4   DPTR FM NORMAL:    0.27    2 = FOG REDUCING VISIBILITY
HIGHEST:    74 ON  1    GRTST 24HR  0.73 ON 11-11      TO 1/4 MILE OR LESS
LOWEST:     32 ON 15                               3 = THUNDER
                        SNOW, ICE PELLETS, HAIL    4 = ICE PELLETS
                        TOTAL MONTH:   0.2 INCH    5 = HAIL
                        GRTST 24HR   0.2 ON 14-14  6 = FREEZING RAIN OR DRIZZLE
                        GRTST DEPTH:   0           7 = DUSTSTORM OR SANDSTORM:
                                                       VSBY 1/2 MILE OR LESS
                                                   8 = SMOKE OR HAZE
[NO. OF DAYS WITH]      [WEATHER - DAYS WITH]      9 = BLOWING SNOW
                                                   X = TORNADO
MAX 32 OR BELOW:   0    0.01 INCH OR MORE:  11
MAX 90 OR ABOVE:   0    0.10 INCH OR MORE:   7
MIN 32 OR BELOW:   1    0.50 INCH OR MORE:   1
MIN  0 OR BELOW:   0    1.00 INCH OR MORE:   0

[HDD (BASE 65) ]
TOTAL THIS MO.   250    CLEAR  (SCALE 0-3)   0
DPTR FM NORMAL    -3    PTCLDY (SCALE 4-7)   0
TOTAL FM JUL 1   510    CLOUDY (SCALE 8-10)  0
DPTR FM NORMAL  -132

[CDD (BASE 65) ]
TOTAL THIS MO.     0
DPTR FM NORMAL     0    [PRESSURE DATA]
TOTAL FM JAN 1   237    HIGHEST SLP M ON M
DPTR FM NORMAL   -20    LOWEST  SLP M ON M

[REMARKS]
