012
CXUS54 KHGX 231515
CF6ARM
PRELIMINARY LOCAL CLIMATOLOGICAL DATA (WS FORM: F-6)

                                          STATION:   Wharton
                                          MONTH:     OCTOBER
                                          YEAR:      2019
                                          LATITUDE:   29 15 N
                                          LONGITUDE:  96  9 W

  TEMPERATURE IN F:       :PCPN:    SNOW:  WIND      :SUNSHINE: SKY     :PK WND
================================================================================
1   2   3   4   5  6A  6B    7    8   9   10  11  12  13   14  15   16   17  18
                                     12Z  AVG MX 2MIN
DY MAX MIN AVG DEP HDD CDD  WTR  SNW DPTH SPD SPD DIR MIN PSBL S-S WX    SPD DR
================================================================================

 1  93  73  83   M   0  18 0.00  0.0    0  6.2 15 120   M    M   3 1      20 140
 2  91  71  81   M   0  16 0.00  0.0    0  4.1  8 110   M    M   2 1       M  M
 3  93  70  82   M   0  17 0.00  0.0    0  5.1 13  80   M    M   2 1       M  M
 4  93  70  82   M   0  17 0.00  0.0    0  3.7  9 100   M    M   1 8       M  M
 5  94  68  81   M   0  16 0.00  0.0    0  2.3  6 170   M    M   1         M  M
 6  92  67  80   M   0  15 0.00  0.0    0  2.4  8  90   M    M   4 12      M  M
 7  86  70  78   M   0  13 0.00  0.0    0  9.7 16 340   M    M   2        23 340
 8  85  67  76   M   0  11 0.00  0.0    0  5.2 10  20   M    M   5 1      16  20
 9  91  64  78   M   0  13 0.00  0.0    0  6.0 15 150   M    M   2 1      21 150
10  92  70  81   M   0  16 0.00  0.0    0  9.0 17 150   M    M   3        27 170
11  77  52  65   M   0   0 0.06  0.0    0 13.8 29 350   M    M   7        35 340
12  74  54  64   M   1   0 0.00  0.0    0 10.5 17  10   M    M   5        25 360
13  86  55  71   M   0   6 0.00  0.0    0  3.0  8 110   M    M   4         M  M
14  92  71  82   M   0  17 0.00  0.0    0  5.8 12 150   M    M   5         M  M
15  93  74  84   M   0  19 0.00  0.0    0  7.1 14 180   M    M   1 1      16 190
16  77  61  69   M   0   4 0.63  0.0    0  9.4 18 350   M    M   9 13     24 350
17  72  55  64   M   1   0 0.00  0.0    0  5.6  9  60   M    M   3         M  M
18  82  52  67   M   0   2 0.00  0.0    0  2.1  7 150   M    M   0 1       M  M
19  90  64  77   M   0  12 0.00  0.0    0  5.1 13 190   M    M   4 1      16 200
20  90  73  82   M   0  17 0.00  0.0    0  8.3 17 170   M    M   7 1      25 160
21  80  58  69   M   0   4 1.02  0.0    0  8.7 17 160   M    M   4 3      30 310
22  80  50  65   M   0   0 0.00  0.0    0  4.9 12  60   M    M   0        17  60
================================================================================
SM 1903 1409         2 233  1.71     0.0 138.0          M       74
================================================================================
AV 86.5 64.1                               6.3 FASTST   M    M   3    MAX(MPH)
                                 MISC ---->  # 29 350               # 35  340
================================================================================
NOTES:
# LAST OF SEVERAL OCCURRENCES

COLUMN 17 PEAK WIND IN M.P.H.

PRELIMINARY LOCAL CLIMATOLOGICAL DATA (WS FORM: F-6) , PAGE 2

                                          STATION:  Wharton
                                          MONTH:    OCTOBER
                                          YEAR:     2019
                                          LATITUDE:   29 15 N
                                          LONGITUDE:  96  9 W

[TEMPERATURE DATA]      [PRECIPITATION DATA]       SYMBOLS USED IN COLUMN 16

AVERAGE MONTHLY: 75.3   TOTAL FOR MONTH:   1.71    1 = FOG OR MIST
DPTR FM NORMAL:     M   DPTR FM NORMAL:       M    2 = FOG REDUCING VISIBILITY
HIGHEST:    94 ON  5    GRTST 24HR  1.02 ON 21-21      TO 1/4 MILE OR LESS
LOWEST:     50 ON 22                               3 = THUNDER
                        SNOW, ICE PELLETS, HAIL    4 = ICE PELLETS
                        TOTAL MONTH:   0.0 INCH    5 = HAIL
                        GRTST 24HR     0.0         6 = FREEZING RAIN OR DRIZZLE
                        GRTST DEPTH:   0           7 = DUSTSTORM OR SANDSTORM:
                                                       VSBY 1/2 MILE OR LESS
                                                   8 = SMOKE OR HAZE
[NO. OF DAYS WITH]      [WEATHER - DAYS WITH]      9 = BLOWING SNOW
                                                   X = TORNADO
MAX 32 OR BELOW:   0    0.01 INCH OR MORE:   3
MAX 90 OR ABOVE:  12    0.10 INCH OR MORE:   2
MIN 32 OR BELOW:   0    0.50 INCH OR MORE:   2
MIN  0 OR BELOW:   0    1.00 INCH OR MORE:   1

[HDD (BASE 65) ]
TOTAL THIS MO.     2    CLEAR  (SCALE 0-3)  11
DPTR FM NORMAL     M    PTCLDY (SCALE 4-7)  10
TOTAL FM JUL 1     2    CLOUDY (SCALE 8-10)  1
DPTR FM NORMAL     M

[CDD (BASE 65) ]
TOTAL THIS MO.   233
DPTR FM NORMAL     M    [PRESSURE DATA]
TOTAL FM JAN 1  3078    HIGHEST SLP M ON M
DPTR FM NORMAL     M    LOWEST  SLP M ON M

[REMARKS]
