000
CXUS51 KBUF 161205
CF6ART
PRELIMINARY LOCAL CLIMATOLOGICAL DATA (WS FORM: F-6)

                                          STATION:   WATERTOWN NY
                                          MONTH:     DECEMBER
                                          YEAR:      2018
                                          LATITUDE:   43 59 N
                                          LONGITUDE:  76  2 W

  TEMPERATURE IN F:       :PCPN:    SNOW:  WIND      :SUNSHINE: SKY     :PK WND
================================================================================
1   2   3   4   5  6A  6B    7    8   9   10  11  12  13   14  15   16   17  18
                                     12Z  AVG MX 2MIN
DY MAX MIN AVG DEP HDD CDD  WTR  SNW DPTH SPD SPD DIR MIN PSBL S-S WX    SPD DR
================================================================================

 1  39  21  30  -2  35   0 0.19    M    M  4.2 12  60   M    M   3 12     14  60
 2  51  36  44  12  21   0 0.24    M    M  8.3 15 160   M    M   8 1      27 180
 3  51  30  41  10  24   0 0.18    M    M 12.1 21 220   M    M  10 1      36 220
 4  31  20  26  -5  39   0    T    M    M  6.9 22 360   M    M   7 1      29 360
 5  32  24  28  -2  37   0 0.02    M    M  4.1 12 220   M    M  10 128    14 210
 6  34  28  31   1  34   0 0.82    M    M  9.0 20 280   M    M  10 128    27 230
 7  29  -6  12 -18  53   0    T    M    M  3.9 16 300   M    M   4 128    23 300
 8  29  -7  11 -18  54   0    T    M    M  3.8 14  60   M    M   6 128    14  60
 9  33  25  29   0  36   0    T    M    M 10.0 22 220   M    M  10 18     28 230
10  30   1  16 -12  49   0 0.00    M    M  4.9 14  50   M    M   6        17  50
11  30   8  19  -9  46   0 0.15    M    M  6.1 14 190   M    M  10 128    20 210
12  26  11  19  -9  46   0    T    M    0  6.0 13  70   M    M   7 128    15  70
13  38  12  25  -2  40   0 0.00    M    M  3.7 10  60   M    M   6 18     13 160
14  44  35  40  13  25   0 0.01    M    0  8.9 14 180   M    M   7 18     23 170
15  42  26  34   8  31   0 0.00    M    M  6.4 13  40   M    M   3 128    17 190
================================================================================
SM  539  264       570   0  1.61    M     98.3          M      107
================================================================================
AV 35.9 17.6                               6.6 FASTST   M    M   7    MAX(MPH)
                                 MISC ---->  # 22 360               # 36  220
================================================================================
NOTES:
# LAST OF SEVERAL OCCURRENCES

COLUMN 17 PEAK WIND IN M.P.H.

PRELIMINARY LOCAL CLIMATOLOGICAL DATA (WS FORM: F-6) , PAGE 2

                                          STATION:  WATERTOWN NY
                                          MONTH:    DECEMBER
                                          YEAR:     2018
                                          LATITUDE:   43 59 N
                                          LONGITUDE:  76  2 W

[TEMPERATURE DATA]      [PRECIPITATION DATA]       SYMBOLS USED IN COLUMN 16

AVERAGE MONTHLY: 26.8   TOTAL FOR MONTH:   1.61    1 = FOG OR MIST
DPTR FM NORMAL:  -2.4   DPTR FM NORMAL:   -0.01    2 = FOG REDUCING VISIBILITY
HIGHEST:    51 ON  3, 2 GRTST 24HR  0.82 ON  6- 6      TO 1/4 MILE OR LESS
LOWEST:     -7 ON  8                               3 = THUNDER
                        SNOW, ICE PELLETS, HAIL    4 = ICE PELLETS
                        TOTAL MONTH:    M          5 = HAIL
                        GRTST 24HR    M  ON   M    6 = FREEZING RAIN OR DRIZZLE
                        GRTST DEPTH:   0           7 = DUSTSTORM OR SANDSTORM:
                                                       VSBY 1/2 MILE OR LESS
                                                   8 = SMOKE OR HAZE
[NO. OF DAYS WITH]      [WEATHER - DAYS WITH]      9 = BLOWING SNOW
                                                   X = TORNADO
MAX 32 OR BELOW:   7    0.01 INCH OR MORE:   7
MAX 90 OR ABOVE:   0    0.10 INCH OR MORE:   5
MIN 32 OR BELOW:  13    0.50 INCH OR MORE:   1
MIN  0 OR BELOW:   2    1.00 INCH OR MORE:   0

[HDD (BASE 65) ]
TOTAL THIS MO.   570    CLEAR  (SCALE 0-3)   1
DPTR FM NORMAL    35    PTCLDY (SCALE 4-7)   8
TOTAL FM JUL 1  2245    CLOUDY (SCALE 8-10)  6
DPTR FM NORMAL   111

[CDD (BASE 65) ]
TOTAL THIS MO.     0
DPTR FM NORMAL     0    [PRESSURE DATA]
TOTAL FM JAN 1   631    HIGHEST SLP M ON M
DPTR FM NORMAL   269    LOWEST  SLP 29.41 ON  2

[REMARKS]
