000
CXUS51 KBUF 241205
CF6ART
PRELIMINARY LOCAL CLIMATOLOGICAL DATA (WS FORM: F-6)

                                          STATION:   WATERTOWN NY
                                          MONTH:     JUNE
                                          YEAR:      2018
                                          LATITUDE:   43 59 N
                                          LONGITUDE:  76  2 W

  TEMPERATURE IN F:       :PCPN:    SNOW:  WIND      :SUNSHINE: SKY     :PK WND
================================================================================
1   2   3   4   5  6A  6B    7    8   9   10  11  12  13   14  15   16   17  18
                                     12Z  AVG MX 2MIN
DY MAX MIN AVG DEP HDD CDD  WTR  SNW DPTH SPD SPD DIR MIN PSBL S-S WX    SPD DR
================================================================================

 1  82  65  74  15   0   9    T    M    M  7.7 17  20   M    M   4 18     21  20
 2  75  54  65   5   0   0 0.00    M    M 12.5 21  30   M    M   6        27  20
 3  71  49  60   0   5   0 0.55    M    M  4.7 13 170   M    M   8 18     20 160
 4  64  50  57  -3   8   0 0.57    M    M 12.2 23 240   M    M   8 1      33 230
 5  60  50  55  -6  10   0    T    M    M  8.6 17 230   M    M   7 1      23 260
 6  63  48  56  -5   9   0 0.00    M    M  5.8 16 270   M    M   6        21 260
 7  68  48  58  -3   7   0    T    M    M  5.2 16 270   M    M   4        20 270
 8  74  49  62   0   3   0 0.00    M    M  5.1 18  60   M    M   3        22  40
 9  73  48  61  -1   4   0 0.00    M    M  4.6 12 270   M    M   0        14 230
10  74  46  60  -2   5   0 0.00    M    M  8.1 16  20   M    M   1        22  20
11  75  42  59  -3   6   0 0.00    M    M  7.8 18  40   M    M   0        24  10
12  79  40  60  -3   5   0 0.00    M    M  6.9 18 260   M    M   0 8      25 260
13  73  60  67   4   0   2 0.86    M    M  9.3 30 330   M    M   6 138    38 340
14  64  55  60  -3   5   0 0.04    M    M 10.7 21 230   M    M  10 1      31 230
15  73  46  60  -4   5   0 0.01    M    M  5.2 14 260   M    M   1 12     17 270
16  77  51  64   0   1   0 0.00    M    M  4.8 12 260   M    M   0        14 260
17  85  49  67   3   0   2 0.00    M    M  4.7 14 270   M    M   0        20 270
18  84  67  76  12   0  11 0.02    M    M 11.4 21 220   M    M   5 18     32 230
19  75  49  62  -3   3   0 0.00    M    M  6.7 17  30   M    M   2        21  20
20  74  45  60  -5   5   0 0.00    M    M  5.4 15 270   M    M   0        17 270
21  72  42  57  -8   8   0 0.00    M    M  8.3 18  20   M    M   2        25  20
22  82  40  61  -4   4   0    T    M    M  4.1 12 200   M    M   1 1      18 210
23  69  60  65  -1   0   0 0.39    M    M  3.3 12 200   M    M   9 1      18 200
================================================================================
SM 1686 1153        93  24  2.44    M    163.1          M       83
================================================================================
AV 73.3 50.1                               7.1 FASTST   M    M   4    MAX(MPH)
                                 MISC ---->  # 30 330               # 38  340
================================================================================
NOTES:
# LAST OF SEVERAL OCCURRENCES

COLUMN 17 PEAK WIND IN M.P.H.

PRELIMINARY LOCAL CLIMATOLOGICAL DATA (WS FORM: F-6) , PAGE 2

                                          STATION:  WATERTOWN NY
                                          MONTH:    JUNE
                                          YEAR:     2018
                                          LATITUDE:   43 59 N
                                          LONGITUDE:  76  2 W

[TEMPERATURE DATA]      [PRECIPITATION DATA]       SYMBOLS USED IN COLUMN 16

AVERAGE MONTHLY: 61.7   TOTAL FOR MONTH:   2.44    1 = FOG OR MIST
DPTR FM NORMAL:  -0.9   DPTR FM NORMAL:    0.20    2 = FOG REDUCING VISIBILITY
HIGHEST:    85 ON 17    GRTST 24HR  0.86 ON 13-13      TO 1/4 MILE OR LESS
LOWEST:     40 ON 22,12                            3 = THUNDER
                        SNOW, ICE PELLETS, HAIL    4 = ICE PELLETS
                        TOTAL MONTH:    M          5 = HAIL
                        GRTST 24HR    M  ON   M    6 = FREEZING RAIN OR DRIZZLE
                        GRTST DEPTH:  M  ON   M    7 = DUSTSTORM OR SANDSTORM:
                                                       VSBY 1/2 MILE OR LESS
                                                   8 = SMOKE OR HAZE
[NO. OF DAYS WITH]      [WEATHER - DAYS WITH]      9 = BLOWING SNOW
                                                   X = TORNADO
MAX 32 OR BELOW:   0    0.01 INCH OR MORE:   7
MAX 90 OR ABOVE:   0    0.10 INCH OR MORE:   4
MIN 32 OR BELOW:   0    0.50 INCH OR MORE:   3
MIN  0 OR BELOW:   0    1.00 INCH OR MORE:   0

[HDD (BASE 65) ]
TOTAL THIS MO.    93    CLEAR  (SCALE 0-3)  12
DPTR FM NORMAL    -1    PTCLDY (SCALE 4-7)   9
TOTAL FM JUL 1  7431    CLOUDY (SCALE 8-10)  2
DPTR FM NORMAL  -139

[CDD (BASE 65) ]
TOTAL THIS MO.    24
DPTR FM NORMAL   -14    [PRESSURE DATA]
TOTAL FM JAN 1    63    HIGHEST SLP M ON M
DPTR FM NORMAL    14    LOWEST  SLP 29.67 ON  5

[REMARKS]
