000
CXUS51 KBUF 211205
CF6ART
PRELIMINARY LOCAL CLIMATOLOGICAL DATA (WS FORM: F-6)

                                          STATION:   WATERTOWN NY
                                          MONTH:     FEBRUARY
                                          YEAR:      2020
                                          LATITUDE:   43 59 N
                                          LONGITUDE:  76  2 W

  TEMPERATURE IN F:       :PCPN:    SNOW:  WIND      :SUNSHINE: SKY     :PK WND
================================================================================
1   2   3   4   5  6A  6B    7    8   9   10  11  12  13   14  15   16   17  18
                                     12Z  AVG MX 2MIN
DY MAX MIN AVG DEP HDD CDD  WTR  SNW DPTH SPD SPD DIR MIN PSBL S-S WX    SPD DR
================================================================================

 1  33  21  27   8  38   0    T    M    M  2.5  7 210   M    M   9 18      9 210
 2  36  23  30  11  35   0 0.01    M    M  3.3 12 200   M    M   8 128    17 210
 3  40  20  30  11  35   0    T    M    M  7.1 18 250   M    M   7 1      26 260
 4  36  25  31  12  34   0 0.00    M    M  4.8 10 280   M    M   9 1      14 280
 5  33  20  27   8  38   0 0.00    M    M  8.3 17  10   M    M   3        22  10
 6  25  20  23   4  42   0 0.11    M    M 12.8 22  40   M    M  10 1268   25  40
 7  23   4  14  -6  51   0 0.74    M    M 11.8 22 340   M    M   9 1268   32 350
 8  11 -21  -5 -25  70   0 0.00    M    M  2.7  8 270   M    M   1 18     10 270
 9  34 -21   7 -13  58   0    T    M    M  6.1 16 160   M    M   6 18     23 160
10  38  32  35  15  30   0 0.05    M    M  7.5 18 200   M    M  10 1      29 180
11  35  32  34  14  31   0    T    M    M  6.5 23 270   M    M  10 18     34 270
12  38  28  33  13  32   0 0.00    M    M  9.9 21 220   M    M   5        28 220
13  38   7  23   3  42   0 0.05    M    M  6.8 16 360   M    M  10 18     27 200
14   7 -10  -1 -22  66   0    T    M    M  5.8 15 360   M    M   1 8      19 360
15  32   4  18  -3  47   0    T    M    M 10.2 22 180   M    M   5 8      32 180
16  36  30  33  12  32   0 0.01    M    M 10.4 22 200   M    M   9 18     32 200
17  31  13  22   1  43   0 0.00    M    M  5.5 13  40   M    M   3        16  40
18  42  18  30   8  35   0    M    M    M 13.2 29 160   M    M  10 8      47 170
19  35  22  29   7  36   0 0.00  0.0    0 14.3 25 270   M    M   6        32 290
20  22   3  13  -9  52   0    T    M    M  5.6 15 320   M    M   6 8      19 260
================================================================================
SM  625  270       847   0  0.97     0.0 155.1          M      137
================================================================================
AV 31.3 13.5                               7.8 FASTST   M    M   7    MAX(MPH)
                                 MISC ---->  # 29 160               # 47  170
================================================================================
NOTES:
# LAST OF SEVERAL OCCURRENCES

COLUMN 17 PEAK WIND IN M.P.H.

PRELIMINARY LOCAL CLIMATOLOGICAL DATA (WS FORM: F-6) , PAGE 2

                                          STATION:  WATERTOWN NY
                                          MONTH:    FEBRUARY
                                          YEAR:     2020
                                          LATITUDE:   43 59 N
                                          LONGITUDE:  76  2 W

[TEMPERATURE DATA]      [PRECIPITATION DATA]       SYMBOLS USED IN COLUMN 16

AVERAGE MONTHLY: 22.4   TOTAL FOR MONTH:   0.97    1 = FOG OR MIST
DPTR FM NORMAL:   2.2   DPTR FM NORMAL:   -0.60    2 = FOG REDUCING VISIBILITY
HIGHEST:    42 ON 18    GRTST 24HR  0.74 ON  7- 7      TO 1/4 MILE OR LESS
LOWEST:    -21 ON  9, 8                            3 = THUNDER
                        SNOW, ICE PELLETS, HAIL    4 = ICE PELLETS
                        TOTAL MONTH:   0.0 INCH    5 = HAIL
                        GRTST 24HR     0.0         6 = FREEZING RAIN OR DRIZZLE
                        GRTST DEPTH:   0           7 = DUSTSTORM OR SANDSTORM:
                                                       VSBY 1/2 MILE OR LESS
                                                   8 = SMOKE OR HAZE
[NO. OF DAYS WITH]      [WEATHER - DAYS WITH]      9 = BLOWING SNOW
                                                   X = TORNADO
MAX 32 OR BELOW:   7    0.01 INCH OR MORE:   6
MAX 90 OR ABOVE:   0    0.10 INCH OR MORE:   2
MIN 32 OR BELOW:  20    0.50 INCH OR MORE:   1
MIN  0 OR BELOW:   3    1.00 INCH OR MORE:   0

[HDD (BASE 65) ]
TOTAL THIS MO.   847    CLEAR  (SCALE 0-3)   3
DPTR FM NORMAL   -50    PTCLDY (SCALE 4-7)   8
TOTAL FM JUL 1  4811    CLOUDY (SCALE 8-10)  9
DPTR FM NORMAL  -297

[CDD (BASE 65) ]
TOTAL THIS MO.     0
DPTR FM NORMAL     0    [PRESSURE DATA]
TOTAL FM JAN 1     0    HIGHEST SLP M ON M
DPTR FM NORMAL     0    LOWEST  SLP 29.26 ON  7

[REMARKS]
