000
CXUS51 KBUF 221205
CF6ART
PRELIMINARY LOCAL CLIMATOLOGICAL DATA (WS FORM: F-6)

                                          STATION:   WATERTOWN NY
                                          MONTH:     SEPTEMBER
                                          YEAR:      2018
                                          LATITUDE:   43 59 N
                                          LONGITUDE:  76  2 W

  TEMPERATURE IN F:       :PCPN:    SNOW:  WIND      :SUNSHINE: SKY     :PK WND
================================================================================
1   2   3   4   5  6A  6B    7    8   9   10  11  12  13   14  15   16   17  18
                                     12Z  AVG MX 2MIN
DY MAX MIN AVG DEP HDD CDD  WTR  SNW DPTH SPD SPD DIR MIN PSBL S-S WX    SPD DR
================================================================================

 1  82  68  75  11   0  10 0.00    M    M  7.4 15 180   M    M   4        24 200
 2  84  70  77  13   0  12    T    M    M  8.1 18 220   M    M   5        25 230
 3  87  70  79  15   0  14 0.00    M    M  8.9 21 220   M    M   3 1      30 260
 4  84  60  72   8   0   7 0.00    M    M  2.3 12 260   M    M   2 12     14 330
 5  92  64  78  15   0  13 0.00    M    M  6.7 16 220   M    M   0        22 230
 6  81  57  69   6   0   4 0.08    M    M  7.8 16 230   M    M   4 1      22 220
 7  76  50  63   0   2   0 0.00    M    M  3.7 12 310   M    M   0        15 320
 8  64  41  53  -9  12   0 0.00    M    M  8.7 21  40   M    M   0        25  50
 9  63  39  51 -11  14   0 0.00    M    M  6.7 16  40   M    M   0        20  50
10  60  49  55  -7  10   0 0.62    M    M  6.5 13  60   M    M   6 1      16  90
11  69  54  62   1   3   0 0.01    M    M  2.9 10 260   M    M   9 12     12 260
12  74  52  63   2   2   0 0.00    M    M  2.2  8  50   M    M   8 12      9 320
13  84  52  68   7   0   3 0.00    M    M  5.0 12  50   M    M   0 12     16  90
14  82  55  69   9   0   4 0.00    M    M  4.6 14 270   M    M   2 1      16 270
15  82  58  70  10   0   5 0.00    M    M  3.6 14 260   M    M   0 12     17 260
16  85  57  71  11   0   6 0.00    M    M  2.9  8 260   M    M   0 12     12 260
17  83  63  73  14   0   8 0.00    M    M  6.0 15 220   M    M   2 1      21 260
18  79  57  68   9   0   3 0.00    M    M  4.9 14 260   M    M   4 12     16 270
19  68  45  57  -1   8   0 0.00    M    M  7.0 15  20   M    M   7 12     19 360
20  67  43  55  -3  10   0    T    M    M  6.2 14  30   M    M   5 12     18  80
21  82  60  71  13   0   6 0.53    M    M 15.2 24 280   M    M   5 138    38 190
================================================================================
SM 1628 1164        61  95  1.24    M    127.3          M       66
================================================================================
AV 77.5 55.4                               6.1 FASTST   M    M   3    MAX(MPH)
                                 MISC ---->  # 24 280               # 38  190
================================================================================
NOTES:
# LAST OF SEVERAL OCCURRENCES

COLUMN 17 PEAK WIND IN M.P.H.

PRELIMINARY LOCAL CLIMATOLOGICAL DATA (WS FORM: F-6) , PAGE 2

                                          STATION:  WATERTOWN NY
                                          MONTH:    SEPTEMBER
                                          YEAR:     2018
                                          LATITUDE:   43 59 N
                                          LONGITUDE:  76  2 W

[TEMPERATURE DATA]      [PRECIPITATION DATA]       SYMBOLS USED IN COLUMN 16

AVERAGE MONTHLY: 66.5   TOTAL FOR MONTH:   1.24    1 = FOG OR MIST
DPTR FM NORMAL:   5.2   DPTR FM NORMAL:   -1.23    2 = FOG REDUCING VISIBILITY
HIGHEST:    92 ON  5    GRTST 24HR  0.62 ON 10-10      TO 1/4 MILE OR LESS
LOWEST:     39 ON  9                               3 = THUNDER
                        SNOW, ICE PELLETS, HAIL    4 = ICE PELLETS
                        TOTAL MONTH:    M          5 = HAIL
                        GRTST 24HR    M  ON   M    6 = FREEZING RAIN OR DRIZZLE
                        GRTST DEPTH:  M  ON   M    7 = DUSTSTORM OR SANDSTORM:
                                                       VSBY 1/2 MILE OR LESS
                                                   8 = SMOKE OR HAZE
[NO. OF DAYS WITH]      [WEATHER - DAYS WITH]      9 = BLOWING SNOW
                                                   X = TORNADO
MAX 32 OR BELOW:   0    0.01 INCH OR MORE:   4
MAX 90 OR ABOVE:   1    0.10 INCH OR MORE:   2
MIN 32 OR BELOW:   0    0.50 INCH OR MORE:   2
MIN  0 OR BELOW:   0    1.00 INCH OR MORE:   0

[HDD (BASE 65) ]
TOTAL THIS MO.    61    CLEAR  (SCALE 0-3)  11
DPTR FM NORMAL   -50    PTCLDY (SCALE 4-7)   9
TOTAL FM JUL 1    74    CLOUDY (SCALE 8-10)  1
DPTR FM NORMAL  -109

[CDD (BASE 65) ]
TOTAL THIS MO.    95
DPTR FM NORMAL    64    [PRESSURE DATA]
TOTAL FM JAN 1   612    HIGHEST SLP M ON M
DPTR FM NORMAL   257    LOWEST  SLP 29.67 ON 21

[REMARKS]
