000
CXUS53 KARX 220930
CF6ARX
PRELIMINARY LOCAL CLIMATOLOGICAL DATA (WS FORM: F-6)

                                          STATION:   La Crosse Weather Office WI
                                          MONTH:     OCTOBER
                                          YEAR:      2019
                                          LATITUDE:   43 49 N
                                          LONGITUDE:  91 12 W

  TEMPERATURE IN F:       :PCPN:    SNOW:  WIND      :SUNSHINE: SKY     :PK WND
================================================================================
1   2   3   4   5  6A  6B    7    8   9   10  11  12  13   14  15   16   17  18
                                     12Z  AVG MX 2MIN
DY MAX MIN AVG DEP HDD CDD  WTR  SNW DPTH SPD SPD DIR MIN PSBL S-S WX    SPD DR
================================================================================

 1  74  53  64  10   1   0 1.73  0.0    0   M   M   M   M    M   M 123    27  60
 2  53  47  50  -4  15   0 0.51  0.0    0   M   M   M   M    M   M 12     26  70
 3  54  42  48  -6  17   0    T  0.0    0   M   M   M   M    M   M 1      27 320
 4  49  42  46  -7  19   0 0.00  0.0    0   M   M   M   M    M   M        27 360
 5  53  44  49  -4  16   0 0.63  0.0    0   M   M   M   M    M   M 1      31 130
 6  65  45  55   3  10   0 0.00  0.0    0   M   M   M   M    M   M        31 240
 7  65  45  55   3  10   0 0.00  0.0    0   M   M   M   M    M   M        28  M
 8  68  49  59   7   6   0 0.00  0.0    0   M   M   M   M    M   M        23  M
 9  70  50  60   9   5   0 0.00  0.0    0   M   M   M   M    M   M        25  M
10  63  51  57   6   8   0 0.05  0.0    0   M   M   M   M    M   M        27  M
11  62  33  48  -2  17   0 0.19    T    0   M   M   M   M    M   M 3      34  M
12  35  28  32 -18  33   0 0.04  0.2    0   M   M   M   M    M   M        34  M
13  39  32  36 -14  29   0    T    T    0   M   M   M   M    M   M        31  M
14  50  30  40  -9  25   0 0.00  0.0    0   M   M   M   M    M   M        15 150
15  51  40  46  -3  19   0    T  0.0    0   M   M   M   M    M   M        31 340
16  47  38  43  -5  22   0    T  0.0    0   M   M   M   M    M   M        24  M
17  54  36  45  -3  20   0 0.00  0.0    0   M   M   M   M    M   M        19  M
18  62  40  51   3  14   0 0.00  0.0    0   M   M   M   M    M   M        33  M
19  52  45  49   2  16   0 0.11  0.0    0   M   M   M   M    M   M        24  M
20  64  40  52   5  13   0 0.00  0.0    0   M   M   M   M    M   M 12     14  M
21  60  40  50   4  15   0 1.34  0.0    0   M   M   M   M    M   M        29  M
================================================================================
SM 1190  870       330   0  4.60     0.2     M          M        M
================================================================================
AV 56.7 41.4                                 M FASTST   M    M   6    MAX(MPH)
                                 MISC ---->     M   M                 34    M
================================================================================
NOTES:
# LAST OF SEVERAL OCCURRENCES

COLUMN 17 PEAK WIND IN M.P.H.

PRELIMINARY LOCAL CLIMATOLOGICAL DATA (WS FORM: F-6) , PAGE 2

                                          STATION:  La Crosse Weather Office WI
                                          MONTH:    OCTOBER
                                          YEAR:     2019
                                          LATITUDE:   43 49 N
                                          LONGITUDE:  91 12 W

[TEMPERATURE DATA]      [PRECIPITATION DATA]       SYMBOLS USED IN COLUMN 16

AVERAGE MONTHLY: 49.1   TOTAL FOR MONTH:   4.60    1 = FOG OR MIST
DPTR FM NORMAL:  -1.3   DPTR FM NORMAL:    2.75    2 = FOG REDUCING VISIBILITY
HIGHEST:    74 ON  1    GRTST 24HR  1.73 ON  1- 1      TO 1/4 MILE OR LESS
LOWEST:     28 ON 12                               3 = THUNDER
                        SNOW, ICE PELLETS, HAIL    4 = ICE PELLETS
                        TOTAL MONTH:   0.2 INCH    5 = HAIL
                        GRTST 24HR   0.2 ON 12-12  6 = FREEZING RAIN OR DRIZZLE
                        GRTST DEPTH:   0           7 = DUSTSTORM OR SANDSTORM:
                                                       VSBY 1/2 MILE OR LESS
                                                   8 = SMOKE OR HAZE
[NO. OF DAYS WITH]      [WEATHER - DAYS WITH]      9 = BLOWING SNOW
                                                   X = TORNADO
MAX 32 OR BELOW:   0    0.01 INCH OR MORE:   8
MAX 90 OR ABOVE:   0    0.10 INCH OR MORE:   6
MIN 32 OR BELOW:   3    0.50 INCH OR MORE:   4
MIN  0 OR BELOW:   0    1.00 INCH OR MORE:   2

[HDD (BASE 65) ]
TOTAL THIS MO.   330    CLEAR  (SCALE 0-3)   0
DPTR FM NORMAL    16    PTCLDY (SCALE 4-7)   0
TOTAL FM JUL 1   433    CLOUDY (SCALE 8-10)  0
DPTR FM NORMAL   -82

[CDD (BASE 65) ]
TOTAL THIS MO.     0
DPTR FM NORMAL    -9    [PRESSURE DATA]
TOTAL FM JAN 1   511    HIGHEST SLP M ON M
DPTR FM NORMAL     1    LOWEST  SLP M ON M

[REMARKS]
