000
CXUS55 KGJT 211000
CF6ASE
PRELIMINARY LOCAL CLIMATOLOGICAL DATA (WS FORM: F-6)

                                          STATION:   ASPEN CO
                                          MONTH:     JANUARY
                                          YEAR:      2019
                                          LATITUDE:   39 13 N
                                          LONGITUDE: 106 52 W

  TEMPERATURE IN F:       :PCPN:    SNOW:  WIND      :SUNSHINE: SKY     :PK WND
================================================================================
1   2   3   4   5  6A  6B    7    8   9   10  11  12  13   14  15   16   17  18
                                     12Z  AVG MX 2MIN
DY MAX MIN AVG DEP HDD CDD  WTR  SNW DPTH SPD SPD DIR MIN PSBL S-S WX    SPD DR
================================================================================

 1  17  -8   5 -14  60   0    T    M    M  3.2  8 320   M    M   7 18     13 300
 2  20 -11   5 -14  60   0 0.00    M    M  4.2  9 180   M    M   0 8      12 300
 3  32  -5  14  -6  51   0 0.00    M    M  4.6 12 170   M    M   0        13 170
 4  37   6  22   2  43   0 0.00    M    M  4.8 12 170   M    M   0 8      14 170
 5  42   6  24   4  41   0 0.00    M    M  3.9  9 190   M    M   1        13 310
 6  35  22  29   9  36   0 0.09    M    M  3.2 21 330   M    M  10 18     35 360
 7  38  10  24   4  41   0    T    M    M  7.0 17 340   M    M   7 1      31 320
 8  40  14  27   7  38   0 0.00    M    M  6.8 13 210   M    M   2        18 220
 9  43  13  28   8  37   0 0.00    M    M  5.1 10 210   M    M   0        12 210
10  39  13  26   6  39   0    T    M    M  4.3 12 170   M    M   5 1      14 170
11  31  25  28   8  37   0 0.17    M    M  4.2 12  10   M    M  10 18     15 340
12  32  11  22   2  43   0    T    M    M  3.7  8 210   M    M   7 18     10 350
13  32   2  17  -3  48   0 0.00    M    M  5.6 10 210   M    M   0        14 220
14  33   0  17  -3  48   0 0.00    M    M  5.6 12 180   M    M   0        13 180
15  39   3  21   1  44   0 0.00    M    M  3.2 10 330   M    M   5        15 230
16  34  22  28   8  37   0 0.16    M    M  3.8 12 350   M    M  10 18     16 360
17  47  12  30  10  35   0 0.02    M    M  7.4 31 180   M    M   6 18     39 180
18  32  22  27   7  38   0 0.11    M    M  6.5 17 340   M    M  10 128    31 350
19  32  10  21   1  44   0 0.00    M    M  4.2 10 220   M    M   7        16 180
20  38  12  25   5  40   0 0.00    M    M  3.5 10 170   M    M   0        11 170
================================================================================
SM  693  179       860   0  0.55    M     94.8          M       87
================================================================================
AV 34.7  9.0                               4.7 FASTST   M    M   4    MAX(MPH)
                                 MISC ---->  # 31 180               # 39  180
================================================================================
NOTES:
# LAST OF SEVERAL OCCURRENCES

COLUMN 17 PEAK WIND IN M.P.H.

PRELIMINARY LOCAL CLIMATOLOGICAL DATA (WS FORM: F-6) , PAGE 2

                                          STATION:  ASPEN CO
                                          MONTH:    JANUARY
                                          YEAR:     2019
                                          LATITUDE:   39 13 N
                                          LONGITUDE: 106 52 W

[TEMPERATURE DATA]      [PRECIPITATION DATA]       SYMBOLS USED IN COLUMN 16

AVERAGE MONTHLY: 21.8   TOTAL FOR MONTH:   0.55    1 = FOG OR MIST
DPTR FM NORMAL:   1.9   DPTR FM NORMAL:   -0.15    2 = FOG REDUCING VISIBILITY
HIGHEST:    47 ON 17    GRTST 24HR  0.17 ON 11-11      TO 1/4 MILE OR LESS
LOWEST:    -11 ON  2                               3 = THUNDER
                        SNOW, ICE PELLETS, HAIL    4 = ICE PELLETS
                        TOTAL MONTH:    M          5 = HAIL
                        GRTST 24HR    M  ON   M    6 = FREEZING RAIN OR DRIZZLE
                        GRTST DEPTH:  M  ON   M    7 = DUSTSTORM OR SANDSTORM:
                                                       VSBY 1/2 MILE OR LESS
                                                   8 = SMOKE OR HAZE
[NO. OF DAYS WITH]      [WEATHER - DAYS WITH]      9 = BLOWING SNOW
                                                   X = TORNADO
MAX 32 OR BELOW:   8    0.01 INCH OR MORE:   5
MAX 90 OR ABOVE:   0    0.10 INCH OR MORE:   3
MIN 32 OR BELOW:  20    0.50 INCH OR MORE:   0
MIN  0 OR BELOW:   4    1.00 INCH OR MORE:   0

[HDD (BASE 65) ]
TOTAL THIS MO.   860    CLEAR  (SCALE 0-3)   9
DPTR FM NORMAL   -43    PTCLDY (SCALE 4-7)   7
TOTAL FM JUL 1  4217    CLOUDY (SCALE 8-10)  4
DPTR FM NORMAL  -407

[CDD (BASE 65) ]
TOTAL THIS MO.     0
DPTR FM NORMAL     0    [PRESSURE DATA]
TOTAL FM JAN 1     0    HIGHEST SLP M ON M
DPTR FM NORMAL     0    LOWEST  SLP 29.62 ON  6

[REMARKS]
