000
CXUS55 KGJT 201000
CF6ASE
PRELIMINARY LOCAL CLIMATOLOGICAL DATA (WS FORM: F-6)

                                          STATION:   ASPEN CO
                                          MONTH:     JULY
                                          YEAR:      2018
                                          LATITUDE:   39 13 N
                                          LONGITUDE: 106 52 W

  TEMPERATURE IN F:       :PCPN:    SNOW:  WIND      :SUNSHINE: SKY     :PK WND
================================================================================
1   2   3   4   5  6A  6B    7    8   9   10  11  12  13   14  15   16   17  18
                                     12Z  AVG MX 2MIN
DY MAX MIN AVG DEP HDD CDD  WTR  SNW DPTH SPD SPD DIR MIN PSBL S-S WX    SPD DR
================================================================================

 1  83  41  62   0   3   0 0.00    M    M  7.2 18 340   M    M   0        26  10
 2  85  46  66   4   0   1 0.00    M    M  7.2 22 340   M    M   0        30 350
 3  87  47  67   5   0   2    T    M    M  9.1 36 180   M    M   2 3      46 190
 4  87  55  71   9   0   6 0.00    M    M  7.0 16 140   M    M   1        22 140
 5  86  58  72   9   0   7    T    M    M  8.0 33 170   M    M   3 3      42 170
 6  88  49  69   6   0   4    T    M    M  8.3 24 140   M    M   1 3      35 140
 7  90  52  71   8   0   6 0.17    M    M  7.8 25 140   M    M   2 3      35 140
 8  90  51  71   8   0   6 0.05    M    M  7.4 22 130   M    M   3 3      29 130
 9  91  48  70   7   0   5 0.00    M    M  6.9 16 150   M    M   0        23 160
10  89  53  71   8   0   6    T    M    M  7.2 20  90   M    M   2 3      29  70
11  85  49  67   3   0   2    T    M    M  6.9 24 130   M    M   1 3      36 130
12  82  51  67   3   0   2 0.00    M    M  6.8 16 330   M    M   3 8      23 340
13  88  50  69   5   0   4 0.00    M    M  6.7 15 140   M    M   1        21 150
14  91  58  75  11   0  10 0.00    M    M  5.2 23 320   M    M   2        33 320
15  78  58  68   4   0   3    T    M    M  6.2 29 170   M    M   6 3      36 170
16  89  50  70   6   0   5 0.00    M    M  5.7 18 320   M    M   2        25 320
17  87  54  71   7   0   6 0.00    M    M  7.0 25 340   M    M   0        33 320
18  87  50  69   5   0   4 0.00    M    M  7.9 22 330   M    M   1 8      32 330
19  91  54  73   9   0   8 0.00    M    M  7.8 21 330   M    M   0 8      33 360
================================================================================
SM 1654  974         3  87  0.22    M    136.3          M       30
================================================================================
AV 87.1 51.3                               7.2 FASTST   M    M   2    MAX(MPH)
                                 MISC ---->  # 36 180               # 46  190
================================================================================
NOTES:
# LAST OF SEVERAL OCCURRENCES

COLUMN 17 PEAK WIND IN M.P.H.

PRELIMINARY LOCAL CLIMATOLOGICAL DATA (WS FORM: F-6) , PAGE 2

                                          STATION:  ASPEN CO
                                          MONTH:    JULY
                                          YEAR:     2018
                                          LATITUDE:   39 13 N
                                          LONGITUDE: 106 52 W

[TEMPERATURE DATA]      [PRECIPITATION DATA]       SYMBOLS USED IN COLUMN 16

AVERAGE MONTHLY: 69.2   TOTAL FOR MONTH:   0.22    1 = FOG OR MIST
DPTR FM NORMAL:   5.9   DPTR FM NORMAL:   -0.71    2 = FOG REDUCING VISIBILITY
HIGHEST:    91 ON 19,14 GRTST 24HR  0.17 ON  7- 7      TO 1/4 MILE OR LESS
LOWEST:     41 ON  1                               3 = THUNDER
                        SNOW, ICE PELLETS, HAIL    4 = ICE PELLETS
                        TOTAL MONTH:    M          5 = HAIL
                        GRTST 24HR    M  ON   M    6 = FREEZING RAIN OR DRIZZLE
                        GRTST DEPTH:  M  ON   M    7 = DUSTSTORM OR SANDSTORM:
                                                       VSBY 1/2 MILE OR LESS
                                                   8 = SMOKE OR HAZE
[NO. OF DAYS WITH]      [WEATHER - DAYS WITH]      9 = BLOWING SNOW
                                                   X = TORNADO
MAX 32 OR BELOW:   0    0.01 INCH OR MORE:   2
MAX 90 OR ABOVE:   5    0.10 INCH OR MORE:   1
MIN 32 OR BELOW:   0    0.50 INCH OR MORE:   0
MIN  0 OR BELOW:   0    1.00 INCH OR MORE:   0

[HDD (BASE 65) ]
TOTAL THIS MO.     3    CLEAR  (SCALE 0-3)  18
DPTR FM NORMAL   -44    PTCLDY (SCALE 4-7)   1
TOTAL FM JUL 1     3    CLOUDY (SCALE 8-10)  0
DPTR FM NORMAL   -44

[CDD (BASE 65) ]
TOTAL THIS MO.    87
DPTR FM NORMAL    70    [PRESSURE DATA]
TOTAL FM JAN 1   105    HIGHEST SLP M ON M
DPTR FM NORMAL    84    LOWEST  SLP 29.72 ON  3

[REMARKS]
