000
CXUS55 KGJT 281000
CF6ASE
PRELIMINARY LOCAL CLIMATOLOGICAL DATA (WS FORM: F-6)

                                          STATION:   ASPEN CO
                                          MONTH:     FEBRUARY
                                          YEAR:      2020
                                          LATITUDE:   39 13 N
                                          LONGITUDE: 106 52 W

  TEMPERATURE IN F:       :PCPN:    SNOW:  WIND      :SUNSHINE: SKY     :PK WND
================================================================================
1   2   3   4   5  6A  6B    7    8   9   10  11  12  13   14  15   16   17  18
                                     12Z  AVG MX 2MIN
DY MAX MIN AVG DEP HDD CDD  WTR  SNW DPTH SPD SPD DIR MIN PSBL S-S WX    SPD DR
================================================================================

 1  41  17  29   9  36   0 0.00    M    M  3.7 13 190   M    M   2        18 210
 2  56  13  35  15  30   0 0.00    M    M  6.4 21 170   M    M   0        28 190
 3  43  15  29   9  36   0    T    M    M 11.0 32 200   M    M   7 18     44 190
 4  15   2   9 -11  56   0    T    M    M  5.2 12 330   M    M   9 1      16 330
 5  16 -14   1 -19  64   0    T    M    M  4.4 12 330   M    M   5        15  10
 6  18   9  14  -7  51   0 0.22    M    M  2.6  8 360   M    M  10 18     10 350
 7  33  18  26   5  39   0 0.07    M    M  9.3 18 360   M    M  10 18     25 360
 8  47  18  33  12  32   0    T    M    M  4.6 16 270   M    M   4        27 330
 9  33  12  23   2  42   0 0.12    M    M  4.1 13 320   M    M  10 18     17 330
10  29  15  22   1  43   0    T    M    M  3.7 12 340   M    M  10 18     17 350
11  28   2  15  -6  50   0    T    M    M  4.0 10 210   M    M   4 18     13 210
12  29   3  16  -5  49   0    T    M    M  5.0 17 350   M    M   7        25 330
13  31  13  22   0  43   0 0.02    M    M  4.0 13 360   M    M   9 18     20  20
14  43   5  24   2  41   0 0.00    M    M  6.3 13 310   M    M   0        17 310
15  41  15  28   6  37   0    T    M    M  5.7 18 360   M    M   4        29 350
16  37  26  32  10  33   0 0.01    M    M  2.8 12 330   M    M  10 1      16  20
17  36  20  28   6  37   0 0.12    M    M  5.8 20 330   M    M   8 18     32 330
18  32  12  22  -1  43   0 0.06    M    M  2.5  9 200   M    M   6 1      12 210
19  36  11  24   1  41   0 0.00    M    M  5.8 15 340   M    M   5        23 340
20  32  -2  15  -8  50   0 0.00    M    M  5.0 10 210   M    M   1        14 220
21  41  -1  20  -4  45   0 0.00    M    M  5.8 12 230   M    M   0        15 250
22  48  15  32   8  33   0 0.00    M    M  5.2 10 190   M    M   2        14 210
23  37  16  27   3  38   0 0.18    M    M  4.5 17 330   M    M   9 128    22 340
24  26  11  19  -5  46   0 0.02    M    M 11.3 32 340   M    M   6 18     55 350
25  22  -3  10 -15  55   0 0.02    M    M  6.7 18 320   M    M   7 18     25 310
26  28  -9  10 -15  55   0 0.00    M    M  3.8 12 360   M    M   5        15 350
27  39  18  29   4  36   0    T    M    M  5.2 13 360   M    M   7        20 360
================================================================================
SM  917  257      1161   0  0.84    M    144.4          M      157
================================================================================
AV 34.0  9.5                               5.3 FASTST   M    M   6    MAX(MPH)
                                 MISC ---->  # 32 200               # 55  350
================================================================================
NOTES:
# LAST OF SEVERAL OCCURRENCES

COLUMN 17 PEAK WIND IN M.P.H.

PRELIMINARY LOCAL CLIMATOLOGICAL DATA (WS FORM: F-6) , PAGE 2

                                          STATION:  ASPEN CO
                                          MONTH:    FEBRUARY
                                          YEAR:     2020
                                          LATITUDE:   39 13 N
                                          LONGITUDE: 106 52 W

[TEMPERATURE DATA]      [PRECIPITATION DATA]       SYMBOLS USED IN COLUMN 16

AVERAGE MONTHLY: 21.7   TOTAL FOR MONTH:   0.84    1 = FOG OR MIST
DPTR FM NORMAL:  -0.4   DPTR FM NORMAL:   -0.32    2 = FOG REDUCING VISIBILITY
HIGHEST:    56 ON  2    GRTST 24HR  0.22 ON  6- 6      TO 1/4 MILE OR LESS
LOWEST:    -14 ON  5                               3 = THUNDER
                        SNOW, ICE PELLETS, HAIL    4 = ICE PELLETS
                        TOTAL MONTH:    M          5 = HAIL
                        GRTST 24HR    M  ON   M    6 = FREEZING RAIN OR DRIZZLE
                        GRTST DEPTH:  M  ON   M    7 = DUSTSTORM OR SANDSTORM:
                                                       VSBY 1/2 MILE OR LESS
                                                   8 = SMOKE OR HAZE
[NO. OF DAYS WITH]      [WEATHER - DAYS WITH]      9 = BLOWING SNOW
                                                   X = TORNADO
MAX 32 OR BELOW:  12    0.01 INCH OR MORE:  10
MAX 90 OR ABOVE:   0    0.10 INCH OR MORE:   4
MIN 32 OR BELOW:  27    0.50 INCH OR MORE:   0
MIN  0 OR BELOW:   5    1.00 INCH OR MORE:   0

[HDD (BASE 65) ]
TOTAL THIS MO.  1161    CLEAR  (SCALE 0-3)   6
DPTR FM NORMAL     2    PTCLDY (SCALE 4-7)  13
TOTAL FM JUL 1  5931    CLOUDY (SCALE 8-10)  8
DPTR FM NORMAL  -350

[CDD (BASE 65) ]
TOTAL THIS MO.     0
DPTR FM NORMAL     0    [PRESSURE DATA]
TOTAL FM JAN 1     0    HIGHEST SLP M ON M
DPTR FM NORMAL     0    LOWEST  SLP 29.15 ON  3

[REMARKS]
