000
CXUS52 KFFC 191110
CF6ATL
PRELIMINARY LOCAL CLIMATOLOGICAL DATA (WS FORM: F-6)

                                          STATION:   ATLANTA
                                          MONTH:     JUNE
                                          YEAR:      2018
                                          LATITUDE:   33 39 N
                                          LONGITUDE:  84 26 W

  TEMPERATURE IN F:       :PCPN:    SNOW:  WIND      :SUNSHINE: SKY     :PK WND
================================================================================
1   2   3   4   5  6A  6B    7    8   9   10  11  12  13   14  15   16   17  18
                                     12Z  AVG MX 2MIN
DY MAX MIN AVG DEP HDD CDD  WTR  SNW DPTH SPD SPD DIR MIN PSBL S-S WX    SPD DR
================================================================================

 1  89  68  79   5   0  14 0.53  0.0    0  7.1 33 320   M    M   6 13     44 310
 2   M   M   M   M   M   M    M    M    M   M   M   M   M    M   M 13      M  M
 3  92  72  82   7   0  17 0.01  0.0    0  8.2 20 330   M    M   5 3      25 330
 4  85  66  76   1   0  11 0.00  0.0    0 10.7 20 340   M    M   3        26 340
 5  83  63  73  -2   0   8 0.00  0.0    0  6.6 15 330   M    M   7        19 300
 6  91  63  77   1   0  12 0.00  0.0    0  7.4 15 320   M    M   3        20 330
 7  89  69  79   3   0  14 0.00  0.0    0  5.5 15  50   M    M   3        20  20
 8  90  73  82   6   0  17 0.01  0.0    0  5.8 20  10   M    M   7 3      23  20
 9  90  70  80   4   0  15 0.00  0.0    0  4.9 16 290   M    M   5 3      19 290
10  89  68  79   3   0  14    T  0.0    0  5.8 15 260   M    M   7 3      18 260
11  88  70  79   2   0  14 0.04  0.0    0  6.5 25  30   M    M   7 3      29  30
12  84  69  77   0   0  12 0.00  0.0    0  7.4 18  70   M    M   6 18     22  80
13  88  72  80   3   0  15 1.14  0.0    0  6.7 15 280   M    M   8 138    19 280
14  88  71  80   3   0  15 0.00  0.0    0  5.8 13 320   M    M   6 138    18 320
15  91  72  82   5   0  17 0.38  0.0    0  5.7 14 200   M    M   6 13     17 170
16  91  73  82   4   0  17 0.00  0.0    0  5.0 14 170   M    M   6 138    21 120
17  89  71  80   2   0  15 0.00  0.0    0  4.7 14 300   M    M   8 3      16 300
18  91  71  81   3   0  16    T  0.0    0  6.7 15  50   M    M   4 3      21 150
================================================================================
SM 1508 1181         0 243  2.11     0.0 110.5          M       97
================================================================================
AV 88.7 69.5                               6.5 FASTST   M    M   6    MAX(MPH)
                                 MISC ---->  # 33 320               # 44  310
================================================================================
NOTES:
# LAST OF SEVERAL OCCURRENCES

COLUMN 17 PEAK WIND IN M.P.H.

PRELIMINARY LOCAL CLIMATOLOGICAL DATA (WS FORM: F-6) , PAGE 2

                                          STATION:  ATLANTA
                                          MONTH:    JUNE
                                          YEAR:     2018
                                          LATITUDE:   33 39 N
                                          LONGITUDE:  84 26 W

[TEMPERATURE DATA]      [PRECIPITATION DATA]       SYMBOLS USED IN COLUMN 16

AVERAGE MONTHLY: 79.1   TOTAL FOR MONTH:   2.11    1 = FOG OR MIST
DPTR FM NORMAL:   2.9   DPTR FM NORMAL:   -0.03    2 = FOG REDUCING VISIBILITY
HIGHEST:    92 ON  3    GRTST 24HR  1.14 ON 13-13      TO 1/4 MILE OR LESS
LOWEST:     63 ON  6, 5                            3 = THUNDER
                        SNOW, ICE PELLETS, HAIL    4 = ICE PELLETS
                        TOTAL MONTH:   0.0 INCH    5 = HAIL
                        GRTST 24HR     0.0         6 = FREEZING RAIN OR DRIZZLE
                        GRTST DEPTH:   0           7 = DUSTSTORM OR SANDSTORM:
                                                       VSBY 1/2 MILE OR LESS
                                                   8 = SMOKE OR HAZE
[NO. OF DAYS WITH]      [WEATHER - DAYS WITH]      9 = BLOWING SNOW
                                                   X = TORNADO
MAX 32 OR BELOW:   0    0.01 INCH OR MORE:   6
MAX 90 OR ABOVE:   7    0.10 INCH OR MORE:   3
MIN 32 OR BELOW:   0    0.50 INCH OR MORE:   2
MIN  0 OR BELOW:   0    1.00 INCH OR MORE:   1

[HDD (BASE 65) ]
TOTAL THIS MO.     0    CLEAR  (SCALE 0-3)   1
DPTR FM NORMAL     0    PTCLDY (SCALE 4-7)  16
TOTAL FM JUL 1  2467    CLOUDY (SCALE 8-10)  0
DPTR FM NORMAL  -299

[CDD (BASE 65) ]
TOTAL THIS MO.   243
DPTR FM NORMAL    40    [PRESSURE DATA]
TOTAL FM JAN 1   604    HIGHEST SLP M ON M
DPTR FM NORMAL   151    LOWEST  SLP 29.81 ON  3

[REMARKS]
