000
CXUS52 KFFC 211110
CF6ATL
PRELIMINARY LOCAL CLIMATOLOGICAL DATA (WS FORM: F-6)

                                          STATION:   ATLANTA
                                          MONTH:     SEPTEMBER
                                          YEAR:      2018
                                          LATITUDE:   33 39 N
                                          LONGITUDE:  84 26 W

  TEMPERATURE IN F:       :PCPN:    SNOW:  WIND      :SUNSHINE: SKY     :PK WND
================================================================================
1   2   3   4   5  6A  6B    7    8   9   10  11  12  13   14  15   16   17  18
                                     12Z  AVG MX 2MIN
DY MAX MIN AVG DEP HDD CDD  WTR  SNW DPTH SPD SPD DIR MIN PSBL S-S WX    SPD DR
================================================================================

 1  90  73  82   4   0  17 0.00  0.0    0  5.5 13  90   M    M   4        18 160
 2  91  73  82   4   0  17 0.00  0.0    0  7.7 18  60   M    M   5 8      24  60
 3  90  73  82   5   0  17 0.00  0.0    0  9.8 18  80   M    M   5 3      23  60
 4  89  73  81   4   0  16 0.00  0.0    0 10.1 16  90   M    M   8 8      20  90
 5  88  74  81   4   0  16 0.00  0.0    0  6.3 13  80   M    M   8 18     18  20
 6  88  75  82   6   0  17 0.00  0.0    0  4.4 14  70   M    M   8 18     20 100
 7  93  73  83   7   0  18    T  0.0    0  4.1 15  40   M    M   4 38     18  40
 8  91  72  82   6   0  17 0.00  0.0    0  4.5 13 180   M    M   6 8      17 180
 9  88  72  80   4   0  15 0.74  0.0    0  4.8 21 260   M    M   5 3      27 270
10  88  72  80   4   0  15 0.03  0.0    0  5.8 15 320   M    M   7 8      17 320
11  88  73  81   6   0  16 0.19  0.0    0  4.9 17  80   M    M   7 13     21  90
12  90  73  82   7   0  17 0.08  0.0    0  5.5 25  10   M    M   7 138    28  10
13  89  75  82   8   0  17 0.05  0.0    0  6.5 14 330   M    M   8 1      18  30
14  95  74  85  11   0  20 0.00  0.0    0  7.9 15 330   M    M   6        21 340
15  95  73  84  10   0  19 0.00  0.0    0  9.2 24  60   M    M   5        29  50
16  85  72  79   5   0  14    T  0.0    0 10.4 22 350   M    M   7        26 360
17  92  69  81   8   0  16 0.00  0.0    0  6.4 14 290   M    M   2        18 270
18  93  71  82   9   0  17 0.00  0.0    0  7.1 15 300   M    M   2 8      19 320
19  94  74  84  12   0  19 0.00  0.0    0  4.2 12 130   M    M   2 8      14 160
20  94  74  84  12   0  19 0.00  0.0    0  5.2 13 100   M    M   2 8      17 150
================================================================================
SM 1811 1458         0 339  1.09     0.0 130.3          M      108
================================================================================
AV 90.6 72.9                               6.5 FASTST   M    M   5    MAX(MPH)
                                 MISC ---->  # 25  10               # 29   50
================================================================================
NOTES:
# LAST OF SEVERAL OCCURRENCES

COLUMN 17 PEAK WIND IN M.P.H.

PRELIMINARY LOCAL CLIMATOLOGICAL DATA (WS FORM: F-6) , PAGE 2

                                          STATION:  ATLANTA
                                          MONTH:    SEPTEMBER
                                          YEAR:     2018
                                          LATITUDE:   33 39 N
                                          LONGITUDE:  84 26 W

[TEMPERATURE DATA]      [PRECIPITATION DATA]       SYMBOLS USED IN COLUMN 16

AVERAGE MONTHLY: 81.7   TOTAL FOR MONTH:   1.09    1 = FOG OR MIST
DPTR FM NORMAL:   6.6   DPTR FM NORMAL:   -1.85    2 = FOG REDUCING VISIBILITY
HIGHEST:    95 ON 15,14 GRTST 24HR  0.74 ON  9- 9      TO 1/4 MILE OR LESS
LOWEST:     69 ON 17                               3 = THUNDER
                        SNOW, ICE PELLETS, HAIL    4 = ICE PELLETS
                        TOTAL MONTH:   0.0 INCH    5 = HAIL
                        GRTST 24HR     0.0         6 = FREEZING RAIN OR DRIZZLE
                        GRTST DEPTH:   0           7 = DUSTSTORM OR SANDSTORM:
                                                       VSBY 1/2 MILE OR LESS
                                                   8 = SMOKE OR HAZE
[NO. OF DAYS WITH]      [WEATHER - DAYS WITH]      9 = BLOWING SNOW
                                                   X = TORNADO
MAX 32 OR BELOW:   0    0.01 INCH OR MORE:   5
MAX 90 OR ABOVE:  12    0.10 INCH OR MORE:   2
MIN 32 OR BELOW:   0    0.50 INCH OR MORE:   1
MIN  0 OR BELOW:   0    1.00 INCH OR MORE:   0

[HDD (BASE 65) ]
TOTAL THIS MO.     0    CLEAR  (SCALE 0-3)   4
DPTR FM NORMAL     0    PTCLDY (SCALE 4-7)  15
TOTAL FM JUL 1     0    CLOUDY (SCALE 8-10)  1
DPTR FM NORMAL     0

[CDD (BASE 65) ]
TOTAL THIS MO.   339
DPTR FM NORMAL   133    [PRESSURE DATA]
TOTAL FM JAN 1  2113    HIGHEST SLP M ON M
DPTR FM NORMAL   368    LOWEST  SLP 29.74 ON 16

[REMARKS]
