000
CXUS52 KFFC 171110
CF6ATL
PRELIMINARY LOCAL CLIMATOLOGICAL DATA (WS FORM: F-6)

                                          STATION:   ATLANTA
                                          MONTH:     OCTOBER
                                          YEAR:      2019
                                          LATITUDE:   33 39 N
                                          LONGITUDE:  84 26 W

  TEMPERATURE IN F:       :PCPN:    SNOW:  WIND      :SUNSHINE: SKY     :PK WND
================================================================================
1   2   3   4   5  6A  6B    7    8   9   10  11  12  13   14  15   16   17  18
                                     12Z  AVG MX 2MIN
DY MAX MIN AVG DEP HDD CDD  WTR  SNW DPTH SPD SPD DIR MIN PSBL S-S WX    SPD DR
================================================================================

 1  93  74  84  16   0  19 0.00  0.0    0  5.1 12  80   M    M   2 8      14  90
 2  96  74  85  17   0  20 0.00  0.0    0  3.8 14 280   M    M   2 8      16 280
 3  98  75  87  20   0  22 0.00  0.0    0  6.1 12  40   M    M   2 8      19 330
 4  97  75  86  19   0  21 0.00  0.0    0  6.6 14 350   M    M   3        19 360
 5  84  66  75   8   0  10 0.00  0.0    0 15.7 26  80   M    M   7        32  80
 6  81  62  72   6   0   7 0.00  0.0    0 10.6 21  80   M    M   9        23  80
 7  81  67  74   8   0   9 0.00  0.0    0  7.0 12 350   M    M   6        15 350
 8  83  66  75   9   0  10 0.00  0.0    0  7.9 18  80   M    M   6        21  80
 9  77  65  71   6   0   6 0.00  0.0    M 10.9 17  80   M    M   6 8      22  80
10  79  62  71   6   0   6 0.00  0.0    0  7.6 14  80   M    M   3 8      18  70
11  81  60  71   6   0   6 0.00  0.0    0  4.4  9 200   M    M   4        13 200
12  82  63  73   9   0   8    T  0.0    0  5.8 14 310   M    M   6        20 270
13  66  60  63  -1   2   0 0.17  0.0    0  5.4 16 300   M    M   8 1      20 290
14  79  54  67   3   0   2 0.00  0.0    0  5.4 12 340   M    M   7        21  10
15  73  62  68   4   0   3 0.39  0.0    0  5.8 14  80   M    M  10 1      17 120
16  73  53  63   0   2   0 0.32  0.0    0 10.0 25 310   M    M   8 1      34 340
================================================================================
SM 1323 1038         4 149  0.88     0.0 118.1          M       89
================================================================================
AV 82.7 64.9                               7.4 FASTST   M    M   6    MAX(MPH)
                                 MISC ---->  # 26  80               # 34  340
================================================================================
NOTES:
# LAST OF SEVERAL OCCURRENCES

COLUMN 17 PEAK WIND IN M.P.H.

PRELIMINARY LOCAL CLIMATOLOGICAL DATA (WS FORM: F-6) , PAGE 2

                                          STATION:  ATLANTA
                                          MONTH:    OCTOBER
                                          YEAR:     2019
                                          LATITUDE:   33 39 N
                                          LONGITUDE:  84 26 W

[TEMPERATURE DATA]      [PRECIPITATION DATA]       SYMBOLS USED IN COLUMN 16

AVERAGE MONTHLY: 73.8   TOTAL FOR MONTH:   0.88    1 = FOG OR MIST
DPTR FM NORMAL:   8.2   DPTR FM NORMAL:   -1.04    2 = FOG REDUCING VISIBILITY
HIGHEST:    98 ON  3    GRTST 24HR  0.39 ON 15-15      TO 1/4 MILE OR LESS
LOWEST:     53 ON 16                               3 = THUNDER
                        SNOW, ICE PELLETS, HAIL    4 = ICE PELLETS
                        TOTAL MONTH:   0.0 INCH    5 = HAIL
                        GRTST 24HR     0.0         6 = FREEZING RAIN OR DRIZZLE
                        GRTST DEPTH:   0           7 = DUSTSTORM OR SANDSTORM:
                                                       VSBY 1/2 MILE OR LESS
                                                   8 = SMOKE OR HAZE
[NO. OF DAYS WITH]      [WEATHER - DAYS WITH]      9 = BLOWING SNOW
                                                   X = TORNADO
MAX 32 OR BELOW:   0    0.01 INCH OR MORE:   3
MAX 90 OR ABOVE:   4    0.10 INCH OR MORE:   3
MIN 32 OR BELOW:   0    0.50 INCH OR MORE:   0
MIN  0 OR BELOW:   0    1.00 INCH OR MORE:   0

[HDD (BASE 65) ]
TOTAL THIS MO.     4    CLEAR  (SCALE 0-3)   4
DPTR FM NORMAL   -33    PTCLDY (SCALE 4-7)   8
TOTAL FM JUL 1     4    CLOUDY (SCALE 8-10)  4
DPTR FM NORMAL   -44

[CDD (BASE 65) ]
TOTAL THIS MO.   149
DPTR FM NORMAL   101    [PRESSURE DATA]
TOTAL FM JAN 1  2626    HIGHEST SLP M ON M
DPTR FM NORMAL   773    LOWEST  SLP 29.76 ON 16

[REMARKS]
