000
CXUS53 KGID 170730
CF6AUH
PRELIMINARY LOCAL CLIMATOLOGICAL DATA (WS FORM: F-6)

                                          STATION:   AURORA
                                          MONTH:     OCTOBER
                                          YEAR:      2019
                                          LATITUDE:   40 54 N
                                          LONGITUDE:  97 59 W

  TEMPERATURE IN F:       :PCPN:    SNOW:  WIND      :SUNSHINE: SKY     :PK WND
================================================================================
1   2   3   4   5  6A  6B    7    8   9   10  11  12  13   14  15   16   17  18
                                     12Z  AVG MX 2MIN
DY MAX MIN AVG DEP HDD CDD  WTR  SNW DPTH SPD SPD DIR MIN PSBL S-S WX    SPD DR
================================================================================

 1  63  46  55  -3  10   0 0.76    M    M 11.1 20 360   M    M  10 13     28  30
 2  54  43  49  -9  16   0 0.05    M    M  9.8 18 330   M    M   9 1      24 330
 3  62  38  50  -7  15   0 0.00    M    M  6.6 12 310   M    M   1 1       M  M
 4  55  45  50  -7  15   0 0.07    M    M 11.5 18 150   M    M  10 3      24 150
 5  68  45  57   1   8   0 0.08    M    M 13.3 27 320   M    M   4 13     33 320
 6  67  42  55  -1  10   0    T    M    M  6.4 16 290   M    M   2        22 280
 7  74  39  57   1   8   0 0.00    M    M  8.7 17 210   M    M   0        24 190
 8  75  50  63   8   2   0 0.00    M    M 15.4 22 170   M    M   0        33 190
 9  72  52  62   7   3   0 0.30    M    M 12.1 18 200   M    M   5 3      30 180
10  53  35  44 -10  21   0 0.25    M    M 19.7 28 340   M    M  10 1      37 320
11  44  29  37 -17  28   0 0.00    M    M 16.4 25 280   M    M   5        32 320
12  62  27  45  -9  20   0 0.00    M    M  9.2 18 270   M    M   0        27 310
13  62  30  46  -7  19   0 0.00    M    M  6.5 14 310   M    M   0        18 280
14  76  34  55   2  10   0 0.00    M    M  8.2 17 200   M    M   0        22 190
15  59  36  48  -5  17   0 0.00    M    M 17.3 29 340   M    M   0        38 340
16  60  30  45  -7  20   0 0.00    M    M  5.2  9 170   M    M   0         M  M
================================================================================
SM 1006  621       222   0  1.51    M    177.4          M       56
================================================================================
AV 62.9 38.8                              11.1 FASTST   M    M   4    MAX(MPH)
                                 MISC ---->  # 29 340               # 38  340
================================================================================
NOTES:
# LAST OF SEVERAL OCCURRENCES

COLUMN 17 PEAK WIND IN M.P.H.

PRELIMINARY LOCAL CLIMATOLOGICAL DATA (WS FORM: F-6) , PAGE 2

                                          STATION:  AURORA
                                          MONTH:    OCTOBER
                                          YEAR:     2019
                                          LATITUDE:   40 54 N
                                          LONGITUDE:  97 59 W

[TEMPERATURE DATA]      [PRECIPITATION DATA]       SYMBOLS USED IN COLUMN 16

AVERAGE MONTHLY: 50.8   TOTAL FOR MONTH:   1.51    1 = FOG OR MIST
DPTR FM NORMAL:  -4.2   DPTR FM NORMAL:    0.01    2 = FOG REDUCING VISIBILITY
HIGHEST:    76 ON 14    GRTST 24HR  0.76 ON  1- 1      TO 1/4 MILE OR LESS
LOWEST:     27 ON 12                               3 = THUNDER
                        SNOW, ICE PELLETS, HAIL    4 = ICE PELLETS
                        TOTAL MONTH:    M          5 = HAIL
                        GRTST 24HR    M  ON   M    6 = FREEZING RAIN OR DRIZZLE
                        GRTST DEPTH:  M  ON   M    7 = DUSTSTORM OR SANDSTORM:
                                                       VSBY 1/2 MILE OR LESS
                                                   8 = SMOKE OR HAZE
[NO. OF DAYS WITH]      [WEATHER - DAYS WITH]      9 = BLOWING SNOW
                                                   X = TORNADO
MAX 32 OR BELOW:   0    0.01 INCH OR MORE:   6
MAX 90 OR ABOVE:   0    0.10 INCH OR MORE:   3
MIN 32 OR BELOW:   4    0.50 INCH OR MORE:   1
MIN  0 OR BELOW:   0    1.00 INCH OR MORE:   0

[HDD (BASE 65) ]
TOTAL THIS MO.   222    CLEAR  (SCALE 0-3)   9
DPTR FM NORMAL    54    PTCLDY (SCALE 4-7)   3
TOTAL FM JUL 1   241    CLOUDY (SCALE 8-10)  4
DPTR FM NORMAL   -50

[CDD (BASE 65) ]
TOTAL THIS MO.     0
DPTR FM NORMAL    -7    [PRESSURE DATA]
TOTAL FM JAN 1   927    HIGHEST SLP M ON M
DPTR FM NORMAL   -49    LOWEST  SLP M ON M

[REMARKS]
