000
CXUS53 KGID 230730
CF6AUH
PRELIMINARY LOCAL CLIMATOLOGICAL DATA (WS FORM: F-6)

                                          STATION:   AURORA
                                          MONTH:     JANUARY
                                          YEAR:      2019
                                          LATITUDE:   40 54 N
                                          LONGITUDE:  97 59 W

  TEMPERATURE IN F:       :PCPN:    SNOW:  WIND      :SUNSHINE: SKY     :PK WND
================================================================================
1   2   3   4   5  6A  6B    7    8   9   10  11  12  13   14  15   16   17  18
                                     12Z  AVG MX 2MIN
DY MAX MIN AVG DEP HDD CDD  WTR  SNW DPTH SPD SPD DIR MIN PSBL S-S WX    SPD DR
================================================================================

 1  15   4  10 -15  55   0 0.00    M    M 11.2 22 350   M    M   7        29 350
 2  35  12  24  -1  41   0 0.00    M    M  9.7 14 240   M    M   0        20 220
 3  45  21  33   8  32   0 0.00    M    M  9.6 13 230   M    M   0         M  M
 4  49  25  37  13  28   0 0.00    M    M  7.1 10 260   M    M   0         M  M
 5  54  32  43  19  22   0 0.00    M    M  5.6 10 260   M    M   0         M  M
 6  48  34  41  17  24   0 0.00    M    M  9.3 14 150   M    M   1         M  M
 7  49  36  43  19  22   0    T    M    M 13.0 24 260   M    M   2        31 260
 8  44  27  36  12  29   0 0.00    M    M 15.4 25 310   M    M   0        33 310
 9  35  21  28   4  37   0 0.00    M    M  5.9 12 310   M    M   0         M  M
10  43  23  33   9  32   0 0.00    M    M  9.5 18 160   M    M   0        22 160
11  33  26  30   6  35   0 0.00    M    M  4.3  9  30   M    M   6         M  M
12  32  23  28   4  37   0 0.00    M    M 15.5 24 350   M    M  10 1      27 360
13  31  24  28   4  37   0 0.00    M    M  5.9 14 240   M    M  10 1      18 240
14  37  28  33   9  32   0 0.00    M    M 11.1 15 230   M    M  10 12     20 240
15  47  27  37  13  28   0 0.00    M    M  6.9 17  10   M    M   6 12     21  10
16  29  24  27   3  38   0    T    M    M  7.7 14  10   M    M  10 12      M  M
17  36  24  30   6  35   0    T    M    M  2.0 10 130   M    M  10 1       M  M
18  31  12  22  -2  43   0    M    M    M 15.4 22 120   M    M  10 12     27 120
19  20   8  14 -10  51   0    T    M    M 10.7 21 350   M    M   4        27 350
20  23  11  17  -7  48   0 0.00    M    M 10.8 16 160   M    M   8         M  M
21  23  12  18  -6  47   0    T    M    M 15.4 21 130   M    M  10        29 130
22  23  17  20  -5  45   0    M    M    M 18.0 28 350   M    M  10 1      36 350
================================================================================
SM  782  471       798   0    T     M    220.0          M      114
================================================================================
AV 35.6 21.4                              10.0 FASTST   M    M   5    MAX(MPH)
                                 MISC ---->  # 28 350               # 36  350
================================================================================
NOTES:
# LAST OF SEVERAL OCCURRENCES

COLUMN 17 PEAK WIND IN M.P.H.

PRELIMINARY LOCAL CLIMATOLOGICAL DATA (WS FORM: F-6) , PAGE 2

                                          STATION:  AURORA
                                          MONTH:    JANUARY
                                          YEAR:     2019
                                          LATITUDE:   40 54 N
                                          LONGITUDE:  97 59 W

[TEMPERATURE DATA]      [PRECIPITATION DATA]       SYMBOLS USED IN COLUMN 16

AVERAGE MONTHLY: 28.5   TOTAL FOR MONTH:      T    1 = FOG OR MIST
DPTR FM NORMAL:   4.3   DPTR FM NORMAL:   -0.39    2 = FOG REDUCING VISIBILITY
HIGHEST:    54 ON  5    GRTST 24HR    T  ON 21-21      TO 1/4 MILE OR LESS
LOWEST:      4 ON  1                               3 = THUNDER
                        SNOW, ICE PELLETS, HAIL    4 = ICE PELLETS
                        TOTAL MONTH:    M          5 = HAIL
                        GRTST 24HR    M  ON   M    6 = FREEZING RAIN OR DRIZZLE
                        GRTST DEPTH:  M  ON   M    7 = DUSTSTORM OR SANDSTORM:
                                                       VSBY 1/2 MILE OR LESS
                                                   8 = SMOKE OR HAZE
[NO. OF DAYS WITH]      [WEATHER - DAYS WITH]      9 = BLOWING SNOW
                                                   X = TORNADO
MAX 32 OR BELOW:   9    0.01 INCH OR MORE:   0
MAX 90 OR ABOVE:   0    0.10 INCH OR MORE:   0
MIN 32 OR BELOW:  20    0.50 INCH OR MORE:   0
MIN  0 OR BELOW:   0    1.00 INCH OR MORE:   0

[HDD (BASE 65) ]
TOTAL THIS MO.   798    CLEAR  (SCALE 0-3)   9
DPTR FM NORMAL   -96    PTCLDY (SCALE 4-7)   4
TOTAL FM JUL 1  3375    CLOUDY (SCALE 8-10)  9
DPTR FM NORMAL   -40

[CDD (BASE 65) ]
TOTAL THIS MO.     0
DPTR FM NORMAL     0    [PRESSURE DATA]
TOTAL FM JAN 1     0    HIGHEST SLP M ON M
DPTR FM NORMAL     0    LOWEST  SLP M ON M

[REMARKS]
