000
CXUS53 KGRR 221017
CF6AZO
PRELIMINARY LOCAL CLIMATOLOGICAL DATA (WS FORM: F-6)

                                          STATION:   KALAMAZOO
                                          MONTH:     JANUARY
                                          YEAR:      2019
                                          LATITUDE:   42 13 N
                                          LONGITUDE:  85 33 W

  TEMPERATURE IN F:       :PCPN:    SNOW:  WIND      :SUNSHINE: SKY     :PK WND
================================================================================
1   2   3   4   5  6A  6B    7    8   9   10  11  12  13   14  15   16   17  18
                                     12Z  AVG MX 2MIN
DY MAX MIN AVG DEP HDD CDD  WTR  SNW DPTH SPD SPD DIR MIN PSBL S-S WX    SPD DR
================================================================================

 1  36  29  33   8  32   0    T    M    0  7.9 15 300   M    M  10 1      20 320
 2  32  29  31   6  34   0 0.01    M    0  7.2 21 270   M    M  10 15     28 250
 3  39  27  33   8  32   0 0.00    M    M 11.5 18 270   M    M   5        23 260
 4  50  28  39  14  26   0 0.00    M    M  6.7 14 220   M    M   0        19 210
 5  53  25  39  14  26   0 0.00    M    M  6.5 17 270   M    M   3 12     22 290
 6  42  29  36  11  29   0 0.00    M    M  6.6 16 120   M    M   2        23 150
 7  54  33  44  19  21   0 0.11    M    M 15.0 28 240   M    M   9 1      39 240
 8  45  31  38  14  27   0 0.07    M    M 10.6 25 310   M    M   9 1      33 310
 9  31  21  26   2  39   0 0.01    M    M 14.0 26 300   M    M  10 128    33 310
10  26  21  24   0  41   0    T    M    M 10.3 22 340   M    M  10        28 330
11  29  19  24   0  41   0 0.00    M    M  3.5  8 140   M    M  10        11 130
12  30  26  28   4  37   0 0.04    M    M  7.3 15  70   M    M  10        22  70
13  32  19  26   2  39   0 0.00    M    M  7.4 13  60   M    M   1        20  60
14  29   7  18  -6  47   0 0.00    M    M  4.8 13 280   M    M   7 12     15 280
15  28  23  26   2  39   0 0.00    M    M 11.3 21 220   M    M  10 1      25 220
16  34  22  28   4  37   0    T    M    M  8.4 18 320   M    M   7 1      24 310
17  31  22  27   3  38   0    T    M    0  4.5 10 170   M    M   9 18     13 170
18  31  24  28   4  37   0 0.08    M    0  6.7 13 300   M    M  10 1      15  70
19  24  10  17  -7  48   0 0.19    M    0 11.5 21 360   M    M  10 18     31  10
20  13  -6   4 -20  61   0 0.00    M    M 10.4 20  10   M    M   1        27  10
21  10 -13  -1 -25  66   0 0.00    M    M  4.1 10 140   M    M   0        15 160
================================================================================
SM  699  426       797   0  0.51    M    176.2          M      143
================================================================================
AV 33.3 20.3                               8.4 FASTST   M    M   7    MAX(MPH)
                                 MISC ---->  # 28 240               # 39  240
================================================================================
NOTES:
# LAST OF SEVERAL OCCURRENCES

COLUMN 17 PEAK WIND IN M.P.H.

PRELIMINARY LOCAL CLIMATOLOGICAL DATA (WS FORM: F-6) , PAGE 2

                                          STATION:  KALAMAZOO
                                          MONTH:    JANUARY
                                          YEAR:     2019
                                          LATITUDE:   42 13 N
                                          LONGITUDE:  85 33 W

[TEMPERATURE DATA]      [PRECIPITATION DATA]       SYMBOLS USED IN COLUMN 16

AVERAGE MONTHLY: 26.8   TOTAL FOR MONTH:   0.51    1 = FOG OR MIST
DPTR FM NORMAL:   2.5   DPTR FM NORMAL:   -0.69    2 = FOG REDUCING VISIBILITY
HIGHEST:    54 ON  7    GRTST 24HR  0.86 ON 31- 1      TO 1/4 MILE OR LESS
LOWEST:    -13 ON 21                               3 = THUNDER
                        SNOW, ICE PELLETS, HAIL    4 = ICE PELLETS
                        TOTAL MONTH:    M          5 = HAIL
                        GRTST 24HR    M  ON   M    6 = FREEZING RAIN OR DRIZZLE
                        GRTST DEPTH:   0           7 = DUSTSTORM OR SANDSTORM:
                                                       VSBY 1/2 MILE OR LESS
                                                   8 = SMOKE OR HAZE
[NO. OF DAYS WITH]      [WEATHER - DAYS WITH]      9 = BLOWING SNOW
                                                   X = TORNADO
MAX 32 OR BELOW:  13    0.01 INCH OR MORE:   7
MAX 90 OR ABOVE:   0    0.10 INCH OR MORE:   2
MIN 32 OR BELOW:  20    0.50 INCH OR MORE:   0
MIN  0 OR BELOW:   2    1.00 INCH OR MORE:   0

[HDD (BASE 65) ]
TOTAL THIS MO.   797    CLEAR  (SCALE 0-3)   6
DPTR FM NORMAL   -56    PTCLDY (SCALE 4-7)   3
TOTAL FM JUL 1  3222    CLOUDY (SCALE 8-10) 12
DPTR FM NORMAL   -82

[CDD (BASE 65) ]
TOTAL THIS MO.     0
DPTR FM NORMAL     0    [PRESSURE DATA]
TOTAL FM JAN 1     0    HIGHEST SLP M ON M
DPTR FM NORMAL     0    LOWEST  SLP 29.50 ON  7

[REMARKS]
