000
CXUS53 KGRR 201017
CF6AZO
PRELIMINARY LOCAL CLIMATOLOGICAL DATA (WS FORM: F-6)

                                          STATION:   KALAMAZOO
                                          MONTH:     OCTOBER
                                          YEAR:      2019
                                          LATITUDE:   42 13 N
                                          LONGITUDE:  85 33 W

  TEMPERATURE IN F:       :PCPN:    SNOW:  WIND      :SUNSHINE: SKY     :PK WND
================================================================================
1   2   3   4   5  6A  6B    7    8   9   10  11  12  13   14  15   16   17  18
                                     12Z  AVG MX 2MIN
DY MAX MIN AVG DEP HDD CDD  WTR  SNW DPTH SPD SPD DIR MIN PSBL S-S WX    SPD DR
================================================================================

 1  85  68  77  21   0  12    T    M    M  7.2 13 220   M    M   1        18 230
 2  78  56  67  11   0   2 0.47    M    M  5.6 15 350   M    M   8 1      23  90
 3  66  55  61   6   4   0 0.57    M    M  8.7 22 300   M    M  10 13     32 290
 4  57  46  52  -3  13   0 0.00    M    M  6.1 13 350   M    M   6        18  60
 5  63  41  52  -2  13   0 0.14    M    M  5.6 13 180   M    M   3        21 120
 6  66  54  60   6   5   0 0.02    M    M  8.2 18 290   M    M   5        26 310
 7  70  44  57   3   8   0 0.00    M    M  6.3 18 260   M    M   0        25 270
 8  69  40  55   2  10   0 0.00    M    M  1.5  8 190   M    M   0 1      10 180
 9  71  42  57   4   8   0 0.00    M    M  3.7 14 150   M    M   0 1      19 170
10  75  50  63  10   2   0 0.00    M    M  5.0 14 160   M    M   1        22 100
11  66  43  55   3  10   0 0.60    M    M  8.9 20 280   M    M  10 18     31 270
12  53  38  46  -6  19   0 0.00    M    M 14.4 25 200   M    M   5        36 200
13  57  44  51  -1  14   0    T    M    0 13.1 23 270   M    M   4        36 230
14  52  35  44  -7  21   0 0.00    M    M  6.8 18 280   M    M   6        22 280
15  67  34  51   0  14   0 0.09    M    M  8.5 26 270   M    M   4        36 280
16  52  44  48  -3  17   0 0.03    M    M 15.7 29 300   M    M   8 18     40 320
17  53  41  47  -3  18   0    T    M    M  8.6 17 300   M    M   9        24 310
18  56  33  45  -5  20   0 0.00    M    0  2.5 10 190   M    M   0 1      16 190
19  64  39  52   2  13   0 0.00    M    0  5.6 13 170   M    M   0        20 170
================================================================================
SM 1220  847       209  14  1.92    M    142.0          M       80
================================================================================
AV 64.2 44.6                               7.5 FASTST   M    M   4    MAX(MPH)
                                 MISC ---->  # 29 300               # 40  320
================================================================================
NOTES:
# LAST OF SEVERAL OCCURRENCES

COLUMN 17 PEAK WIND IN M.P.H.

PRELIMINARY LOCAL CLIMATOLOGICAL DATA (WS FORM: F-6) , PAGE 2

                                          STATION:  KALAMAZOO
                                          MONTH:    OCTOBER
                                          YEAR:     2019
                                          LATITUDE:   42 13 N
                                          LONGITUDE:  85 33 W

[TEMPERATURE DATA]      [PRECIPITATION DATA]       SYMBOLS USED IN COLUMN 16

AVERAGE MONTHLY: 54.4   TOTAL FOR MONTH:   1.92    1 = FOG OR MIST
DPTR FM NORMAL:   1.7   DPTR FM NORMAL:   -0.12    2 = FOG REDUCING VISIBILITY
HIGHEST:    85 ON  1    GRTST 24HR  0.60 ON 11-11      TO 1/4 MILE OR LESS
LOWEST:     33 ON 18                               3 = THUNDER
                        SNOW, ICE PELLETS, HAIL    4 = ICE PELLETS
                        TOTAL MONTH:    M          5 = HAIL
                        GRTST 24HR    M  ON   M    6 = FREEZING RAIN OR DRIZZLE
                        GRTST DEPTH:   0           7 = DUSTSTORM OR SANDSTORM:
                                                       VSBY 1/2 MILE OR LESS
                                                   8 = SMOKE OR HAZE
[NO. OF DAYS WITH]      [WEATHER - DAYS WITH]      9 = BLOWING SNOW
                                                   X = TORNADO
MAX 32 OR BELOW:   0    0.01 INCH OR MORE:   7
MAX 90 OR ABOVE:   0    0.10 INCH OR MORE:   4
MIN 32 OR BELOW:   0    0.50 INCH OR MORE:   2
MIN  0 OR BELOW:   0    1.00 INCH OR MORE:   0

[HDD (BASE 65) ]
TOTAL THIS MO.   209    CLEAR  (SCALE 0-3)   8
DPTR FM NORMAL   -30    PTCLDY (SCALE 4-7)   8
TOTAL FM JUL 1   236    CLOUDY (SCALE 8-10)  3
DPTR FM NORMAL  -152

[CDD (BASE 65) ]
TOTAL THIS MO.    14
DPTR FM NORMAL     7    [PRESSURE DATA]
TOTAL FM JAN 1   870    HIGHEST SLP M ON M
DPTR FM NORMAL   196    LOWEST  SLP 29.62 ON 16

[REMARKS]
