000
CXUS54 KEWX 200910
CF6BAZ
PRELIMINARY LOCAL CLIMATOLOGICAL DATA (WS FORM: F-6)

                                          STATION:   NEW BRAUNFELS
                                          MONTH:     AUGUST
                                          YEAR:      2018
                                          LATITUDE:   29 43 N
                                          LONGITUDE:  98  3 W

  TEMPERATURE IN F:       :PCPN:    SNOW:  WIND      :SUNSHINE: SKY     :PK WND
================================================================================
1   2   3   4   5  6A  6B    7    8   9   10  11  12  13   14  15   16   17  18
                                     12Z  AVG MX 2MIN
DY MAX MIN AVG DEP HDD CDD  WTR  SNW DPTH SPD SPD DIR MIN PSBL S-S WX    SPD DR
================================================================================

 1 100  69  85   1   0  20 0.00    M    M  6.0 18  60   M    M   0 1      25  60
 2  99  65  82  -2   0  17 0.00    M    M  3.9 14 160   M    M   0        17 160
 3  99  69  84   0   0  19 0.00    M    M  6.5 21 140   M    M   0 8      25 150
 4  99  70  85   0   0  20 0.00    M    M  9.8 25 160   M    M   3 18     32 160
 5  96  71  84  -1   0  19 0.00    M    M  7.6 23 150   M    M   2 18     30 160
 6  96  69  83  -2   0  18 0.00    M    M  7.4 20 140   M    M   5 1      25 150
 7  98  74  86   1   0  21 0.00    M    M  8.7 21 190   M    M   5        24 140
 8  99  76  88   3   0  23 0.00    M    M  9.2 24 140   M    M   3        30 120
 9 100  71  86   1   0  21 0.00    M    M  7.9 21 160   M    M   3 1      26 160
10  97  74  86   1   0  21    T    M    M  7.8 23 160   M    M   5 18     27 160
11  92  74  83  -2   0  18    T    M    M  5.7 31 150   M    M   3 18     37 150
12  89  72  81  -4   0  16 0.50    M    M  7.0 37 190   M    M   6 138    45 190
13  98  77  88   3   0  23 0.00    M    M 14.2 25 180   M    M   5 18     33 180
14  99  75  87   2   0  22 0.00    M    M 12.2 22 170   M    M   4 18     28 170
15 100  76  88   3   0  23 0.00    M    M 10.3 21 170   M    M   4        25 160
16 101  76  89   4   0  24 0.00    M    M 10.7 23 170   M    M   4        27 180
17 101  70  86   2   0  21 0.00    M    M  8.9 23 170   M    M   1 1      27 170
18 102  74  88   4   0  23 0.00    M    M  8.7 22 160   M    M   1 18     28 170
19 102  72  87   3   0  22 0.00    M    M 10.2 24 160   M    M   1 18     29 170
================================================================================
SM 1867 1374         0 391  0.50    M    162.7          M       55
================================================================================
AV 98.3 72.3                               8.6 FASTST   M    M   3    MAX(MPH)
                                 MISC ---->  # 37 190               # 45  190
================================================================================
NOTES:
# LAST OF SEVERAL OCCURRENCES

COLUMN 17 PEAK WIND IN M.P.H.

PRELIMINARY LOCAL CLIMATOLOGICAL DATA (WS FORM: F-6) , PAGE 2

                                          STATION:  NEW BRAUNFELS
                                          MONTH:    AUGUST
                                          YEAR:     2018
                                          LATITUDE:   29 43 N
                                          LONGITUDE:  98  3 W

[TEMPERATURE DATA]      [PRECIPITATION DATA]       SYMBOLS USED IN COLUMN 16

AVERAGE MONTHLY: 85.3   TOTAL FOR MONTH:   0.50    1 = FOG OR MIST
DPTR FM NORMAL:   0.6   DPTR FM NORMAL:   -0.42    2 = FOG REDUCING VISIBILITY
HIGHEST:   102 ON 19,18 GRTST 24HR  0.50 ON 12-12      TO 1/4 MILE OR LESS
LOWEST:     65 ON  2                               3 = THUNDER
                        SNOW, ICE PELLETS, HAIL    4 = ICE PELLETS
                        TOTAL MONTH:    M          5 = HAIL
                        GRTST 24HR    M  ON   M    6 = FREEZING RAIN OR DRIZZLE
                        GRTST DEPTH:  M  ON   M    7 = DUSTSTORM OR SANDSTORM:
                                                       VSBY 1/2 MILE OR LESS
                                                   8 = SMOKE OR HAZE
[NO. OF DAYS WITH]      [WEATHER - DAYS WITH]      9 = BLOWING SNOW
                                                   X = TORNADO
MAX 32 OR BELOW:   0    0.01 INCH OR MORE:   1
MAX 90 OR ABOVE:  18    0.10 INCH OR MORE:   1
MIN 32 OR BELOW:   0    0.50 INCH OR MORE:   1
MIN  0 OR BELOW:   0    1.00 INCH OR MORE:   0

[HDD (BASE 65) ]
TOTAL THIS MO.     0    CLEAR  (SCALE 0-3)   9
DPTR FM NORMAL     0    PTCLDY (SCALE 4-7)  10
TOTAL FM JUL 1     0    CLOUDY (SCALE 8-10)  0
DPTR FM NORMAL     0

[CDD (BASE 65) ]
TOTAL THIS MO.   391
DPTR FM NORMAL    15    [PRESSURE DATA]
TOTAL FM JAN 1  2363    HIGHEST SLP M ON M
DPTR FM NORMAL   318    LOWEST  SLP 29.74 ON 19

[REMARKS]
