000
CXUS54 KEWX 211010
CF6BAZ
PRELIMINARY LOCAL CLIMATOLOGICAL DATA (WS FORM: F-6)

                                          STATION:   NEW BRAUNFELS
                                          MONTH:     FEBRUARY
                                          YEAR:      2020
                                          LATITUDE:   29 43 N
                                          LONGITUDE:  98  3 W

  TEMPERATURE IN F:       :PCPN:    SNOW:  WIND      :SUNSHINE: SKY     :PK WND
================================================================================
1   2   3   4   5  6A  6B    7    8   9   10  11  12  13   14  15   16   17  18
                                     12Z  AVG MX 2MIN
DY MAX MIN AVG DEP HDD CDD  WTR  SNW DPTH SPD SPD DIR MIN PSBL S-S WX    SPD DR
================================================================================

 1  74  37  56   3   9   0 0.00    M    M  6.6 15 290   M    M   1        23 240
 2  77  39  58   5   7   0 0.00    M    M  9.0 20 220   M    M   0        27 240
 3  74  52  63  10   2   0    T    M    M 11.6 25 210   M    M   5        33 210
 4  78  49  64  11   1   0 0.00    M    M  9.4 25  30   M    M   6 18     33  30
 5  49  35  42 -11  23   0 0.01    M    M 17.2 28 360   M    M  10 18     35 360
 6  59  28  44  -9  21   0 0.00    M    M  7.6 28 290   M    M   1        36 290
 7  75  30  53  -1  12   0 0.00    M    M  9.1 23 230   M    M   0        29 210
 8  73  44  59   5   6   0    T    M    M 11.5 22 170   M    M   7 8      29 160
 9  78  63  71  17   0   6    T    M    M 13.8 23 170   M    M  10 18     31 160
10  74  50  62   8   3   0 0.03    M    M 11.0 22  10   M    M  10 18     29  10
11  50  45  48  -6  17   0 0.03    M    M 14.5 23  20   M    M  10 138    31  30
12  65  44  55   1  10   0 0.66    M    M  7.2 21 340   M    M   7 13     25 330
13  59  39  49  -5  16   0 0.00    M    M 12.4 21  20   M    M   0        27 350
14  60  33  47  -8  18   0 0.00    M    M  7.4 14  50   M    M   0        18  30
15  66  35  51  -4  14   0 0.00    M    M  5.2 16 200   M    M   6 12     20 200
16  73  46  60   5   5   0 0.00    M    M  6.2 14 230   M    M   4 18     20 240
17  81  55  68  13   0   3 0.00    M    M  8.5 16 180   M    M   7 128    21 180
18  79  53  66  11   0   1 0.01    M    M  9.9 26  10   M    M  10 18     36 360
19  53  48  51  -5  14   0 0.17    M    M 13.2 23  20   M    M  10 1      32  10
20  50  44  47  -9  18   0 0.11    M    M 15.5 25  20   M    M   8 1      36  30
================================================================================
SM 1347  869       196  10  1.02    M    206.8          M      112
================================================================================
AV 67.4 43.5                              10.3 FASTST   M    M   6    MAX(MPH)
                                 MISC ---->  # 28 360               # 36  290
================================================================================
NOTES:
# LAST OF SEVERAL OCCURRENCES

COLUMN 17 PEAK WIND IN M.P.H.

PRELIMINARY LOCAL CLIMATOLOGICAL DATA (WS FORM: F-6) , PAGE 2

                                          STATION:  NEW BRAUNFELS
                                          MONTH:    FEBRUARY
                                          YEAR:     2020
                                          LATITUDE:   29 43 N
                                          LONGITUDE:  98  3 W

[TEMPERATURE DATA]      [PRECIPITATION DATA]       SYMBOLS USED IN COLUMN 16

AVERAGE MONTHLY: 55.4   TOTAL FOR MONTH:   1.02    1 = FOG OR MIST
DPTR FM NORMAL:   1.2   DPTR FM NORMAL:   -0.36    2 = FOG REDUCING VISIBILITY
HIGHEST:    81 ON 17    GRTST 24HR  0.66 ON 12-12      TO 1/4 MILE OR LESS
LOWEST:     28 ON  6                               3 = THUNDER
                        SNOW, ICE PELLETS, HAIL    4 = ICE PELLETS
                        TOTAL MONTH:    M          5 = HAIL
                        GRTST 24HR    M  ON   M    6 = FREEZING RAIN OR DRIZZLE
                        GRTST DEPTH:  M  ON   M    7 = DUSTSTORM OR SANDSTORM:
                                                       VSBY 1/2 MILE OR LESS
                                                   8 = SMOKE OR HAZE
[NO. OF DAYS WITH]      [WEATHER - DAYS WITH]      9 = BLOWING SNOW
                                                   X = TORNADO
MAX 32 OR BELOW:   0    0.01 INCH OR MORE:   7
MAX 90 OR ABOVE:   0    0.10 INCH OR MORE:   3
MIN 32 OR BELOW:   2    0.50 INCH OR MORE:   1
MIN  0 OR BELOW:   0    1.00 INCH OR MORE:   0

[HDD (BASE 65) ]
TOTAL THIS MO.   196    CLEAR  (SCALE 0-3)   6
DPTR FM NORMAL   -32    PTCLDY (SCALE 4-7)   8
TOTAL FM JUL 1  1076    CLOUDY (SCALE 8-10)  6
DPTR FM NORMAL  -206

[CDD (BASE 65) ]
TOTAL THIS MO.    10
DPTR FM NORMAL    -4    [PRESSURE DATA]
TOTAL FM JAN 1    36    HIGHEST SLP M ON M
DPTR FM NORMAL    16    LOWEST  SLP 29.63 ON  4

[REMARKS]
