000
CXUS54 KEWX 240910
CF6BAZ
PRELIMINARY LOCAL CLIMATOLOGICAL DATA (WS FORM: F-6)

                                          STATION:   NEW BRAUNFELS
                                          MONTH:     MAY
                                          YEAR:      2018
                                          LATITUDE:   29 43 N
                                          LONGITUDE:  98  3 W

  TEMPERATURE IN F:       :PCPN:    SNOW:  WIND      :SUNSHINE: SKY     :PK WND
================================================================================
1   2   3   4   5  6A  6B    7    8   9   10  11  12  13   14  15   16   17  18
                                     12Z  AVG MX 2MIN
DY MAX MIN AVG DEP HDD CDD  WTR  SNW DPTH SPD SPD DIR MIN PSBL S-S WX    SPD DR
================================================================================

 1  84  70  77   4   0  12    T    M    M 14.4 24 150   M    M  10 18     31 160
 2  91  72  82   9   0  17    T    M    M 15.9 28 150   M    M  10 18     35 150
 3  89  73  81   8   0  16 0.00    M    M 14.1 23 170   M    M   8 8      27 170
 4  75  63  69  -4   0   4 1.05    M    M 10.2 24  20   M    M  10 13     30  30
 5  86  59  73  -1   0   8 0.00    M    M  7.4 17  30   M    M   2 1      23  30
 6  89  54  72  -2   0   7 0.00    M    M  4.5 13  50   M    M   0        16  60
 7  90  54  72  -2   0   7 0.00    M    M  5.0 13 170   M    M   0        16 170
 8  90  57  74   0   0   9 0.00    M    M  9.2 15 160   M    M   0        21 200
 9  88  58  73  -1   0   8 0.00    M    M 10.0 20 160   M    M   3 128    29 150
10  90  62  76   1   0  11 0.00    M    M 10.8 20 150   M    M   4 18     27 180
11  91  66  79   4   0  14 0.00    M    M 14.4 22 170   M    M   4 18     28 160
12  92  68  80   5   0  15 0.00    M    M 11.9 21 140   M    M   5 18     26 150
13  93  73  83   8   0  18 0.00    M    M 10.6 17 150   M    M   6 18     22 150
14  91  73  82   6   0  17 0.00    M    M  9.6 14 170   M    M   5        22 170
15  91  71  81   5   0  16    T    M    M  8.2 22 230   M    M   5        26 210
16  95  63  79   3   0  14 0.00    M    M  6.2 17 150   M    M   0 12     22 160
17  96  62  79   3   0  14 0.00    M    M  6.8 15 150   M    M   0        20 150
18  97  63  80   4   0  15 0.00    M    M 10.7 23 140   M    M   3 128    29 140
19  94  71  83   6   0  18    T    M    M 13.6 25 170   M    M   6 18     32 150
20  89  68  79   2   0  14 0.98    M    M  9.7 24 100   M    M   5 13     30 110
21  87  68  78   1   0  13    T    M    M  5.0 17 140   M    M   5 18     20 150
22  91  68  80   3   0  15    T    M    M  6.5 22 130   M    M   5 1      27 140
23  92  67  80   2   0  15 0.00  0.0    0  4.5 23 120   M    M   5 128    27 120
================================================================================
SM 2071 1503         0 297  2.03     0.0 219.2          M      101
================================================================================
AV 90.0 65.4                               9.5 FASTST   M    M   4    MAX(MPH)
                                 MISC ---->  # 28 150               # 35  150
================================================================================
NOTES:
# LAST OF SEVERAL OCCURRENCES

COLUMN 17 PEAK WIND IN M.P.H.

PRELIMINARY LOCAL CLIMATOLOGICAL DATA (WS FORM: F-6) , PAGE 2

                                          STATION:  NEW BRAUNFELS
                                          MONTH:    MAY
                                          YEAR:     2018
                                          LATITUDE:   29 43 N
                                          LONGITUDE:  98  3 W

[TEMPERATURE DATA]      [PRECIPITATION DATA]       SYMBOLS USED IN COLUMN 16

AVERAGE MONTHLY: 77.7   TOTAL FOR MONTH:   2.03    1 = FOG OR MIST
DPTR FM NORMAL:   2.6   DPTR FM NORMAL:   -0.61    2 = FOG REDUCING VISIBILITY
HIGHEST:    97 ON 18    GRTST 24HR  1.05 ON  4- 4      TO 1/4 MILE OR LESS
LOWEST:     54 ON  7, 6                            3 = THUNDER
                        SNOW, ICE PELLETS, HAIL    4 = ICE PELLETS
                        TOTAL MONTH:   0.0 INCH    5 = HAIL
                        GRTST 24HR     0.0         6 = FREEZING RAIN OR DRIZZLE
                        GRTST DEPTH:   0           7 = DUSTSTORM OR SANDSTORM:
                                                       VSBY 1/2 MILE OR LESS
                                                   8 = SMOKE OR HAZE
[NO. OF DAYS WITH]      [WEATHER - DAYS WITH]      9 = BLOWING SNOW
                                                   X = TORNADO
MAX 32 OR BELOW:   0    0.01 INCH OR MORE:   2
MAX 90 OR ABOVE:  15    0.10 INCH OR MORE:   2
MIN 32 OR BELOW:   0    0.50 INCH OR MORE:   2
MIN  0 OR BELOW:   0    1.00 INCH OR MORE:   1

[HDD (BASE 65) ]
TOTAL THIS MO.     0    CLEAR  (SCALE 0-3)   7
DPTR FM NORMAL     0    PTCLDY (SCALE 4-7)  13
TOTAL FM JUL 1  1420    CLOUDY (SCALE 8-10)  3
DPTR FM NORMAL  -137

[CDD (BASE 65) ]
TOTAL THIS MO.   297
DPTR FM NORMAL    64    [PRESSURE DATA]
TOTAL FM JAN 1   574    HIGHEST SLP M ON M
DPTR FM NORMAL    92    LOWEST  SLP 29.65 ON 18

[REMARKS]
