000
CXUS54 KEWX 201010
CF6BAZ
PRELIMINARY LOCAL CLIMATOLOGICAL DATA (WS FORM: F-6)

                                          STATION:   NEW BRAUNFELS
                                          MONTH:     OCTOBER
                                          YEAR:      2020
                                          LATITUDE:   29 43 N
                                          LONGITUDE:  98  3 W

  TEMPERATURE IN F:       :PCPN:    SNOW:  WIND      :SUNSHINE: SKY     :PK WND
================================================================================
1   2   3   4   5  6A  6B    7    8   9   10  11  12  13   14  15   16   17  18
                                     12Z  AVG MX 2MIN
DY MAX MIN AVG DEP HDD CDD  WTR  SNW DPTH SPD SPD DIR MIN PSBL S-S WX    SPD DR
================================================================================

 1  93  54  74  -1   0   9 0.00    M    M  6.5 13 270   M    M   0        17 280
 2  86  57  72  -3   0   7 0.00    M    M  6.3 14  70   M    M   0        19  60
 3  88  55  72  -2   0   7 0.00    M    M  6.0 16 170   M    M   0        21 170
 4  91  57  74   0   0   9 0.00    M    M  5.1 16  70   M    M   1        23  70
 5  90  64  77   3   0  12 0.00    M    M  4.7 10 110   M    M   1        15  60
 6  90  62  76   2   0  11 0.00    M    M  2.6 10 220   M    M   2 128    14 200
 7  91  59  75   2   0  10 0.00    M    M  3.1 14  50   M    M   0 1      19  40
 8  88  59  74   1   0   9 0.00    M    M  7.3 14  40   M    M   4        21  80
 9  91  70  81   8   0  16 0.00    M    M  8.3 17  10   M    M   4        22 360
10  97  65  81   9   0  16 0.00    M    M  4.3 10 180   M    M   0 18     16 210
11  97  63  80   8   0  15 0.00    M    M  7.0 16 160   M    M   0 1      23 190
12  92  69  81   9   0  16 0.00    M    M  8.1 17  60   M    M   6 128    23  20
13  92  62  77   5   0  12 0.00    M    M  5.2 12  40   M    M   0        15  50
14  93  62  78   7   0  13 0.00    M    M  6.9 17 210   M    M   1        25 200
15  92  68  80   9   0  15 0.00    M    M 10.8 26  30   M    M   8        34  10
16  79  64  72   1   0   7 0.00    M    M 15.8 31  40   M    M   6        45  40
17  80  60  70  -1   0   5 0.04    M    M  5.4 15 140   M    M   8 18     20 190
18  93  71  82  12   0  17 0.00    M    M 12.2 21 210   M    M   4        30 220
19  94  72  83  13   0  18 0.00    M    M  9.5 18 180   M    M   4 18     26 210
================================================================================
SM 1717 1193         0 224  0.04    M    135.1          M       49
================================================================================
AV 90.4 62.8                               7.1 FASTST   M    M   3    MAX(MPH)
                                 MISC ---->  # 31  40               # 45   40
================================================================================
NOTES:
# LAST OF SEVERAL OCCURRENCES

COLUMN 17 PEAK WIND IN M.P.H.

PRELIMINARY LOCAL CLIMATOLOGICAL DATA (WS FORM: F-6) , PAGE 2

                                          STATION:  NEW BRAUNFELS
                                          MONTH:    OCTOBER
                                          YEAR:     2020
                                          LATITUDE:   29 43 N
                                          LONGITUDE:  98  3 W

[TEMPERATURE DATA]      [PRECIPITATION DATA]       SYMBOLS USED IN COLUMN 16

AVERAGE MONTHLY: 76.6   TOTAL FOR MONTH:   0.04    1 = FOG OR MIST
DPTR FM NORMAL:   4.1   DPTR FM NORMAL:   -2.69    2 = FOG REDUCING VISIBILITY
HIGHEST:    97 ON 11,10 GRTST 24HR  0.04 ON 17-17      TO 1/4 MILE OR LESS
LOWEST:     54 ON  1                               3 = THUNDER
                        SNOW, ICE PELLETS, HAIL    4 = ICE PELLETS
                        TOTAL MONTH:    M          5 = HAIL
                        GRTST 24HR    M  ON   M    6 = FREEZING RAIN OR DRIZZLE
                        GRTST DEPTH:  M  ON   M    7 = DUSTSTORM OR SANDSTORM:
                                                       VSBY 1/2 MILE OR LESS
                                                   8 = SMOKE OR HAZE
[NO. OF DAYS WITH]      [WEATHER - DAYS WITH]      9 = BLOWING SNOW
                                                   X = TORNADO
MAX 32 OR BELOW:   0    0.01 INCH OR MORE:   1
MAX 90 OR ABOVE:  14    0.10 INCH OR MORE:   0
MIN 32 OR BELOW:   0    0.50 INCH OR MORE:   0
MIN  0 OR BELOW:   0    1.00 INCH OR MORE:   0

[HDD (BASE 65) ]
TOTAL THIS MO.     0    CLEAR  (SCALE 0-3)  11
DPTR FM NORMAL   -11    PTCLDY (SCALE 4-7)   6
TOTAL FM JUL 1     0    CLOUDY (SCALE 8-10)  2
DPTR FM NORMAL   -12

[CDD (BASE 65) ]
TOTAL THIS MO.   224
DPTR FM NORMAL    70    [PRESSURE DATA]
TOTAL FM JAN 1  3549    HIGHEST SLP M ON M
DPTR FM NORMAL   707    LOWEST  SLP 29.72 ON  9

[REMARKS]
