000
CXUS56 KHNX 241146
CF6BFL
PRELIMINARY LOCAL CLIMATOLOGICAL DATA (WS FORM: F-6)

                                          STATION:   BAKERSFIELD CA
                                          MONTH:     MAY
                                          YEAR:      2020
                                          LATITUDE:   35 25 N
                                          LONGITUDE: 119  3 W

  TEMPERATURE IN F:       :PCPN:    SNOW:  WIND      :SUNSHINE: SKY     :PK WND
================================================================================
1   2   3   4   5  6A  6B    7    8   9   10  11  12  13   14  15   16   17  18
                                     12Z  AVG MX 2MIN
DY MAX MIN AVG DEP HDD CDD  WTR  SNW DPTH SPD SPD DIR MIN PSBL S-S WX    SPD DR
================================================================================

 1  81  55  68   1   0   3 0.00  0.0    0  4.2 15 290   M    M   0        19 310
 2  83  56  70   3   0   5 0.00  0.0    0  6.1 17 320   M    M   0        21 320
 3  80  56  68   1   0   3 0.00  0.0    0  7.4 17 320   M    M   1        21 320
 4  83  53  68   0   0   3 0.00  0.0    0  6.2 15 310   M    M   0        19 300
 5  87  54  71   3   0   6 0.00  0.0    0  6.4 16 290   M    M   0        20 310
 6  81  58  70   2   0   5 0.00  0.0    0  5.9 13 320   M    M   0        18 300
 7  89  59  74   6   0   9 0.00  0.0    0  5.2 13 330   M    M   0        18 270
 8  95  63  79  10   0  14 0.00  0.0    0  5.5 13 270   M    M   0        18 300
 9  98  66  82  13   0  17 0.00  0.0    0  7.3 15 310   M    M   0        19 310
10  95  67  81  12   0  16 0.00  0.0    0 10.5 24 330   M    M   0        27 320
11  86  57  72   3   0   7 0.00  0.0    0  8.8 24 310   M    M   0        28 310
12  80  57  69  -1   0   4 0.01  0.0    0  9.5 21 310   M    M   4        28 310
13  77  54  66  -4   0   1 0.00  0.0    0  8.4 17 300   M    M   2        24 320
14  80  54  67  -3   0   2 0.00  0.0    0  8.7 21 320   M    M   0        26 320
15  80  56  68  -2   0   3 0.00  0.0    0  6.6 16 320   M    M   1        23 300
16  84  59  72   1   0   7 0.00  0.0    0  4.8 13 290   M    M   0        20 300
17  89  58  74   3   0   9 0.00  0.0    0  9.8 22 290   M    M   2        26 290
18  78  58  68  -3   0   3 0.15  0.0    0 11.9 23 310   M    M   8 1      29 310
19  73  54  64  -7   1   0    T  0.0    0  8.1 17 320   M    M   5        27 330
20  79  53  66  -6   0   1 0.00  0.0    0  5.7 17 340   M    M   0        22 330
21  85  55  70  -2   0   5 0.00  0.0    0  4.3 14 280   M    M   0        19 290
22  87  58  73   1   0   8 0.00  0.0    0  8.1 21 340   M    M   0        26 360
23  84  56  70  -2   0   5 0.00  0.0    0  6.1 17 310   M    M   0        21 290
================================================================================
SM 1934 1316         1 136  0.16     0.0 165.5          M       23
================================================================================
AV 84.1 57.2                               7.2 FASTST   M    M   1    MAX(MPH)
                                 MISC ---->  # 24 330               # 29  310
================================================================================
NOTES:
# LAST OF SEVERAL OCCURRENCES

COLUMN 17 PEAK WIND IN M.P.H.

PRELIMINARY LOCAL CLIMATOLOGICAL DATA (WS FORM: F-6) , PAGE 2

                                          STATION:  BAKERSFIELD CA
                                          MONTH:    MAY
                                          YEAR:     2020
                                          LATITUDE:   35 25 N
                                          LONGITUDE: 119  3 W

[TEMPERATURE DATA]      [PRECIPITATION DATA]       SYMBOLS USED IN COLUMN 16

AVERAGE MONTHLY: 70.7   TOTAL FOR MONTH:   0.16    1 = FOG OR MIST
DPTR FM NORMAL:   1.0   DPTR FM NORMAL:    0.01    2 = FOG REDUCING VISIBILITY
HIGHEST:    98 ON  9    GRTST 24HR  0.15 ON 18-18      TO 1/4 MILE OR LESS
LOWEST:     53 ON 20, 4                            3 = THUNDER
                        SNOW, ICE PELLETS, HAIL    4 = ICE PELLETS
                        TOTAL MONTH:   0.0 INCH    5 = HAIL
                        GRTST 24HR     0.0         6 = FREEZING RAIN OR DRIZZLE
                        GRTST DEPTH:   0           7 = DUSTSTORM OR SANDSTORM:
                                                       VSBY 1/2 MILE OR LESS
                                                   8 = SMOKE OR HAZE
[NO. OF DAYS WITH]      [WEATHER - DAYS WITH]      9 = BLOWING SNOW
                                                   X = TORNADO
MAX 32 OR BELOW:   0    0.01 INCH OR MORE:   2
MAX 90 OR ABOVE:   3    0.10 INCH OR MORE:   1
MIN 32 OR BELOW:   0    0.50 INCH OR MORE:   0
MIN  0 OR BELOW:   0    1.00 INCH OR MORE:   0

[HDD (BASE 65) ]
TOTAL THIS MO.     1    CLEAR  (SCALE 0-3)  20
DPTR FM NORMAL   -28    PTCLDY (SCALE 4-7)   3
TOTAL FM JUL 1  1748    CLOUDY (SCALE 8-10)  0
DPTR FM NORMAL  -423

[CDD (BASE 65) ]
TOTAL THIS MO.   136
DPTR FM NORMAL     2    [PRESSURE DATA]
TOTAL FM JAN 1   235    HIGHEST SLP M ON M
DPTR FM NORMAL    35    LOWEST  SLP 29.76 ON  9

[REMARKS]
